[Wed Oct 08 11:30:38.983534 2025] [php7:error] [pid 6980:tid 1008] [client 167.99.0.155:35218] script 'C:/wamp64/www/get.php' not found or unable to stat
[Wed Oct 08 11:33:06.069837 2025] [php7:error] [pid 6980:tid 932] [client 172.232.159.13:40758] script 'C:/wamp64/www/menu.php' not found or unable to stat
[Wed Oct 08 12:19:01.670396 2025] [cgi:error] [pid 6980:tid 936] [client 144.172.110.200:39894] AH02811: script not found or unable to stat: C:/wamp64/bin/apache/apache2.4.41/cgi-bin/luci
[Wed Oct 08 18:52:45.140765 2025] [php7:error] [pid 6980:tid 932] [client 143.198.101.17:52694] script 'C:/wamp64/www/get.php' not found or unable to stat
[Thu Oct 09 01:51:12.077575 2025] [cgi:error] [pid 6980:tid 924] [client 217.154.251.149:39804] AH02811: script not found or unable to stat: C:/wamp64/bin/apache/apache2.4.41/cgi-bin/luci
[Thu Oct 09 15:17:38.795352 2025] [php7:error] [pid 6980:tid 924] [client 167.71.225.166:37252] script 'C:/wamp64/www/get.php' not found or unable to stat
[Fri Oct 10 14:02:05.202110 2025] [php7:error] [pid 6980:tid 1008] [client 162.243.108.32:33178] script 'C:/wamp64/www/get.php' not found or unable to stat
[Fri Oct 10 15:32:57.045999 2025] [php7:error] [pid 6980:tid 924] [client 192.241.152.236:36646] script 'C:/wamp64/www/get.php' not found or unable to stat
[Sat Oct 11 00:15:49.094100 2025] [php7:error] [pid 6980:tid 984] [client 43.133.146.123:53092] script 'C:/wamp64/www/nvidia_license_upd.php' not found or unable to stat
[Sat Oct 11 00:16:05.686982 2025] [php7:error] [pid 6980:tid 808] [client 43.133.146.123:43158] script 'C:/wamp64/www/nation.php' not found or unable to stat
[Sat Oct 11 00:16:46.093846 2025] [php7:error] [pid 6980:tid 856] [client 43.133.146.123:51028] script 'C:/wamp64/www/login.php' not found or unable to stat
[Sat Oct 11 13:22:16.903835 2025] [php7:error] [pid 6980:tid 744] [client 174.138.62.125:60196] script 'C:/wamp64/www/get.php' not found or unable to stat
[Sun Oct 12 01:14:33.296928 2025] [php7:error] [pid 6980:tid 924] [client 162.243.195.167:52408] script 'C:/wamp64/www/get.php' not found or unable to stat
[Sun Oct 12 10:32:54.718931 2025] [php7:error] [pid 6980:tid 924] [client 134.122.78.7:40092] script 'C:/wamp64/www/get.php' not found or unable to stat
[Sun Oct 12 15:44:07.327892 2025] [php7:error] [pid 6980:tid 924] [client 35.216.220.254:35876] script 'C:/wamp64/www/info.php' not found or unable to stat
[Mon Oct 13 09:21:10.712083 2025] [php7:error] [pid 6980:tid 924] [client 159.89.194.211:36328] script 'C:/wamp64/www/get.php' not found or unable to stat
[Mon Oct 13 21:17:13.500254 2025] [authz_core:error] [pid 6980:tid 904] [client 157.55.39.203:61868] AH01630: client denied by server configuration: C:/wamp64/apps/phpmyadmin4.9.2/
[Tue Oct 14 07:47:31.030390 2025] [php7:error] [pid 6980:tid 744] [client 178.128.210.178:40904] script 'C:/wamp64/www/get.php' not found or unable to stat
[Tue Oct 14 13:46:30.469045 2025] [php7:error] [pid 6980:tid 864] [client 52.167.144.180:44271] script 'C:/wamp64/www/WaterCat/index.php' not found or unable to stat
[Tue Oct 14 15:50:45.862636 2025] [authz_core:error] [pid 6980:tid 704] [client 114.119.134.51:54017] AH01630: client denied by server configuration: C:/wamp64/apps/phpsysinfo3.3.1/, referer: http://210.212.226.241:8080/index.php
[Tue Oct 14 15:52:09.453276 2025] [authz_core:error] [pid 6980:tid 704] [client 114.119.154.181:41495] AH01630: client denied by server configuration: C:/wamp64/apps/phpmyadmin4.9.2/, referer: http://210.212.226.241:8080/index.php
[Tue Oct 14 19:38:10.452134 2025] [core:error] [pid 6980:tid 744] (20024)The given path is misformatted or contained invalid characters: [client 93.123.109.222:40630] AH00127: Cannot map GET /weblogin.htm%22;f.sUserName.focus%28%29;if%28sUser_mgt_End==%22%22%29%7Bif%28mode%29%7Bswitch%28mode%29%7Bcase%203:%20if%28iFrmLgErr==4%29%7Berrmsg.innerHTML=TR%28%22User%20Mode%20is%20off%20now.%22%29;%7Delse%20if%28iFrmLgErr==5%29%7Berrmsg.innerHTML=TR%28%22Wrong%20validation%20code%21%22%29;%7Delse%7Berrmsg.innerHTML=TR%28%22The%20username%20or%20password%20you%20entered%20is%20incorrect.%22%29;%7Dbreak;case%204:%20errmsg.innerHTML=TR%28%22Reach%20the%20maximum%20login%20number.%20Try%20another%20user%20account.%22%29;break;case%205:%20errmsg.innerHTML=TR%28%22No%20available%20buffer%20now.%20Please%20contact%20with%20your%20administrator%22%29;break;case%206:%20errmsg.innerHTML=TR%28%22The%20username%20or%20password%20you%20entered%20is%20incorrect.%22%29;break;case%207:errmsg.innerHTML=TR%28%22User%20account%20is%20not%20enabled%20now.%22%29;break;case%208:errmsg.innerHTML=TR%28%22You%20aren%27t%20allowed%20to%20access%20internet%20%28out%20of%20schedule%29.%22%29;break;case%209:errmsg.innerHTML=TR%28%22User%20login%20denied%20from%20http%20protocol.%20Please%20contact%20with%20your%20administrator%22%29;break;case%2010:errmsg.innerHTML=TR%28%22The%20user%20ran%20out%20of%20time%20quota.%22%29;break;case%2011:errmsg.innerHTML=TR%28%22The%20user%20ran%20out%20of%20data%20quota.%22%29;break;case%2012:errmsg.innerHTML=TR%28%22Wrong%20user%20account.%20Please%20contact%20with%20your%20administrator.%22%29;break;default:if%28iFrmLgErr==2%29errmsg.innerHTML=TR%28%22The%20username%20or%20password%20you%20entered%20is%20incorrect.%22%29;break;%7D%7Delse%20if%28iFrmLgErr==2%29%7Berrmsg.innerHTML=TR%28%22The%20username%20or%20password%20you%20entered%20is%20incorrect.%22%29;%7Delse%20if%28iFrmLgErr==4%29%7Berrmsg.innerHTML=TR%28%22User%20Mode%20is%20off%20now.%22%29;%7Delse%20if%28iFrmLgErr==5%29%7Berrmsg.innerHTML=TR%28%22Wrong%20validation%20code%21%22%29;%7D%7Delse%20if%28iFrmLgErr==2%29%7Berrmsg.innerHTML=TR%28%22The%20username%20or%20password%20you%20entered%20is%20incorrect.%22%29;%7Delse%20if%28iFrmLgErr==4%29%7Berrmsg.innerHTML=TR%28%22User%20Mode%20is%20off%20now.%22%29;%7Delse%20if%28iFrmLgErr==5%29%7Berrmsg.innerHTML=TR%28%22Wrong%20validation%20code%21%22%29;%7Dif%28sValidatedCode%21=%22%22%29%7BshowElmtByClass%28document,%22tr%22,%22sValidatedCode%22%29;%7Dif%28%27https:%27%21=document.location.protocol%29%7Bdocument.getElementById%28%22warning%22%29.style.display=%22%22;%7Delse%7Bdocument.getElementById%28%22warning%22%29.style.display=%22none%22;%7D%20for%28var%20d=0;d%3Cdocument.forms.length;d++%29%7B%20for%28var%20e=0;e%3Cdocument.forms%5Bd%5D.elements.length;e++%29%7Baddhandlers%28document.forms%5Bd%5D.elements%5Be%5D%29;%7D%7D%7Dfunction%20HttpsLogin%28%29%7Bvar%20url=window.location.href;var%20new_url=url;var%20dport=443;url=url.replace%28%22http://%22,%22https://%22%29;if%28url.split%28%22:%22%29.length==3%29%7B%20new_url=url.split%28%22:%22%29%5B0%5D+%22:%22+url.split%28%22:%22%29%5B1%5D+%22:%22+dport;%7Delse%20if%28url.split%28%22:%22%29.length==2%29%7B%20var%20tmp=url.split%28%22:%22%29%5B1%5D.split%28%22/%22%29;new_url=url.split%28%22:%22%29%5B0%5D+%22://%22+tmp%5B2%5D+%22:%22+dport;%7Dwindow.location.href=new_url;%7Dfunction%20initParameter%28%29%7Bif%28sUser_mgt_End==%22%22%29%7Bsrc_ip=%27%27;target_url=%27%27;mode=6;fw_set=0;fw_rule=0;%7D%7Dfunction%20encode%28instr%29%7Bvar%20keyStr=%22ABCDEFGHIJKLMNOPQRSTUVWXYZabcdefghijklmnopqrstuvwxyz0123456789+/=%22;var%20outstr=%22%22;var%20chr1,chr2,chr3=%22%22;var%20enc1,enc2,enc3,enc4=%22%22;var%20i=0;do%7Bchr1=instr.charCodeAt%28i++%29;chr2=instr.charCodeAt%28i++%29;chr3=instr.charCodeAt%28i++%29;enc1=chr1%3E%3E2;enc2=%28%28chr1&3%29%3C%3C4%29%7C%28chr2%3E%3E4%29;enc3=%28%28chr2&15%29%3C%3C2%29%7C%28chr3%3E%3E6%29;enc4=chr3&63;if%28isNaN%28chr2%29%29%7Benc3=enc4=64;%7Delse%20if%28isNaN%28chr3%29%29%7Benc4=64;%7Doutstr=outstr+keyStr.charAt%28enc1%29+keyStr.charAt%28enc2%29+keyStr.charAt%28enc3%29+keyStr.charAt%28enc4%29;chr1=chr2=chr3=%22%22;enc1=enc2=enc3=enc4=%22%22;%7Dwhile%28i%3Cinstr.length%29;return%20outstr;%7Dfunction%20submitPara%28%29%7Bvar%20frmSub=document.frmSub;var%20fwElmIdx=2;frmSub.method=%22post%22;frmSub.action=%22cgi-bin/wlogin.cgi%22;frmSub%5B0%5D.name=%22aa%22;frmSub%5B0%5D.value=encode%28f.sUserName.value%29;frmSub%5B1%5D.name=%22ab%22;frmSub%5B1%5D.value=encode%28f.sSysPass.value%29;%20if%28sUser_mgt_End==%22%22&&mode%21=0%29%7BfrmSub%5B2%5D.name=%22src_ip%22;frmSub%5B2%5D.value=src_ip;frmSub%5B3%5D.name=%22target_url%22;frmSub%5B3%5D.value=target_url;frmSub%5B4%5D.name=%22mode%22;frmSub%5B4%5D.value=mode;frmSub%5B5%5D.name=%22fw_set%22;frmSub%5B5%5D.value=fw_set;frmSub%5B6%5D.name=%22fw_rule%22;frmSub%5B6%5D.value=fw_rule;fwElmIdx=7;%7Dif%28enSSlgrp==%22%22%7C%7CenAdminAuth==%22%22%29%7BfrmSub%5BfwElmIdx%5D.name=%22sslgroup%22;frmSub%5BfwElmIdx%5D.value=f.sltsslgrp.value;%7Dif%28sValidatedCode%21=%22%22%29%7BfwElmIdx++;frmSub%5BfwElmIdx%5D.name=%22sVerifCode%22;frmSub%5BfwElmIdx%5D.value=document.getElementById%28%22validated_code%22%29.value;fwElmIdx++;frmSub%5BfwElmIdx%5D.name=%22sValidatedCodeNum%22;frmSub%5BfwElmIdx%5D.value=sValidatedCodeNum;%7DfrmSub%5Bform_num%5D.name=%22sFormAuthStr%22;frmSub%5Bform_num%5D.value=randomString%2815%29;frmSub.submit%28%29;%7Dfunction%20randomString%28len%29%7Bvar%20chars=%27ABCDEFGHJKMNPQRSTWXYZabcdefhijkmnprstwxyz2345678%27;var%20maxPos=chars.length;var%20pwd=%27%27;for%28i=0;i%3Clen;i++%29%7Bpwd+=chars.charAt%28Math.floor%28Math.random%28%29%2AmaxPos%29%29;%7Dreturn%20pwd;%7Dfunction%20handler%28_e%29%7Bvar%20e=_e,elmt,type;if%28isNav%29%7Belmt=e.target;type=e.type;keycode=e.which;%7Dif%28isIE%7C%7CisOpr%29%7Be=window.event;elmt=e.srcElement;type=e.type;keycode=e.keyCode;%7D%20if%28isIE%29%7Bif%28elmt.type==%22text%22%29e.cancelBubble=false;else%20e.cancelBubble=true;%7Dif%28elmt==f.btnOk&&type==%22click%22%29%7BsubmitPara%28%29;%7Dif%28elmt%21=f.btnOk&&type==%22keydown%22%29%7Bif%28keycode==13%29%7B%20e.returnValue=false;submitPara%28%29;%7D%7D%7D%20function%20addhandlers%28_o%29%7Bvar%20o=_o;o.onclick=handler;o.onkeydown=handler;%7Dfunction%20ClearCookies%28%29%7Bvar%20temp=document.cookie.split%28%22;%22%29;var%20ts;for%28var%20i=0;;i++%29%7Bif%28%21temp%5Bi%5D%29break;ts=temp%5Bi%5D.split%28%22=%22%29%5B0%5D;DeleteCookie%28ts%29;%7D%7Dfunction%20GetCookieVal%28offset%29%7Bvar%20endstr=document.cookie.indexOf%28%22;%22,offset%29;if%28endstr==-1%29endstr=document.cookie.length;return%20unescape%28document.cookie.substring%28offset,endstr%29%29;%7Dfunction%20GetCookie%28name%29%7Bvar%20arg=name+%22=%22;var%20alen=arg.length;var%20clen=document.cookie.length;var%20i=0;while%28i%3Cclen%29%7Bvar%20j=i+alen;if%28document.cookie.substring%28i,j%29==arg%29return%20GetCookieVal%28j%29;i=document.cookie.indexOf%28%22%20%22,i%29+1;if%28i==0%29break;%7Dreturn%20null;%7Dfunction%20DeleteCookie%28name%29%7Bvar%20exp=new%20Date%28%29;exp.setTime%28exp.getTime%28%29-1%29;var%20cval=GetCookie%28name%29;document.cookie=name+%22=%22+cval+%22;%20expires= HTTP/1.1 to file
[Tue Oct 14 20:53:27.826831 2025] [php7:error] [pid 6980:tid 804] [client 64.227.169.184:58322] script 'C:/wamp64/www/get.php' not found or unable to stat
[Wed Oct 15 09:03:48.437260 2025] [php7:error] [pid 6980:tid 904] [client 134.122.83.236:52788] script 'C:/wamp64/www/get.php' not found or unable to stat
[Wed Oct 15 11:30:46.609187 2025] [authz_core:error] [pid 6980:tid 864] [client 114.119.132.104:63985] AH01630: client denied by server configuration: C:/wamp64/apps/adminer4.7.5/, referer: http://210.212.226.241:8080/index.php
[Thu Oct 16 06:42:30.920395 2025] [php7:error] [pid 6980:tid 864] [client 143.198.68.22:49436] script 'C:/wamp64/www/get.php' not found or unable to stat
[Thu Oct 16 11:22:01.655629 2025] [cgi:error] [pid 6980:tid 704] [client 31.57.106.233:42402] AH02811: script not found or unable to stat: C:/wamp64/bin/apache/apache2.4.41/cgi-bin/luci
[Thu Oct 16 13:19:31.171513 2025] [cgi:error] [pid 6980:tid 704] [client 167.99.253.24:40940] AH02811: script not found or unable to stat: C:/wamp64/bin/apache/apache2.4.41/cgi-bin/authLogin.cgi
[Fri Oct 17 04:48:29.140522 2025] [php7:error] [pid 6980:tid 968] [client 64.227.135.20:47464] script 'C:/wamp64/www/get.php' not found or unable to stat
[Fri Oct 17 07:08:06.390355 2025] [authz_core:error] [pid 6980:tid 968] [client 47.114.110.18:65013] AH01630: client denied by server configuration: C:/wamp64/apps/phpmyadmin4.9.2/index.php
[Fri Oct 17 09:10:43.436562 2025] [php7:error] [pid 6980:tid 968] [client 27.74.251.194:58448] script 'C:/wamp64/www/wp-login.php' not found or unable to stat
[Fri Oct 17 18:03:19.106264 2025] [core:error] [pid 6980:tid 924] [client 185.91.69.5:40938] AH00126: Invalid URI in request GET stager64 HTTP/1.1
[Fri Oct 17 23:28:29.421807 2025] [cgi:error] [pid 6980:tid 936] [client 124.198.131.83:52028] AH02811: script not found or unable to stat: C:/wamp64/bin/apache/apache2.4.41/cgi-bin/luci
[Fri Oct 17 23:28:31.425701 2025] [php7:error] [pid 6980:tid 704] [client 124.198.131.83:55636] script 'C:/wamp64/www/diagnostic.php' not found or unable to stat
[Sat Oct 18 05:12:13.718747 2025] [php7:error] [pid 6980:tid 904] [client 67.207.84.119:50616] script 'C:/wamp64/www/get.php' not found or unable to stat
[Sat Oct 18 05:26:09.796857 2025] [authz_core:error] [pid 6980:tid 904] [client 176.65.149.218:49644] AH01630: client denied by server configuration: C:/wamp64/apps/phpmyadmin4.9.2/scripts
[Sat Oct 18 05:26:10.265612 2025] [authz_core:error] [pid 6980:tid 904] [client 176.65.149.218:49644] AH01630: client denied by server configuration: C:/wamp64/apps/phpmyadmin4.9.2/scripts
[Sat Oct 18 05:26:16.452421 2025] [php7:error] [pid 6980:tid 904] [client 176.65.149.218:35210] script 'C:/wamp64/www/setup.php' not found or unable to stat
[Sat Oct 18 05:26:16.608677 2025] [authz_core:error] [pid 6980:tid 904] [client 176.65.149.218:35210] AH01630: client denied by server configuration: C:/wamp64/apps/phpmyadmin4.9.2/scripts
[Sat Oct 18 05:26:18.530650 2025] [authz_core:error] [pid 6980:tid 904] [client 176.65.149.218:35210] AH01630: client denied by server configuration: C:/wamp64/apps/phpmyadmin4.9.2/config.user.inc.php
[Sat Oct 18 05:47:14.969825 2025] [php7:error] [pid 6980:tid 904] [client 170.64.181.39:60476] script 'C:/wamp64/www/get.php' not found or unable to stat
[Sat Oct 18 22:00:12.984159 2025] [authz_core:error] [pid 6980:tid 804] [client 157.55.39.7:29812] AH01630: client denied by server configuration: C:/wamp64/apps/phpmyadmin4.9.2/
[Sun Oct 19 03:18:58.404931 2025] [php7:error] [pid 6980:tid 704] [client 147.182.196.123:56968] script 'C:/wamp64/www/get.php' not found or unable to stat
[Sun Oct 19 03:41:00.062445 2025] [core:error] [pid 6980:tid 804] (22)Invalid argument: [client 98.82.186.4:63731] AH00127: Cannot map POST /%C0 HTTP/1.1 to file
[Sun Oct 19 18:51:23.326629 2025] [cgi:error] [pid 6980:tid 804] [client 45.156.128.157:44521] AH02811: script not found or unable to stat: C:/wamp64/bin/apache/apache2.4.41/cgi-bin/authLogin.cgi
[Sun Oct 19 18:53:02.687766 2025] [cgi:error] [pid 6980:tid 804] [client 45.156.128.156:46984] AH02811: script not found or unable to stat: C:/wamp64/bin/apache/apache2.4.41/cgi-bin/php-cgi.exe
[Sun Oct 19 18:54:09.562359 2025] [php7:error] [pid 6980:tid 804] [client 45.156.128.159:37879] script 'C:/wamp64/www/status.php' not found or unable to stat
[Sun Oct 19 18:54:18.711577 2025] [cgi:error] [pid 6980:tid 1008] [client 45.156.128.159:40055] AH02811: script not found or unable to stat: C:/wamp64/bin/apache/apache2.4.41/cgi-bin/main.pl
[Sun Oct 19 20:59:10.702499 2025] [authz_core:error] [pid 6980:tid 744] [client 114.119.132.202:35249] AH01630: client denied by server configuration: C:/wamp64/apps/phpsysinfo3.3.1/, referer: http://210.212.226.241:8080/index.php
[Sun Oct 19 23:32:56.858201 2025] [php7:error] [pid 6980:tid 744] [client 162.243.39.243:60660] script 'C:/wamp64/www/get.php' not found or unable to stat
[Mon Oct 20 01:10:04.108635 2025] [authz_core:error] [pid 6980:tid 744] [client 114.119.132.202:35251] AH01630: client denied by server configuration: C:/wamp64/apps/phpmyadmin4.9.2/, referer: http://210.212.226.241:8080/index.php
[Mon Oct 20 19:24:28.718423 2025] [cgi:error] [pid 6980:tid 804] [client 87.120.191.84:59146] AH02811: script not found or unable to stat: C:/wamp64/bin/apache/apache2.4.41/cgi-bin/luci
[Mon Oct 20 20:35:29.967516 2025] [php7:error] [pid 6980:tid 932] [client 167.99.44.61:33224] script 'C:/wamp64/www/get.php' not found or unable to stat
[Tue Oct 21 00:01:46.295491 2025] [cgi:error] [pid 6980:tid 936] [client 124.198.131.83:51760] AH02811: script not found or unable to stat: C:/wamp64/bin/apache/apache2.4.41/cgi-bin/luci
[Tue Oct 21 00:01:48.327815 2025] [php7:error] [pid 6980:tid 856] [client 124.198.131.83:51812] script 'C:/wamp64/www/diagnostic.php' not found or unable to stat
[Tue Oct 21 03:32:05.873708 2025] [cgi:error] [pid 6980:tid 856] [client 124.198.131.83:34860] AH02811: script not found or unable to stat: C:/wamp64/bin/apache/apache2.4.41/cgi-bin/luci
[Tue Oct 21 03:32:07.827302 2025] [php7:error] [pid 6980:tid 936] [client 124.198.131.83:34926] script 'C:/wamp64/www/diagnostic.php' not found or unable to stat
[Tue Oct 21 11:14:51.970618 2025] [cgi:error] [pid 6980:tid 804] [client 5.253.86.217:17538] AH02811: script not found or unable to stat: C:/wamp64/bin/apache/apache2.4.41/cgi-bin/luci
[Tue Oct 21 11:17:59.745178 2025] [cgi:error] [pid 6980:tid 936] [client 45.153.34.156:46680] AH02811: script not found or unable to stat: C:/wamp64/bin/apache/apache2.4.41/cgi-bin/luci
[Tue Oct 21 11:18:01.188359 2025] [php7:error] [pid 6980:tid 864] [client 45.153.34.156:46740] script 'C:/wamp64/www/diagnostic.php' not found or unable to stat
[Tue Oct 21 11:26:44.906354 2025] [cgi:error] [pid 6980:tid 864] [client 5.253.86.217:46008] AH02811: script not found or unable to stat: C:/wamp64/bin/apache/apache2.4.41/cgi-bin/luci
[Tue Oct 21 15:51:03.029673 2025] [authz_core:error] [pid 6980:tid 968] [client 114.119.132.202:35259] AH01630: client denied by server configuration: C:/wamp64/apps/adminer4.7.5/, referer: http://210.212.226.241:8080/index.php
[Tue Oct 21 16:02:37.061331 2025] [php7:error] [pid 6980:tid 864] [client 46.101.161.113:57520] script 'C:/wamp64/www/get.php' not found or unable to stat
[Tue Oct 21 20:05:31.939768 2025] [php7:error] [pid 6980:tid 796] [client 170.64.233.170:50978] script 'C:/wamp64/www/get.php' not found or unable to stat
[Wed Oct 22 14:26:43.326556 2025] [cgi:error] [pid 6980:tid 968] [client 164.92.233.210:4844] AH02811: script not found or unable to stat: C:/wamp64/bin/apache/apache2.4.41/cgi-bin/authLogin.cgi
[Wed Oct 22 14:42:11.397991 2025] [cgi:error] [pid 6980:tid 864] [client 207.154.210.23:62098] AH02811: script not found or unable to stat: C:/wamp64/bin/apache/apache2.4.41/cgi-bin/authLogin.cgi
[Wed Oct 22 16:42:21.984401 2025] [php7:error] [pid 6980:tid 856] [client 134.209.226.192:57894] script 'C:/wamp64/www/get.php' not found or unable to stat
[Wed Oct 22 21:24:20.232919 2025] [php7:error] [pid 6980:tid 856] [client 205.210.31.144:58808] script 'C:/wamp64/www/phpinfo.php' not found or unable to stat
[Wed Oct 22 22:25:14.827911 2025] [php7:error] [pid 6980:tid 856] [client 205.210.31.40:58892] script 'C:/wamp64/www/phpinfo.php' not found or unable to stat
[Thu Oct 23 06:31:37.708136 2025] [php7:error] [pid 6980:tid 856] [client 172.232.159.13:46752] script 'C:/wamp64/www/login.php' not found or unable to stat
[Thu Oct 23 06:31:38.077280 2025] [cgi:error] [pid 6980:tid 856] [client 172.232.159.13:46768] AH02811: script not found or unable to stat: C:/wamp64/bin/apache/apache2.4.41/cgi-bin/info.cgi
[Thu Oct 23 06:31:39.749035 2025] [core:error] [pid 6980:tid 804] [client 172.232.159.13:46974] AH00126: Invalid URI in request GET default.asp HTTP/1.1
[Thu Oct 23 06:31:44.719205 2025] [cgi:error] [pid 6980:tid 936] [client 172.232.159.13:52440] AH02811: script not found or unable to stat: C:/wamp64/bin/apache/apache2.4.41/cgi-bin/authLogin.cgi
[Thu Oct 23 06:31:45.421338 2025] [php7:error] [pid 6980:tid 936] [client 172.232.159.13:52510] script 'C:/wamp64/www/admin.php' not found or unable to stat
[Thu Oct 23 13:34:43.217501 2025] [php7:error] [pid 6980:tid 864] [client 143.198.186.0:58136] script 'C:/wamp64/www/get.php' not found or unable to stat
[Thu Oct 23 16:56:52.250398 2025] [cgi:error] [pid 6980:tid 864] [client 193.142.147.209:50972] AH02811: script not found or unable to stat: C:/wamp64/bin/apache/apache2.4.41/cgi-bin/luci
[Thu Oct 23 20:49:56.514801 2025] [cgi:error] [pid 6980:tid 864] [client 193.142.147.209:46352] AH02811: script not found or unable to stat: C:/wamp64/bin/apache/apache2.4.41/cgi-bin/luci
[Thu Oct 23 22:22:20.061447 2025] [php7:error] [pid 6980:tid 924] [client 147.185.132.49:58084] script 'C:/wamp64/www/phpinfo.php' not found or unable to stat
[Fri Oct 24 01:53:24.889035 2025] [cgi:error] [pid 6980:tid 804] [client 193.142.147.209:51228] AH02811: script not found or unable to stat: C:/wamp64/bin/apache/apache2.4.41/cgi-bin/luci
[Fri Oct 24 02:24:17.874461 2025] [php7:error] [pid 6980:tid 924] [client 159.65.99.140:49400] script 'C:/wamp64/www/get.php' not found or unable to stat
[Fri Oct 24 05:41:30.561803 2025] [cgi:error] [pid 6980:tid 924] [client 193.142.147.209:1276] AH02811: script not found or unable to stat: C:/wamp64/bin/apache/apache2.4.41/cgi-bin/luci
[Fri Oct 24 07:30:22.718036 2025] [cgi:error] [pid 6980:tid 864] [client 193.142.147.209:37070] AH02811: script not found or unable to stat: C:/wamp64/bin/apache/apache2.4.41/cgi-bin/luci
[Fri Oct 24 08:52:58.311612 2025] [cgi:error] [pid 6980:tid 804] [client 193.142.147.209:5158] AH02811: script not found or unable to stat: C:/wamp64/bin/apache/apache2.4.41/cgi-bin/luci
[Fri Oct 24 09:21:03.982902 2025] [php7:error] [pid 6980:tid 804] [client 165.227.238.105:36178] script 'C:/wamp64/www/get.php' not found or unable to stat
[Fri Oct 24 10:06:25.546543 2025] [cgi:error] [pid 6980:tid 804] [client 193.142.147.209:14264] AH02811: script not found or unable to stat: C:/wamp64/bin/apache/apache2.4.41/cgi-bin/luci
[Fri Oct 24 11:27:38.155714 2025] [cgi:error] [pid 6980:tid 804] [client 193.142.147.209:2960] AH02811: script not found or unable to stat: C:/wamp64/bin/apache/apache2.4.41/cgi-bin/luci
[Fri Oct 24 12:59:51.382403 2025] [cgi:error] [pid 6980:tid 804] [client 193.142.147.209:16202] AH02811: script not found or unable to stat: C:/wamp64/bin/apache/apache2.4.41/cgi-bin/luci
[Fri Oct 24 14:34:02.327377 2025] [cgi:error] [pid 6980:tid 936] [client 193.142.147.209:51094] AH02811: script not found or unable to stat: C:/wamp64/bin/apache/apache2.4.41/cgi-bin/luci
[Fri Oct 24 15:46:37.858133 2025] [cgi:error] [pid 6980:tid 936] [client 193.142.147.209:31660] AH02811: script not found or unable to stat: C:/wamp64/bin/apache/apache2.4.41/cgi-bin/luci
[Fri Oct 24 18:17:27.296202 2025] [cgi:error] [pid 6980:tid 936] [client 193.142.147.209:24586] AH02811: script not found or unable to stat: C:/wamp64/bin/apache/apache2.4.41/cgi-bin/luci
[Fri Oct 24 19:36:36.812157 2025] [cgi:error] [pid 6980:tid 936] [client 193.142.147.209:44704] AH02811: script not found or unable to stat: C:/wamp64/bin/apache/apache2.4.41/cgi-bin/luci
[Fri Oct 24 19:49:16.264099 2025] [cgi:error] [pid 6980:tid 936] [client 217.154.201.105:42258] AH02811: script not found or unable to stat: C:/wamp64/bin/apache/apache2.4.41/cgi-bin/main-cgi
[Fri Oct 24 21:11:36.312680 2025] [cgi:error] [pid 6980:tid 936] [client 193.142.147.209:31130] AH02811: script not found or unable to stat: C:/wamp64/bin/apache/apache2.4.41/cgi-bin/luci
[Fri Oct 24 22:03:30.108500 2025] [authz_core:error] [pid 6980:tid 936] [client 40.77.167.155:24452] AH01630: client denied by server configuration: C:/wamp64/apps/phpmyadmin4.9.2/
[Fri Oct 24 22:29:08.202335 2025] [cgi:error] [pid 6980:tid 936] [client 193.142.147.209:30660] AH02811: script not found or unable to stat: C:/wamp64/bin/apache/apache2.4.41/cgi-bin/luci
[Fri Oct 24 23:09:36.761242 2025] [php7:error] [pid 6980:tid 936] [client 147.185.132.213:59574] script 'C:/wamp64/www/phpinfo.php' not found or unable to stat
[Sat Oct 25 00:08:11.404999 2025] [cgi:error] [pid 6980:tid 936] [client 193.142.147.209:65326] AH02811: script not found or unable to stat: C:/wamp64/bin/apache/apache2.4.41/cgi-bin/luci
[Sat Oct 25 01:34:40.561636 2025] [cgi:error] [pid 6980:tid 936] [client 193.142.147.209:9342] AH02811: script not found or unable to stat: C:/wamp64/bin/apache/apache2.4.41/cgi-bin/luci
[Sat Oct 25 03:01:24.781328 2025] [cgi:error] [pid 6980:tid 936] [client 193.142.147.209:17312] AH02811: script not found or unable to stat: C:/wamp64/bin/apache/apache2.4.41/cgi-bin/luci
[Sat Oct 25 06:52:22.873466 2025] [php7:error] [pid 6980:tid 936] [client 209.38.131.56:34124] script 'C:/wamp64/www/get.php' not found or unable to stat
[Sat Oct 25 08:23:04.959897 2025] [authz_core:error] [pid 6980:tid 936] [client 114.119.133.35:56471] AH01630: client denied by server configuration: C:/wamp64/apps/phpmyadmin4.9.2/, referer: http://210.212.226.241:8080/index.php?lang=english
[Sat Oct 25 09:45:58.983267 2025] [cgi:error] [pid 6980:tid 924] [client 193.142.147.209:40760] AH02811: script not found or unable to stat: C:/wamp64/bin/apache/apache2.4.41/cgi-bin/luci
[Sat Oct 25 11:22:38.921284 2025] [authz_core:error] [pid 6980:tid 904] [client 114.119.154.89:49459] AH01630: client denied by server configuration: C:/wamp64/apps/phpmyadmin4.9.2/, referer: http://210.212.226.241:8080/index.php?lang=english
[Sat Oct 25 11:38:11.516148 2025] [cgi:error] [pid 6980:tid 904] [client 193.142.147.209:50912] AH02811: script not found or unable to stat: C:/wamp64/bin/apache/apache2.4.41/cgi-bin/luci
[Sat Oct 25 15:05:15.827031 2025] [cgi:error] [pid 6980:tid 1008] [client 193.142.147.209:32002] AH02811: script not found or unable to stat: C:/wamp64/bin/apache/apache2.4.41/cgi-bin/luci
[Sat Oct 25 17:07:25.576529 2025] [cgi:error] [pid 6980:tid 744] [client 193.142.147.209:52190] AH02811: script not found or unable to stat: C:/wamp64/bin/apache/apache2.4.41/cgi-bin/luci
[Sat Oct 25 20:15:50.170910 2025] [cgi:error] [pid 6980:tid 856] [client 193.142.147.209:27708] AH02811: script not found or unable to stat: C:/wamp64/bin/apache/apache2.4.41/cgi-bin/luci
[Sat Oct 25 21:25:51.654996 2025] [authz_core:error] [pid 6980:tid 856] [client 114.119.134.51:56541] AH01630: client denied by server configuration: C:/wamp64/apps/phpsysinfo3.3.1/, referer: http://210.212.226.241:8080/index.php?lang=english
[Sat Oct 25 22:35:59.656107 2025] [cgi:error] [pid 6980:tid 796] [client 193.142.147.209:64120] AH02811: script not found or unable to stat: C:/wamp64/bin/apache/apache2.4.41/cgi-bin/luci
[Sun Oct 26 00:40:40.436042 2025] [authz_core:error] [pid 6980:tid 796] [client 114.119.154.181:43357] AH01630: client denied by server configuration: C:/wamp64/apps/adminer4.7.5/, referer: http://210.212.226.241:8080/index.php?lang=english
[Sun Oct 26 01:23:53.578394 2025] [cgi:error] [pid 6980:tid 796] [client 193.142.147.209:14436] AH02811: script not found or unable to stat: C:/wamp64/bin/apache/apache2.4.41/cgi-bin/luci
[Sun Oct 26 01:44:35.108302 2025] [php7:error] [pid 6980:tid 796] [client 157.245.193.182:44580] script 'C:/wamp64/www/get.php' not found or unable to stat
[Sun Oct 26 03:10:51.700123 2025] [cgi:error] [pid 6980:tid 796] [client 193.142.147.209:21378] AH02811: script not found or unable to stat: C:/wamp64/bin/apache/apache2.4.41/cgi-bin/luci
[Sun Oct 26 04:23:58.842764 2025] [php7:error] [pid 6980:tid 804] [client 45.55.201.82:35110] script 'C:/wamp64/www/get.php' not found or unable to stat
[Sun Oct 26 04:59:46.389572 2025] [cgi:error] [pid 6980:tid 804] [client 193.142.147.209:64188] AH02811: script not found or unable to stat: C:/wamp64/bin/apache/apache2.4.41/cgi-bin/luci
[Sun Oct 26 06:47:28.391800 2025] [cgi:error] [pid 6980:tid 804] [client 193.142.147.209:50486] AH02811: script not found or unable to stat: C:/wamp64/bin/apache/apache2.4.41/cgi-bin/luci
[Sun Oct 26 08:21:05.743890 2025] [cgi:error] [pid 6980:tid 704] [client 193.142.147.209:40332] AH02811: script not found or unable to stat: C:/wamp64/bin/apache/apache2.4.41/cgi-bin/luci
[Sun Oct 26 10:11:35.968475 2025] [cgi:error] [pid 6980:tid 924] [client 193.142.147.209:61040] AH02811: script not found or unable to stat: C:/wamp64/bin/apache/apache2.4.41/cgi-bin/luci
[Sun Oct 26 12:17:36.015000 2025] [cgi:error] [pid 6980:tid 804] [client 193.142.147.209:20444] AH02811: script not found or unable to stat: C:/wamp64/bin/apache/apache2.4.41/cgi-bin/luci
[Sun Oct 26 13:43:31.713339 2025] [cgi:error] [pid 6980:tid 924] [client 193.142.147.209:18396] AH02811: script not found or unable to stat: C:/wamp64/bin/apache/apache2.4.41/cgi-bin/luci
[Sun Oct 26 14:21:19.312812 2025] [core:error] [pid 6980:tid 924] (20024)The given path is misformatted or contained invalid characters: [client 93.123.109.222:54206] AH00127: Cannot map GET /https://'+location.hostname+': HTTP/1.1 to file
[Sun Oct 26 15:39:23.342336 2025] [cgi:error] [pid 6980:tid 924] [client 193.142.147.209:42904] AH02811: script not found or unable to stat: C:/wamp64/bin/apache/apache2.4.41/cgi-bin/luci
[Sun Oct 26 17:30:18.795747 2025] [cgi:error] [pid 6980:tid 924] [client 193.142.147.209:28548] AH02811: script not found or unable to stat: C:/wamp64/bin/apache/apache2.4.41/cgi-bin/luci
[Sun Oct 26 22:33:10.451692 2025] [cgi:error] [pid 6980:tid 924] [client 193.142.147.209:26256] AH02811: script not found or unable to stat: C:/wamp64/bin/apache/apache2.4.41/cgi-bin/luci
[Mon Oct 27 02:07:58.078355 2025] [cgi:error] [pid 6980:tid 804] [client 193.142.147.209:51888] AH02811: script not found or unable to stat: C:/wamp64/bin/apache/apache2.4.41/cgi-bin/luci
[Mon Oct 27 03:30:19.983510 2025] [php7:error] [pid 6980:tid 804] [client 143.110.222.217:40902] script 'C:/wamp64/www/get.php' not found or unable to stat
[Mon Oct 27 10:09:04.952022 2025] [php7:error] [pid 6980:tid 804] [client 185.248.85.57:62513] script 'C:/wamp64/www/info.php' not found or unable to stat
[Mon Oct 27 10:09:05.436404 2025] [php7:error] [pid 6980:tid 924] [client 185.248.85.57:62551] script 'C:/wamp64/www/phpinfo.php' not found or unable to stat
[Mon Oct 27 10:09:05.921769 2025] [php7:error] [pid 6980:tid 804] [client 185.248.85.57:62581] script 'C:/wamp64/www/phpversion.php' not found or unable to stat
[Mon Oct 27 10:09:06.390526 2025] [php7:error] [pid 6980:tid 924] [client 185.248.85.57:62609] script 'C:/wamp64/www/test.php' not found or unable to stat
[Mon Oct 27 10:09:06.984507 2025] [php7:error] [pid 6980:tid 804] [client 185.248.85.57:62638] script 'C:/wamp64/www/phpdetails.php' not found or unable to stat
[Mon Oct 27 10:09:07.531433 2025] [php7:error] [pid 6980:tid 924] [client 185.248.85.57:62680] script 'C:/wamp64/www/php.php' not found or unable to stat
[Mon Oct 27 10:09:08.078295 2025] [php7:error] [pid 6980:tid 804] [client 185.248.85.57:62699] script 'C:/wamp64/www/version.php' not found or unable to stat
[Mon Oct 27 10:09:08.554603 2025] [php7:error] [pid 6980:tid 924] [client 185.248.85.57:62724] script 'C:/wamp64/www/server-info.php' not found or unable to stat
[Mon Oct 27 10:09:09.045606 2025] [php7:error] [pid 6980:tid 804] [client 185.248.85.57:62752] script 'C:/wamp64/www/debug.php' not found or unable to stat
[Mon Oct 27 10:09:10.483643 2025] [php7:error] [pid 6980:tid 924] [client 185.248.85.57:62767] script 'C:/wamp64/www/server.php' not found or unable to stat
[Mon Oct 27 10:09:10.936860 2025] [php7:error] [pid 6980:tid 804] [client 185.248.85.57:62821] script 'C:/wamp64/www/system.php' not found or unable to stat
[Mon Oct 27 10:09:11.452492 2025] [php7:error] [pid 6980:tid 924] [client 185.248.85.57:62866] script 'C:/wamp64/www/php-config.php' not found or unable to stat
[Mon Oct 27 10:09:11.873531 2025] [php7:error] [pid 6980:tid 804] [client 185.248.85.57:62900] script 'C:/wamp64/www/config.php' not found or unable to stat
[Mon Oct 27 10:09:12.357910 2025] [php7:error] [pid 6980:tid 924] [client 185.248.85.57:62929] script 'C:/wamp64/www/db.php' not found or unable to stat
[Mon Oct 27 10:09:12.796425 2025] [php7:error] [pid 6980:tid 804] [client 185.248.85.57:62959] script 'C:/wamp64/www/database.php' not found or unable to stat
[Mon Oct 27 10:09:13.249539 2025] [php7:error] [pid 6980:tid 924] [client 185.248.85.57:62985] script 'C:/wamp64/www/setup.php' not found or unable to stat
[Mon Oct 27 10:09:13.687062 2025] [php7:error] [pid 6980:tid 804] [client 185.248.85.57:63014] script 'C:/wamp64/www/install.php' not found or unable to stat
[Mon Oct 27 10:09:14.139432 2025] [php7:error] [pid 6980:tid 924] [client 185.248.85.57:63039] script 'C:/wamp64/www/admin.php' not found or unable to stat
[Mon Oct 27 10:09:14.780067 2025] [php7:error] [pid 6980:tid 804] [client 185.248.85.57:63063] script 'C:/wamp64/www/wp-config.php' not found or unable to stat
[Mon Oct 27 10:38:13.639957 2025] [cgi:error] [pid 6980:tid 924] [client 94.74.191.4:58274] AH02811: script not found or unable to stat: C:/wamp64/bin/apache/apache2.4.41/cgi-bin/luci
[Mon Oct 27 13:53:46.874613 2025] [cgi:error] [pid 6980:tid 924] [client 94.74.191.4:33942] AH02811: script not found or unable to stat: C:/wamp64/bin/apache/apache2.4.41/cgi-bin/luci
[Mon Oct 27 14:58:59.333752 2025] [cgi:error] [pid 6980:tid 804] [client 124.198.131.83:40842] AH02811: script not found or unable to stat: C:/wamp64/bin/apache/apache2.4.41/cgi-bin/luci
[Mon Oct 27 14:59:01.578017 2025] [php7:error] [pid 6980:tid 996] [client 124.198.131.83:40904] script 'C:/wamp64/www/diagnostic.php' not found or unable to stat
[Mon Oct 27 18:28:50.468688 2025] [php7:error] [pid 6980:tid 960] [client 35.216.163.139:56210] script 'C:/wamp64/www/info.php' not found or unable to stat
[Mon Oct 27 20:30:36.531968 2025] [authz_core:error] [pid 6980:tid 960] [client 114.119.132.202:35327] AH01630: client denied by server configuration: C:/wamp64/apps/adminer4.7.5/, referer: http://210.212.226.241:8080/index.php?lang=english
[Mon Oct 27 23:34:16.999155 2025] [cgi:error] [pid 6980:tid 960] [client 94.74.191.4:39884] AH02811: script not found or unable to stat: C:/wamp64/bin/apache/apache2.4.41/cgi-bin/luci
[Tue Oct 28 00:27:43.187319 2025] [php7:error] [pid 6980:tid 944] [client 137.184.86.120:48964] script 'C:/wamp64/www/get.php' not found or unable to stat
[Tue Oct 28 06:06:28.171374 2025] [cgi:error] [pid 6980:tid 944] [client 94.74.191.4:34028] AH02811: script not found or unable to stat: C:/wamp64/bin/apache/apache2.4.41/cgi-bin/luci
[Tue Oct 28 06:18:49.343449 2025] [authz_core:error] [pid 6980:tid 944] [client 114.119.154.181:43681] AH01630: client denied by server configuration: C:/wamp64/apps/phpsysinfo3.3.1/, referer: http://210.212.226.241:8080/index.php?lang=english
[Tue Oct 28 06:20:13.844159 2025] [authz_core:error] [pid 6980:tid 944] [client 114.119.154.181:43683] AH01630: client denied by server configuration: C:/wamp64/apps/phpmyadmin4.9.2/, referer: http://210.212.226.241:8080/index.php?lang=english
[Tue Oct 28 11:59:50.624407 2025] [cgi:error] [pid 6980:tid 744] [client 94.74.191.4:44742] AH02811: script not found or unable to stat: C:/wamp64/bin/apache/apache2.4.41/cgi-bin/luci
[Tue Oct 28 14:45:15.999187 2025] [cgi:error] [pid 6980:tid 744] [client 94.74.191.4:34986] AH02811: script not found or unable to stat: C:/wamp64/bin/apache/apache2.4.41/cgi-bin/luci
[Tue Oct 28 15:55:38.141437 2025] [php7:error] [pid 6980:tid 744] [client 54.197.178.107:47494] script 'C:/wamp64/www/WaterCat/index.php' not found or unable to stat
[Tue Oct 28 22:05:32.547024 2025] [cgi:error] [pid 6980:tid 744] [client 94.74.191.4:55670] AH02811: script not found or unable to stat: C:/wamp64/bin/apache/apache2.4.41/cgi-bin/luci
[Tue Oct 28 23:41:47.341032 2025] [php7:error] [pid 6980:tid 744] [client 212.41.11.149:5771] script 'C:/wamp64/www/config.php' not found or unable to stat
[Tue Oct 28 23:41:50.061447 2025] [php7:error] [pid 6980:tid 744] [client 212.41.11.149:5771] script 'C:/wamp64/www/config.inc.php' not found or unable to stat
[Tue Oct 28 23:41:50.264571 2025] [php7:error] [pid 6980:tid 744] [client 212.41.11.149:5771] script 'C:/wamp64/www/config.php.bak' not found or unable to stat
[Tue Oct 28 23:41:50.452075 2025] [php7:error] [pid 6980:tid 744] [client 212.41.11.149:5771] script 'C:/wamp64/www/config.php.old' not found or unable to stat
[Tue Oct 28 23:41:50.655204 2025] [php7:error] [pid 6980:tid 744] [client 212.41.11.149:5771] script 'C:/wamp64/www/config.php.save' not found or unable to stat
[Tue Oct 28 23:41:50.842863 2025] [php7:error] [pid 6980:tid 744] [client 212.41.11.149:5771] script 'C:/wamp64/www/config.php.tmp' not found or unable to stat
[Tue Oct 28 23:41:51.030363 2025] [php7:error] [pid 6980:tid 744] [client 212.41.11.149:5771] script 'C:/wamp64/www/config.php.swp' not found or unable to stat
[Tue Oct 28 23:42:06.796672 2025] [php7:error] [pid 6980:tid 744] [client 212.41.11.149:29064] script 'C:/wamp64/www/config.inc.php.bak' not found or unable to stat
[Tue Oct 28 23:42:06.999811 2025] [php7:error] [pid 6980:tid 744] [client 212.41.11.149:29064] script 'C:/wamp64/www/config.inc.php.old' not found or unable to stat
[Tue Oct 28 23:42:07.218558 2025] [php7:error] [pid 6980:tid 744] [client 212.41.11.149:29064] script 'C:/wamp64/www/config.inc.php.save' not found or unable to stat
[Tue Oct 28 23:42:07.843931 2025] [php7:error] [pid 6980:tid 744] [client 212.41.11.149:29064] script 'C:/wamp64/www/config.inc.php.tmp' not found or unable to stat
[Tue Oct 28 23:42:08.062675 2025] [php7:error] [pid 6980:tid 744] [client 212.41.11.149:29064] script 'C:/wamp64/www/config.inc.php.swp' not found or unable to stat
[Tue Oct 28 23:42:10.014740 2025] [php7:error] [pid 6980:tid 744] [client 212.41.11.149:29064] script 'C:/wamp64/www/settings.php' not found or unable to stat
[Tue Oct 28 23:42:11.983039 2025] [php7:error] [pid 6980:tid 744] [client 212.41.11.149:29064] script 'C:/wamp64/www/settings.inc.php' not found or unable to stat
[Tue Oct 28 23:42:12.201796 2025] [php7:error] [pid 6980:tid 744] [client 212.41.11.149:29064] script 'C:/wamp64/www/settings.php.bak' not found or unable to stat
[Tue Oct 28 23:42:12.421761 2025] [php7:error] [pid 6980:tid 744] [client 212.41.11.149:29064] script 'C:/wamp64/www/settings.php.old' not found or unable to stat
[Tue Oct 28 23:42:12.640512 2025] [php7:error] [pid 6980:tid 744] [client 212.41.11.149:29064] script 'C:/wamp64/www/settings.php.save' not found or unable to stat
[Tue Oct 28 23:42:12.858193 2025] [php7:error] [pid 6980:tid 744] [client 212.41.11.149:29064] script 'C:/wamp64/www/settings.php.tmp' not found or unable to stat
[Tue Oct 28 23:42:13.076945 2025] [php7:error] [pid 6980:tid 744] [client 212.41.11.149:29064] script 'C:/wamp64/www/settings.php.swp' not found or unable to stat
[Tue Oct 28 23:42:28.843391 2025] [php7:error] [pid 6980:tid 744] [client 212.41.11.149:2469] script 'C:/wamp64/www/settings.inc.php.bak' not found or unable to stat
[Tue Oct 28 23:42:29.046517 2025] [php7:error] [pid 6980:tid 744] [client 212.41.11.149:2469] script 'C:/wamp64/www/settings.inc.php.old' not found or unable to stat
[Tue Oct 28 23:42:29.265226 2025] [php7:error] [pid 6980:tid 744] [client 212.41.11.149:2469] script 'C:/wamp64/www/settings.inc.php.save' not found or unable to stat
[Tue Oct 28 23:42:29.468399 2025] [php7:error] [pid 6980:tid 744] [client 212.41.11.149:2469] script 'C:/wamp64/www/settings.inc.php.tmp' not found or unable to stat
[Tue Oct 28 23:42:29.671521 2025] [php7:error] [pid 6980:tid 744] [client 212.41.11.149:2469] script 'C:/wamp64/www/settings.inc.php.swp' not found or unable to stat
[Tue Oct 28 23:42:31.139732 2025] [php7:error] [pid 6980:tid 744] [client 212.41.11.149:2469] script 'C:/wamp64/www/credentials.php' not found or unable to stat
[Tue Oct 28 23:42:34.264227 2025] [php7:error] [pid 6980:tid 744] [client 212.41.11.149:2469] script 'C:/wamp64/www/credentials.inc.php' not found or unable to stat
[Tue Oct 28 23:42:34.482962 2025] [php7:error] [pid 6980:tid 744] [client 212.41.11.149:2469] script 'C:/wamp64/www/credentials.php.bak' not found or unable to stat
[Tue Oct 28 23:42:34.686092 2025] [php7:error] [pid 6980:tid 744] [client 212.41.11.149:2469] script 'C:/wamp64/www/credentials.php.old' not found or unable to stat
[Tue Oct 28 23:42:34.889224 2025] [php7:error] [pid 6980:tid 744] [client 212.41.11.149:2469] script 'C:/wamp64/www/credentials.php.save' not found or unable to stat
[Tue Oct 28 23:42:35.109169 2025] [php7:error] [pid 6980:tid 744] [client 212.41.11.149:2469] script 'C:/wamp64/www/credentials.php.tmp' not found or unable to stat
[Tue Oct 28 23:42:35.327930 2025] [php7:error] [pid 6980:tid 744] [client 212.41.11.149:2469] script 'C:/wamp64/www/credentials.php.swp' not found or unable to stat
[Tue Oct 28 23:42:50.858755 2025] [php7:error] [pid 6980:tid 744] [client 212.41.11.149:55886] script 'C:/wamp64/www/credentials.inc.php.bak' not found or unable to stat
[Tue Oct 28 23:42:51.468138 2025] [php7:error] [pid 6980:tid 744] [client 212.41.11.149:55886] script 'C:/wamp64/www/credentials.inc.php.old' not found or unable to stat
[Tue Oct 28 23:42:51.671264 2025] [php7:error] [pid 6980:tid 744] [client 212.41.11.149:55886] script 'C:/wamp64/www/credentials.inc.php.save' not found or unable to stat
[Tue Oct 28 23:42:51.875364 2025] [php7:error] [pid 6980:tid 744] [client 212.41.11.149:55886] script 'C:/wamp64/www/credentials.inc.php.tmp' not found or unable to stat
[Tue Oct 28 23:42:52.078466 2025] [php7:error] [pid 6980:tid 744] [client 212.41.11.149:55886] script 'C:/wamp64/www/credentials.inc.php.swp' not found or unable to stat
[Tue Oct 28 23:42:53.467296 2025] [php7:error] [pid 6980:tid 744] [client 212.41.11.149:55886] script 'C:/wamp64/www/secrets.php' not found or unable to stat
[Tue Oct 28 23:42:55.248458 2025] [php7:error] [pid 6980:tid 744] [client 212.41.11.149:55886] script 'C:/wamp64/www/secrets.inc.php' not found or unable to stat
[Tue Oct 28 23:42:55.451583 2025] [php7:error] [pid 6980:tid 744] [client 212.41.11.149:55886] script 'C:/wamp64/www/secrets.php.bak' not found or unable to stat
[Tue Oct 28 23:42:55.654716 2025] [php7:error] [pid 6980:tid 744] [client 212.41.11.149:55886] script 'C:/wamp64/www/secrets.php.old' not found or unable to stat
[Tue Oct 28 23:42:55.857808 2025] [php7:error] [pid 6980:tid 744] [client 212.41.11.149:55886] script 'C:/wamp64/www/secrets.php.save' not found or unable to stat
[Tue Oct 28 23:42:56.045321 2025] [php7:error] [pid 6980:tid 744] [client 212.41.11.149:55886] script 'C:/wamp64/www/secrets.php.tmp' not found or unable to stat
[Tue Oct 28 23:42:56.654720 2025] [php7:error] [pid 6980:tid 744] [client 212.41.11.149:55886] script 'C:/wamp64/www/secrets.php.swp' not found or unable to stat
[Tue Oct 28 23:43:10.701699 2025] [php7:error] [pid 6980:tid 744] [client 212.41.11.149:55886] script 'C:/wamp64/www/secrets.inc.php.bak' not found or unable to stat
[Tue Oct 28 23:43:11.092328 2025] [php7:error] [pid 6980:tid 744] [client 212.41.11.149:23797] script 'C:/wamp64/www/secrets.inc.php.old' not found or unable to stat
[Tue Oct 28 23:43:11.279823 2025] [php7:error] [pid 6980:tid 744] [client 212.41.11.149:23797] script 'C:/wamp64/www/secrets.inc.php.save' not found or unable to stat
[Tue Oct 28 23:43:12.046441 2025] [php7:error] [pid 6980:tid 744] [client 212.41.11.149:23797] script 'C:/wamp64/www/secrets.inc.php.tmp' not found or unable to stat
[Tue Oct 28 23:43:12.265191 2025] [php7:error] [pid 6980:tid 744] [client 212.41.11.149:23797] script 'C:/wamp64/www/secrets.inc.php.swp' not found or unable to stat
[Tue Oct 28 23:43:44.906498 2025] [php7:error] [pid 6980:tid 744] [client 212.41.11.149:27597] script 'C:/wamp64/www/error.php' not found or unable to stat
[Tue Oct 28 23:43:45.328386 2025] [php7:error] [pid 6980:tid 744] [client 212.41.11.149:27597] script 'C:/wamp64/www/errors.php' not found or unable to stat
[Tue Oct 28 23:43:46.186050 2025] [php7:error] [pid 6980:tid 744] [client 212.41.11.149:27597] script 'C:/wamp64/www/debug.php' not found or unable to stat
[Tue Oct 28 23:43:48.530886 2025] [php7:error] [pid 6980:tid 744] [client 212.41.11.149:27597] script 'C:/wamp64/www/debug.inc.php' not found or unable to stat
[Tue Oct 28 23:43:50.077805 2025] [php7:error] [pid 6980:tid 744] [client 212.41.11.149:27597] script 'C:/wamp64/www/debug.php.bak' not found or unable to stat
[Tue Oct 28 23:43:50.296562 2025] [php7:error] [pid 6980:tid 744] [client 212.41.11.149:27597] script 'C:/wamp64/www/debug.php.old' not found or unable to stat
[Tue Oct 28 23:43:50.515309 2025] [php7:error] [pid 6980:tid 744] [client 212.41.11.149:27597] script 'C:/wamp64/www/debug.php.save' not found or unable to stat
[Tue Oct 28 23:43:50.752777 2025] [php7:error] [pid 6980:tid 744] [client 212.41.11.149:27597] script 'C:/wamp64/www/debug.php.tmp' not found or unable to stat
[Tue Oct 28 23:43:50.969049 2025] [php7:error] [pid 6980:tid 744] [client 212.41.11.149:27597] script 'C:/wamp64/www/debug.php.swp' not found or unable to stat
[Tue Oct 28 23:44:11.170569 2025] [php7:error] [pid 6980:tid 744] [client 212.41.11.149:11184] script 'C:/wamp64/www/debug.inc.php.bak' not found or unable to stat
[Tue Oct 28 23:44:11.373696 2025] [php7:error] [pid 6980:tid 744] [client 212.41.11.149:11184] script 'C:/wamp64/www/debug.inc.php.old' not found or unable to stat
[Tue Oct 28 23:44:11.999680 2025] [php7:error] [pid 6980:tid 744] [client 212.41.11.149:11184] script 'C:/wamp64/www/debug.inc.php.save' not found or unable to stat
[Tue Oct 28 23:44:12.202801 2025] [php7:error] [pid 6980:tid 744] [client 212.41.11.149:11184] script 'C:/wamp64/www/debug.inc.php.tmp' not found or unable to stat
[Tue Oct 28 23:44:12.405937 2025] [php7:error] [pid 6980:tid 744] [client 212.41.11.149:11184] script 'C:/wamp64/www/debug.inc.php.swp' not found or unable to stat
[Tue Oct 28 23:44:16.562295 2025] [php7:error] [pid 6980:tid 744] [client 212.41.11.149:11184] script 'C:/wamp64/www/error.php.bak' not found or unable to stat
[Tue Oct 28 23:44:16.764347 2025] [php7:error] [pid 6980:tid 744] [client 212.41.11.149:11184] script 'C:/wamp64/www/error.php.old' not found or unable to stat
[Tue Oct 28 23:44:16.983134 2025] [php7:error] [pid 6980:tid 744] [client 212.41.11.149:11184] script 'C:/wamp64/www/error.php.save' not found or unable to stat
[Tue Oct 28 23:44:17.609336 2025] [php7:error] [pid 6980:tid 744] [client 212.41.11.149:11184] script 'C:/wamp64/www/error.php.tmp' not found or unable to stat
[Tue Oct 28 23:44:17.812455 2025] [php7:error] [pid 6980:tid 744] [client 212.41.11.149:11184] script 'C:/wamp64/www/error.php.swp' not found or unable to stat
[Tue Oct 28 23:44:19.545864 2025] [php7:error] [pid 6980:tid 744] [client 212.41.11.149:11184] script 'C:/wamp64/www/errors.php.bak' not found or unable to stat
[Tue Oct 28 23:44:20.171878 2025] [php7:error] [pid 6980:tid 744] [client 212.41.11.149:11184] script 'C:/wamp64/www/errors.php.old' not found or unable to stat
[Tue Oct 28 23:44:20.390634 2025] [php7:error] [pid 6980:tid 744] [client 212.41.11.149:11184] script 'C:/wamp64/www/errors.php.save' not found or unable to stat
[Tue Oct 28 23:44:20.609383 2025] [php7:error] [pid 6980:tid 744] [client 212.41.11.149:11184] script 'C:/wamp64/www/errors.php.tmp' not found or unable to stat
[Tue Oct 28 23:44:20.827142 2025] [php7:error] [pid 6980:tid 744] [client 212.41.11.149:11184] script 'C:/wamp64/www/errors.php.swp' not found or unable to stat
[Tue Oct 28 23:44:21.889540 2025] [php7:error] [pid 6980:tid 744] [client 212.41.11.149:11184] script 'C:/wamp64/www/database.php' not found or unable to stat
[Tue Oct 28 23:44:23.753652 2025] [php7:error] [pid 6980:tid 744] [client 212.41.11.149:11184] script 'C:/wamp64/www/database.inc.php' not found or unable to stat
[Tue Oct 28 23:44:23.959964 2025] [php7:error] [pid 6980:tid 744] [client 212.41.11.149:11184] script 'C:/wamp64/www/database.php.bak' not found or unable to stat
[Tue Oct 28 23:44:24.149602 2025] [php7:error] [pid 6980:tid 744] [client 212.41.11.149:11184] script 'C:/wamp64/www/database.php.old' not found or unable to stat
[Tue Oct 28 23:44:24.368358 2025] [php7:error] [pid 6980:tid 744] [client 212.41.11.149:11184] script 'C:/wamp64/www/database.php.save' not found or unable to stat
[Tue Oct 28 23:44:24.571489 2025] [php7:error] [pid 6980:tid 744] [client 212.41.11.149:11184] script 'C:/wamp64/www/database.php.tmp' not found or unable to stat
[Tue Oct 28 23:44:25.190930 2025] [php7:error] [pid 6980:tid 744] [client 212.41.11.149:11184] script 'C:/wamp64/www/database.php.swp' not found or unable to stat
[Tue Oct 28 23:44:42.694162 2025] [php7:error] [pid 6980:tid 744] [client 212.41.11.149:23931] script 'C:/wamp64/www/database.inc.php.bak' not found or unable to stat
[Tue Oct 28 23:44:42.890275 2025] [php7:error] [pid 6980:tid 744] [client 212.41.11.149:23931] script 'C:/wamp64/www/database.inc.php.old' not found or unable to stat
[Tue Oct 28 23:44:43.093406 2025] [php7:error] [pid 6980:tid 744] [client 212.41.11.149:23931] script 'C:/wamp64/www/database.inc.php.save' not found or unable to stat
[Tue Oct 28 23:44:43.296533 2025] [php7:error] [pid 6980:tid 744] [client 212.41.11.149:23931] script 'C:/wamp64/www/database.inc.php.tmp' not found or unable to stat
[Tue Oct 28 23:44:43.515281 2025] [php7:error] [pid 6980:tid 744] [client 212.41.11.149:23931] script 'C:/wamp64/www/database.inc.php.swp' not found or unable to stat
[Tue Oct 28 23:45:01.155083 2025] [php7:error] [pid 6980:tid 744] [client 212.41.11.149:23931] script 'C:/wamp64/www/aws.php' not found or unable to stat
[Tue Oct 28 23:45:02.672989 2025] [php7:error] [pid 6980:tid 744] [client 212.41.11.149:23931] script 'C:/wamp64/www/aws.inc.php' not found or unable to stat
[Tue Oct 28 23:45:02.890766 2025] [php7:error] [pid 6980:tid 744] [client 212.41.11.149:23931] script 'C:/wamp64/www/aws.php.bak' not found or unable to stat
[Tue Oct 28 23:45:03.920998 2025] [php7:error] [pid 6980:tid 744] [client 212.41.11.149:23931] script 'C:/wamp64/www/aws.php.old' not found or unable to stat
[Tue Oct 28 23:45:04.561632 2025] [php7:error] [pid 6980:tid 744] [client 212.41.11.149:23931] script 'C:/wamp64/www/aws.php.save' not found or unable to stat
