[Wed Dec 31 15:14:27.336924 2025] [authz_core:error] [pid 6980:tid 944] [client 139.226.50.131:31161] AH01630: client denied by server configuration: C:/wamp64/apps/phpmyadmin4.9.2/index.php
[Wed Dec 31 17:29:47.349891 2025] [authz_core:error] [pid 6980:tid 944] [client 139.226.50.131:44501] AH01630: client denied by server configuration: C:/wamp64/apps/phpmyadmin4.9.2/index.php
[Wed Dec 31 17:50:33.758792 2025] [php7:error] [pid 6980:tid 944] [client 139.162.3.141:55844] script 'C:/wamp64/www/login.php' not found or unable to stat
[Wed Dec 31 17:50:35.649475 2025] [cgi:error] [pid 6980:tid 768] [client 139.162.3.141:56086] AH02811: script not found or unable to stat: C:/wamp64/bin/apache/apache2.4.41/cgi-bin/info.cgi
[Wed Dec 31 17:50:39.228660 2025] [cgi:error] [pid 6980:tid 888] [client 139.162.3.141:56672] AH02811: script not found or unable to stat: C:/wamp64/bin/apache/apache2.4.41/cgi-bin/authLogin.cgi
[Wed Dec 31 17:50:40.072454 2025] [cgi:error] [pid 6980:tid 936] [client 139.162.3.141:57350] AH02811: script not found or unable to stat: C:/wamp64/bin/apache/apache2.4.41/cgi-bin/luci
[Wed Dec 31 17:50:41.946491 2025] [cgi:error] [pid 6980:tid 960] [client 139.162.3.141:57652] AH02811: script not found or unable to stat: C:/wamp64/bin/apache/apache2.4.41/cgi-bin/meteobridge.cgi
[Wed Dec 31 17:50:42.501862 2025] [cgi:error] [pid 6980:tid 888] [client 139.162.3.141:57792] AH02811: script not found or unable to stat: C:/wamp64/bin/apache/apache2.4.41/cgi-bin/getagent.cgi
[Wed Dec 31 19:41:53.367727 2025] [php7:error] [pid 6980:tid 944] [client 94.72.122.176:54613] script 'C:/wamp64/www/phpinfo.php' not found or unable to stat
[Wed Dec 31 19:41:53.914685 2025] [php7:error] [pid 6980:tid 944] [client 94.72.122.176:54671] script 'C:/wamp64/www/info.php' not found or unable to stat
[Wed Dec 31 19:41:54.993220 2025] [php7:error] [pid 6980:tid 944] [client 94.72.122.176:54797] script 'C:/wamp64/www/php_info.php' not found or unable to stat
[Wed Dec 31 19:41:55.524492 2025] [php7:error] [pid 6980:tid 944] [client 94.72.122.176:54858] script 'C:/wamp64/www/test.php' not found or unable to stat
[Thu Jan 01 02:53:00.889318 2026] [php7:error] [pid 6980:tid 824] [client 159.89.117.170:33122] script 'C:/wamp64/www/get.php' not found or unable to stat
[Thu Jan 01 04:32:43.384277 2026] [php7:error] [pid 6980:tid 824] [client 206.71.149.226:51728] script 'C:/wamp64/www/env.php' not found or unable to stat
[Thu Jan 01 04:35:36.180247 2026] [php7:error] [pid 6980:tid 824] [client 206.71.149.226:62768] script 'C:/wamp64/www/info.php' not found or unable to stat
[Thu Jan 01 04:35:37.902300 2026] [php7:error] [pid 6980:tid 824] [client 206.71.149.226:61844] script 'C:/wamp64/www/i.php' not found or unable to stat
[Thu Jan 01 04:35:38.449770 2026] [php7:error] [pid 6980:tid 824] [client 206.71.149.226:62188] script 'C:/wamp64/www/p.php' not found or unable to stat
[Thu Jan 01 04:35:38.821203 2026] [php7:error] [pid 6980:tid 824] [client 206.71.149.226:62424] script 'C:/wamp64/www/in.php' not found or unable to stat
[Thu Jan 01 04:35:39.571153 2026] [php7:error] [pid 6980:tid 824] [client 206.71.149.226:62262] script 'C:/wamp64/www/pi.php' not found or unable to stat
[Thu Jan 01 09:19:27.899192 2026] [php7:error] [pid 6980:tid 944] [client 94.72.122.176:58136] script 'C:/wamp64/www/frontend_dev.php' not found or unable to stat
[Thu Jan 01 09:19:29.008569 2026] [php7:error] [pid 6980:tid 944] [client 94.72.122.176:58192] script 'C:/wamp64/www/phpinfo.php' not found or unable to stat
[Thu Jan 01 10:48:03.432220 2026] [cgi:error] [pid 6980:tid 552] [client 46.101.199.14:63296] AH02811: script not found or unable to stat: C:/wamp64/bin/apache/apache2.4.41/cgi-bin/authLogin.cgi
[Fri Jan 02 05:08:08.039956 2026] [core:error] [pid 6980:tid 752] (20024)The given path is misformatted or contained invalid characters: [client 94.102.56.99:40310] AH00127: Cannot map GET /weblogin.htm%22%29,f.u5ern4me.focus%28%29;var%20a=%22%22;if%28%22%22==sUser_mgt_End%29if%28mode%29switch%28mode%29%7Bcase%203:a=4==iFrmLgErr HTTP/1.1 to file
[Fri Jan 02 05:34:47.024026 2026] [php7:error] [pid 6980:tid 752] [client 143.244.142.61:40666] script 'C:/wamp64/www/get.php' not found or unable to stat
[Fri Jan 02 08:22:54.415943 2026] [php7:error] [pid 6980:tid 1008] [client 38.165.21.33:52232] script 'C:/wamp64/www/phpinfo.php' not found or unable to stat
[Fri Jan 02 08:22:55.260997 2026] [php7:error] [pid 6980:tid 752] [client 38.165.21.33:52248] script 'C:/wamp64/www/DASHBOARD/phpinfo.php' not found or unable to stat
[Fri Jan 02 15:43:17.088305 2026] [authz_core:error] [pid 6980:tid 752] [client 114.119.133.35:29571] AH01630: client denied by server configuration: C:/wamp64/apps/phpmyadmin4.9.2/, referer: http://210.212.226.241:8080/index.php?lang=english
[Fri Jan 02 15:44:40.276669 2026] [authz_core:error] [pid 6980:tid 752] [client 114.119.132.202:36063] AH01630: client denied by server configuration: C:/wamp64/apps/adminer4.7.5/, referer: http://210.212.226.241:8080/index.php?lang=english
[Fri Jan 02 17:02:01.711780 2026] [php7:error] [pid 6980:tid 752] [client 124.90.251.130:17211] script 'C:/wamp64/www/phpinfo.php' not found or unable to stat
[Fri Jan 02 17:02:02.305535 2026] [php7:error] [pid 6980:tid 752] [client 124.90.251.130:17222] script 'C:/wamp64/www/DASHBOARD/phpinfo.php' not found or unable to stat
[Sat Jan 03 04:30:08.634651 2026] [php7:error] [pid 6980:tid 552] [client 172.232.232.169:50280] script 'C:/wamp64/www/login.php' not found or unable to stat
[Sat Jan 03 04:30:10.618173 2026] [cgi:error] [pid 6980:tid 816] [client 172.232.232.169:50454] AH02811: script not found or unable to stat: C:/wamp64/bin/apache/apache2.4.41/cgi-bin/info.cgi
[Sat Jan 03 04:30:15.107973 2026] [cgi:error] [pid 6980:tid 752] [client 172.232.232.169:57586] AH02811: script not found or unable to stat: C:/wamp64/bin/apache/apache2.4.41/cgi-bin/authLogin.cgi
[Sat Jan 03 04:30:15.790506 2026] [cgi:error] [pid 6980:tid 752] [client 172.232.232.169:57746] AH02811: script not found or unable to stat: C:/wamp64/bin/apache/apache2.4.41/cgi-bin/luci
[Sat Jan 03 04:30:17.117895 2026] [cgi:error] [pid 6980:tid 944] [client 172.232.232.169:58040] AH02811: script not found or unable to stat: C:/wamp64/bin/apache/apache2.4.41/cgi-bin/meteobridge.cgi
[Sat Jan 03 04:30:17.586681 2026] [cgi:error] [pid 6980:tid 1008] [client 172.232.232.169:58164] AH02811: script not found or unable to stat: C:/wamp64/bin/apache/apache2.4.41/cgi-bin/getagent.cgi
[Sat Jan 03 06:53:01.973948 2026] [php7:error] [pid 6980:tid 936] [client 170.64.229.234:53018] script 'C:/wamp64/www/get.php' not found or unable to stat
[Sat Jan 03 08:16:46.180660 2026] [php7:error] [pid 6980:tid 816] [client 159.65.197.55:34486] script 'C:/wamp64/www/get.php' not found or unable to stat
[Sat Jan 03 08:58:49.056692 2026] [php7:error] [pid 6980:tid 816] [client 205.198.78.40:40227] script 'C:/wamp64/www/phpinfo.php' not found or unable to stat
[Sat Jan 03 08:58:49.507685 2026] [php7:error] [pid 6980:tid 816] [client 205.198.78.40:46739] script 'C:/wamp64/www/DASHBOARD/phpinfo.php' not found or unable to stat
[Sat Jan 03 11:26:08.088679 2026] [authz_core:error] [pid 6980:tid 816] [client 114.119.136.120:40511] AH01630: client denied by server configuration: C:/wamp64/apps/phpsysinfo3.3.1/, referer: http://210.212.226.241:8080/index.php?lang=english
[Sun Jan 04 02:52:09.805794 2026] [cgi:error] [pid 6980:tid 584] [client 192.159.99.95:40916] AH02811: script not found or unable to stat: C:/wamp64/bin/apache/apache2.4.41/cgi-bin/luci
[Sun Jan 04 02:52:11.665167 2026] [php7:error] [pid 6980:tid 1008] [client 192.159.99.95:51290] script 'C:/wamp64/www/diagnostic.php' not found or unable to stat
[Sun Jan 04 05:52:24.886514 2026] [php7:error] [pid 6980:tid 668] [client 64.225.76.59:55148] script 'C:/wamp64/www/get.php' not found or unable to stat
[Sun Jan 04 07:30:05.119545 2026] [authz_core:error] [pid 6980:tid 992] [client 114.119.140.113:55759] AH01630: client denied by server configuration: C:/wamp64/apps/phpmyadmin4.9.2/, referer: http://210.212.226.241:8080/index.php?lang=english
[Sun Jan 04 07:31:28.774929 2026] [authz_core:error] [pid 6980:tid 992] [client 114.119.132.104:27801] AH01630: client denied by server configuration: C:/wamp64/apps/adminer4.7.5/, referer: http://210.212.226.241:8080/index.php?lang=english
[Sun Jan 04 21:44:03.586942 2026] [cgi:error] [pid 6980:tid 668] [client 164.90.235.157:11958] AH02811: script not found or unable to stat: C:/wamp64/bin/apache/apache2.4.41/cgi-bin/authLogin.cgi
[Mon Jan 05 05:10:46.555794 2026] [php7:error] [pid 6980:tid 944] [client 138.197.6.10:50092] script 'C:/wamp64/www/get.php' not found or unable to stat
[Tue Jan 06 02:00:54.039645 2026] [php7:error] [pid 6980:tid 668] [client 68.183.194.167:54244] script 'C:/wamp64/www/get.php' not found or unable to stat
[Tue Jan 06 02:31:56.602320 2026] [php7:error] [pid 6980:tid 668] [client 94.72.122.176:60559] script 'C:/wamp64/www/frontend_dev.php' not found or unable to stat
[Tue Jan 06 02:31:57.680496 2026] [php7:error] [pid 6980:tid 668] [client 94.72.122.176:60726] script 'C:/wamp64/www/phpinfo.php' not found or unable to stat
[Tue Jan 06 06:18:15.430807 2026] [core:error] [pid 6980:tid 824] (22)Invalid argument: [client 158.220.90.195:53222] AH00127: Cannot map POST /%C0 HTTP/1.1 to file
[Tue Jan 06 09:51:53.805661 2026] [php7:error] [pid 6980:tid 824] [client 167.71.232.125:37018] script 'C:/wamp64/www/get.php' not found or unable to stat
[Wed Jan 07 00:06:48.024355 2026] [php7:error] [pid 6980:tid 552] [client 162.243.61.137:49496] script 'C:/wamp64/www/get.php' not found or unable to stat
[Wed Jan 07 00:20:09.572601 2026] [cgi:error] [pid 6980:tid 824] [client 83.142.209.135:45016] AH02811: script not found or unable to stat: C:/wamp64/bin/apache/apache2.4.41/cgi-bin/luci
[Wed Jan 07 04:48:43.696274 2026] [php7:error] [pid 6980:tid 816] [client 161.35.231.164:48098] script 'C:/wamp64/www/get.php' not found or unable to stat
[Wed Jan 07 20:46:34.680204 2026] [php7:error] [pid 6980:tid 992] [client 164.90.207.204:40658] script 'C:/wamp64/www/get.php' not found or unable to stat
[Thu Jan 08 07:32:56.712754 2026] [authz_core:error] [pid 6980:tid 944] [client 114.119.136.120:40951] AH01630: client denied by server configuration: C:/wamp64/apps/adminer4.7.5/, referer: http://210.212.226.241:8080/index.php?lang=english
[Thu Jan 08 18:45:07.006554 2026] [authz_core:error] [pid 6980:tid 888] [client 114.119.132.104:27865] AH01630: client denied by server configuration: C:/wamp64/apps/adminer4.7.5/, referer: http://210.212.226.241:8080/index.php?lang=english
[Thu Jan 08 19:30:26.071122 2026] [cgi:error] [pid 6980:tid 888] [client 104.248.45.3:37192] AH02811: script not found or unable to stat: C:/wamp64/bin/apache/apache2.4.41/cgi-bin/authLogin.cgi
[Thu Jan 08 20:33:41.041159 2026] [php7:error] [pid 6980:tid 816] [client 134.209.211.108:56526] script 'C:/wamp64/www/get.php' not found or unable to stat
[Fri Jan 09 18:24:59.937263 2026] [php7:error] [pid 6980:tid 992] [client 161.35.156.147:50094] script 'C:/wamp64/www/get.php' not found or unable to stat
[Fri Jan 09 21:52:26.900857 2026] [php7:error] [pid 6980:tid 944] [client 94.72.122.176:51810] script 'C:/wamp64/www/phpinfo.php' not found or unable to stat
[Fri Jan 09 21:52:27.432114 2026] [php7:error] [pid 6980:tid 944] [client 94.72.122.176:51950] script 'C:/wamp64/www/info.php' not found or unable to stat
[Fri Jan 09 21:52:28.461454 2026] [php7:error] [pid 6980:tid 944] [client 94.72.122.176:52199] script 'C:/wamp64/www/php_info.php' not found or unable to stat
[Fri Jan 09 21:52:28.992702 2026] [php7:error] [pid 6980:tid 944] [client 94.72.122.176:52304] script 'C:/wamp64/www/test.php' not found or unable to stat
[Fri Jan 09 23:22:13.071845 2026] [php7:error] [pid 6980:tid 944] [client 165.22.34.219:49916] script 'C:/wamp64/www/get.php' not found or unable to stat
[Sat Jan 10 01:02:10.078071 2026] [authz_core:error] [pid 6980:tid 816] [client 114.119.154.89:50905] AH01630: client denied by server configuration: C:/wamp64/apps/adminer4.7.5/, referer: http://210.212.226.241:8080/index.php?lang=english
[Sat Jan 10 14:03:39.728772 2026] [authz_core:error] [pid 6980:tid 668] [client 114.119.140.113:55785] AH01630: client denied by server configuration: C:/wamp64/apps/adminer4.7.5/, referer: http://210.212.226.241:8080/index.php?lang=english
[Sat Jan 10 14:45:04.962199 2026] [php7:error] [pid 6980:tid 888] [client 165.232.154.226:45036] script 'C:/wamp64/www/get.php' not found or unable to stat
[Sat Jan 10 23:45:41.603821 2026] [authz_core:error] [pid 6980:tid 552] [client 114.119.154.89:50913] AH01630: client denied by server configuration: C:/wamp64/apps/phpsysinfo3.3.1/, referer: http://210.212.226.241:8080/index.php?lang=english
[Sun Jan 11 09:28:50.968085 2026] [php7:error] [pid 6980:tid 668] [client 147.182.151.60:50640] script 'C:/wamp64/www/get.php' not found or unable to stat
[Sun Jan 11 10:40:15.322038 2026] [php7:error] [pid 6980:tid 668] [client 152.42.239.192:52624] script 'C:/wamp64/www/WaterCat/gallery/ssl.php' not found or unable to stat
[Sun Jan 11 19:44:24.026884 2026] [authz_core:error] [pid 6980:tid 668] [client 114.119.136.120:41307] AH01630: client denied by server configuration: C:/wamp64/apps/phpmyadmin4.9.2/, referer: http://210.212.226.241:8080/index.php?lang=english
[Mon Jan 12 07:02:43.883752 2026] [php7:error] [pid 6980:tid 668] [client 162.243.96.91:58176] script 'C:/wamp64/www/get.php' not found or unable to stat
[Tue Jan 13 05:37:01.821014 2026] [php7:error] [pid 6980:tid 944] [client 209.97.190.67:45594] script 'C:/wamp64/www/get.php' not found or unable to stat
[Tue Jan 13 12:17:42.409392 2026] [php7:error] [pid 6980:tid 888] [client 216.73.216.106:53559] script 'C:/wamp64/www/WaterCat/index.php' not found or unable to stat 'uname' is not recognized as an internal or external command, operable program or batch file.
[Tue Jan 13 14:35:52.901155 2026] [authz_core:error] [pid 6980:tid 668] [client 98.187.246.31:50044] AH01630: client denied by server configuration: C:/wamp64/apps/phpsysinfo3.3.1/, referer: http://210.212.226.241:8080/
[Tue Jan 13 19:05:33.602927 2026] [authz_core:error] [pid 6980:tid 712] [client 114.119.154.89:50945] AH01630: client denied by server configuration: C:/wamp64/apps/phpsysinfo3.3.1/, referer: http://210.212.226.241:8080/index.php?lang=english
[Tue Jan 13 20:59:26.650860 2026] [cgi:error] [pid 6980:tid 816] [client 64.226.100.159:62742] AH02811: script not found or unable to stat: C:/wamp64/bin/apache/apache2.4.41/cgi-bin/authLogin.cgi
[Tue Jan 13 21:08:14.182637 2026] [php7:error] [pid 6980:tid 552] [client 167.71.121.30:38482] script 'C:/wamp64/www/get.php' not found or unable to stat
[Wed Jan 14 01:07:00.899407 2026] [php7:error] [pid 6980:tid 668] [client 68.183.194.167:44026] script 'C:/wamp64/www/get.php' not found or unable to stat
[Wed Jan 14 07:28:34.946573 2026] [authz_core:error] [pid 6980:tid 668] [client 114.119.132.202:36207] AH01630: client denied by server configuration: C:/wamp64/apps/adminer4.7.5/, referer: http://210.212.226.241:8080/index.php?lang=english
[Wed Jan 14 09:48:15.978710 2026] [cgi:error] [pid 6980:tid 668] [client 195.24.236.124:47366] AH02811: script not found or unable to stat: C:/wamp64/bin/apache/apache2.4.41/cgi-bin/luci
[Wed Jan 14 19:55:35.181461 2026] [php7:error] [pid 6980:tid 552] [client 159.203.64.156:34208] script 'C:/wamp64/www/get.php' not found or unable to stat
[Thu Jan 15 19:39:29.274409 2026] [php7:error] [pid 6980:tid 944] [client 157.245.48.145:42758] script 'C:/wamp64/www/get.php' not found or unable to stat
[Fri Jan 16 07:29:06.399555 2026] [core:error] [pid 6980:tid 668] [client 195.170.172.128:42354] AH00126: Invalid URI in request GET stager64 HTTP/1.1
[Fri Jan 16 15:54:07.118129 2026] [php7:error] [pid 6980:tid 944] [client 178.62.86.89:39084] script 'C:/wamp64/www/get.php' not found or unable to stat
[Sat Jan 17 05:38:30.024108 2026] [authz_core:error] [pid 6980:tid 816] [client 114.119.132.104:27945] AH01630: client denied by server configuration: C:/wamp64/apps/phpsysinfo3.3.1/, referer: http://210.212.226.241:8080/index.php
[Sat Jan 17 07:10:04.274323 2026] [authz_core:error] [pid 6980:tid 816] [client 114.119.132.202:36233] AH01630: client denied by server configuration: C:/wamp64/apps/adminer4.7.5/, referer: http://210.212.226.241:8080/index.php
[Sat Jan 17 16:19:24.899619 2026] [php7:error] [pid 6980:tid 712] [client 165.22.208.106:60472] script 'C:/wamp64/www/get.php' not found or unable to stat
[Sat Jan 17 23:33:15.289993 2026] [php7:error] [pid 6980:tid 816] [client 188.166.164.83:34712] script 'C:/wamp64/www/get.php' not found or unable to stat
[Sun Jan 18 16:48:11.587440 2026] [php7:error] [pid 6980:tid 944] [client 107.170.78.190:40550] script 'C:/wamp64/www/get.php' not found or unable to stat
[Sun Jan 18 20:18:46.869408 2026] [cgi:error] [pid 6980:tid 668] [client 5.181.188.219:49148] AH02811: script not found or unable to stat: C:/wamp64/bin/apache/apache2.4.41/cgi-bin/luci
[Sun Jan 18 22:38:28.308161 2026] [authz_core:error] [pid 6980:tid 668] [client 114.119.140.113:55805] AH01630: client denied by server configuration: C:/wamp64/apps/phpmyadmin4.9.2/, referer: http://210.212.226.241:8080/index.php?lang=english
[Mon Jan 19 12:43:48.790172 2026] [php7:error] [pid 6980:tid 752] [client 139.162.124.188:56860] script 'C:/wamp64/www/login.php' not found or unable to stat
[Mon Jan 19 12:43:50.571554 2026] [php7:error] [pid 6980:tid 1008] [client 139.162.124.188:57048] script 'C:/wamp64/www/start.php' not found or unable to stat
[Mon Jan 19 12:43:50.619918 2026] [cgi:error] [pid 6980:tid 752] [client 139.162.124.188:57062] AH02811: script not found or unable to stat: C:/wamp64/bin/apache/apache2.4.41/cgi-bin/info.cgi
[Mon Jan 19 12:43:54.336571 2026] [php7:error] [pid 6980:tid 992] [client 139.162.124.188:39014] script 'C:/wamp64/www/menu.php' not found or unable to stat
[Mon Jan 19 12:43:55.242857 2026] [cgi:error] [pid 6980:tid 712] [client 139.162.124.188:39100] AH02811: script not found or unable to stat: C:/wamp64/bin/apache/apache2.4.41/cgi-bin/authLogin.cgi
[Mon Jan 19 12:43:59.119552 2026] [cgi:error] [pid 6980:tid 712] [client 139.162.124.188:39266] AH02811: script not found or unable to stat: C:/wamp64/bin/apache/apache2.4.41/cgi-bin/luci
[Mon Jan 19 12:43:59.244551 2026] [php7:error] [pid 6980:tid 668] [client 139.162.124.188:39286] script 'C:/wamp64/www/admin.php' not found or unable to stat
[Mon Jan 19 12:44:02.055728 2026] [cgi:error] [pid 6980:tid 824] [client 139.162.124.188:39704] AH02811: script not found or unable to stat: C:/wamp64/bin/apache/apache2.4.41/cgi-bin/meteobridge.cgi
[Mon Jan 19 12:44:03.234895 2026] [cgi:error] [pid 6980:tid 552] [client 139.162.124.188:39790] AH02811: script not found or unable to stat: C:/wamp64/bin/apache/apache2.4.41/cgi-bin/getagent.cgi
[Mon Jan 19 12:44:07.617967 2026] [php7:error] [pid 6980:tid 712] [client 139.162.124.188:49860] script 'C:/wamp64/www/main.php' not found or unable to stat
[Mon Jan 19 12:44:08.837988 2026] [php7:error] [pid 6980:tid 712] [client 139.162.124.188:49906] script 'C:/wamp64/www/inicio.php' not found or unable to stat
[Mon Jan 19 12:44:10.914554 2026] [php7:error] [pid 6980:tid 712] [client 139.162.124.188:50016] script 'C:/wamp64/www/base.php' not found or unable to stat
[Mon Jan 19 15:19:17.649253 2026] [php7:error] [pid 6980:tid 752] [client 157.230.229.70:54482] script 'C:/wamp64/www/get.php' not found or unable to stat
[Tue Jan 20 03:31:14.430928 2026] [authz_core:error] [pid 6980:tid 960] [client 114.119.132.104:27985] AH01630: client denied by server configuration: C:/wamp64/apps/phpmyadmin4.9.2/, referer: http://210.212.226.241:8080/index.php
[Tue Jan 20 11:28:26.400470 2026] [core:error] [pid 6980:tid 960] (22)Invalid argument: [client 158.220.90.195:55870] AH00127: Cannot map POST /%C0 HTTP/1.1 to file
[Tue Jan 20 12:55:49.214044 2026] [authz_core:error] [pid 6980:tid 992] [client 114.119.133.35:32249] AH01630: client denied by server configuration: C:/wamp64/apps/adminer4.7.5/, referer: http://210.212.226.241:8080/index.php?lang=english
[Tue Jan 20 13:06:04.106017 2026] [php7:error] [pid 6980:tid 712] [client 162.243.119.166:59704] script 'C:/wamp64/www/get.php' not found or unable to stat
[Tue Jan 20 14:57:49.384143 2026] [php7:error] [pid 6980:tid 712] [client 157.245.106.190:38192] script 'C:/wamp64/www/get.php' not found or unable to stat
[Wed Jan 21 12:50:35.103291 2026] [php7:error] [pid 6980:tid 552] [client 138.68.228.247:54696] script 'C:/wamp64/www/get.php' not found or unable to stat
[Wed Jan 21 23:24:40.134062 2026] [cgi:error] [pid 6980:tid 944] [client 45.141.117.82:35890] AH02811: script not found or unable to stat: C:/wamp64/bin/apache/apache2.4.41/cgi-bin/diagnostic.cgi
[Wed Jan 21 23:26:41.760129 2026] [core:error] [pid 6980:tid 944] (22)Invalid argument: [client 158.220.90.195:33134] AH00127: Cannot map POST /%C0 HTTP/1.1 to file
[Thu Jan 22 05:25:11.354637 2026] [php7:error] [pid 6980:tid 944] [client 139.59.102.14:59782] script 'C:/wamp64/www/get.php' not found or unable to stat
[Thu Jan 22 09:46:05.228244 2026] [php7:error] [pid 6980:tid 944] [client 64.227.138.10:51276] script 'C:/wamp64/www/get.php' not found or unable to stat
[Fri Jan 23 07:17:50.447137 2026] [authz_core:error] [pid 6980:tid 552] [client 114.119.136.120:42323] AH01630: client denied by server configuration: C:/wamp64/apps/phpsysinfo3.3.1/, referer: http://210.212.226.241:8080/index.php
[Fri Jan 23 07:32:26.399777 2026] [php7:error] [pid 6980:tid 992] [client 147.182.206.248:51388] script 'C:/wamp64/www/get.php' not found or unable to stat
[Fri Jan 23 11:57:09.039895 2026] [authz_core:error] [pid 6980:tid 992] [client 114.119.136.120:42353] AH01630: client denied by server configuration: C:/wamp64/apps/phpsysinfo3.3.1/, referer: http://210.212.226.241:8080/index.php?lang=english
[Fri Jan 23 21:22:32.673467 2026] [authz_core:error] [pid 6980:tid 816] [client 114.119.140.113:55837] AH01630: client denied by server configuration: C:/wamp64/apps/adminer4.7.5/, referer: http://210.212.226.241:8080/index.php
[Sat Jan 24 03:24:55.572434 2026] [php7:error] [pid 6980:tid 816] [client 134.122.57.246:41166] script 'C:/wamp64/www/get.php' not found or unable to stat
[Sat Jan 24 21:39:37.742694 2026] [php7:error] [pid 6980:tid 816] [client 188.166.147.251:48930] script 'C:/wamp64/www/get.php' not found or unable to stat
[Sun Jan 25 15:05:24.447424 2026] [php7:error] [pid 6980:tid 944] [client 170.64.204.183:32850] script 'C:/wamp64/www/get.php' not found or unable to stat
[Sun Jan 25 16:17:45.822057 2026] [php7:error] [pid 6980:tid 944] [client 144.126.226.20:41614] script 'C:/wamp64/www/get.php' not found or unable to stat 'uname' is not recognized as an internal or external command, operable program or batch file.
[Mon Jan 26 13:04:34.305635 2026] [php7:error] [pid 6980:tid 1008] [client 64.23.137.14:49556] script 'C:/wamp64/www/get.php' not found or unable to stat
[Tue Jan 27 02:12:45.287760 2026] [core:error] [pid 6980:tid 992] (22)Invalid argument: [client 164.68.127.46:38666] AH00127: Cannot map POST /%C0 HTTP/1.1 to file
[Tue Jan 27 05:56:28.665611 2026] [core:error] [pid 6980:tid 992] (22)Invalid argument: [client 164.68.127.46:51858] AH00127: Cannot map POST /%C0 HTTP/1.1 to file
[Tue Jan 27 07:26:14.775160 2026] [cgi:error] [pid 6980:tid 816] [client 188.166.167.61:18904] AH02811: script not found or unable to stat: C:/wamp64/bin/apache/apache2.4.41/cgi-bin/authLogin.cgi
[Tue Jan 27 13:01:01.558977 2026] [php7:error] [pid 6980:tid 824] [client 159.65.139.42:51118] script 'C:/wamp64/www/get.php' not found or unable to stat
[Tue Jan 27 14:03:45.399121 2026] [core:error] [pid 6980:tid 752] (22)Invalid argument: [client 164.68.127.46:36506] AH00127: Cannot map POST /%C0 HTTP/1.1 to file
[Wed Jan 28 01:45:26.617852 2026] [core:error] [pid 6980:tid 768] (22)Invalid argument: [client 185.213.25.237:45714] AH00127: Cannot map POST /%C0 HTTP/1.1 to file
[Wed Jan 28 11:32:16.223583 2026] [authz_core:error] [pid 6980:tid 712] [client 114.119.133.35:33891] AH01630: client denied by server configuration: C:/wamp64/apps/phpmyadmin4.9.2/, referer: http://210.212.226.241:8080/index.php?lang=english
[Wed Jan 28 19:06:52.602157 2026] [core:error] [pid 6980:tid 712] (22)Invalid argument: [client 185.213.25.237:39548] AH00127: Cannot map POST /%C0 HTTP/1.1 to file
[Wed Jan 28 20:09:09.181794 2026] [authz_core:error] [pid 6980:tid 752] [client 114.119.154.89:51039] AH01630: client denied by server configuration: C:/wamp64/apps/phpmyadmin4.9.2/, referer: http://210.212.226.241:8080/index.php?lang=english
[Wed Jan 28 21:33:08.305839 2026] [php7:error] [pid 6980:tid 752] [client 134.122.6.55:60160] script 'C:/wamp64/www/get.php' not found or unable to stat
[Thu Jan 29 02:16:17.619020 2026] [authz_core:error] [pid 6980:tid 824] [client 86.97.39.236:41246] AH01630: client denied by server configuration: C:/wamp64/apps/phpmyadmin4.9.2/, referer: http://210.212.226.241:8080/
[Thu Jan 29 05:33:18.370892 2026] [authz_core:error] [pid 6980:tid 824] [client 114.119.154.181:56639] AH01630: client denied by server configuration: C:/wamp64/apps/adminer4.7.5/, referer: http://210.212.226.241:8080/index.php?lang=english 'uname' is not recognized as an internal or external command, operable program or batch file.
[Thu Jan 29 19:01:15.586593 2026] [php7:error] [pid 6980:tid 880] [client 147.182.153.194:48998] script 'C:/wamp64/www/get.php' not found or unable to stat
[Fri Jan 30 06:27:20.180261 2026] [php7:error] [pid 6980:tid 840] [client 188.166.212.57:35878] script 'C:/wamp64/www/get.php' not found or unable to stat
[Fri Jan 30 09:51:36.164674 2026] [core:error] [pid 6980:tid 784] (22)Invalid argument: [client 185.213.25.237:51418] AH00127: Cannot map POST /%C0 HTTP/1.1 to file
[Fri Jan 30 17:01:51.368311 2026] [php7:error] [pid 6980:tid 676] [client 104.248.78.9:36298] script 'C:/wamp64/www/get.php' not found or unable to stat
[Fri Jan 30 20:15:37.400506 2026] [authz_core:error] [pid 6980:tid 1004] [client 42.0.7.241:45810] AH01630: client denied by server configuration: C:/wamp64/apps/adminer4.7.5/, referer: http://210.212.226.241:8080/
[Fri Jan 30 23:28:43.883617 2026] [authz_core:error] [pid 6980:tid 1004] [client 114.119.154.181:56919] AH01630: client denied by server configuration: C:/wamp64/apps/phpsysinfo3.3.1/, referer: http://210.212.226.241:8080/index.php?lang=english
[Sat Jan 31 05:37:03.759972 2026] [authz_core:error] [pid 6980:tid 1004] [client 154.124.1.125:51442] AH01630: client denied by server configuration: C:/wamp64/apps/phpmyadmin4.9.2/, referer: http://210.212.226.241:8080/
[Sat Jan 31 06:27:58.899709 2026] [core:error] [pid 6980:tid 784] (22)Invalid argument: [client 185.213.25.237:40676] AH00127: Cannot map POST /%C0 HTTP/1.1 to file
[Sat Jan 31 12:23:50.744205 2026] [core:error] [pid 6980:tid 784] (22)Invalid argument: [client 35.158.130.174:1066] AH00127: Cannot map POST /%C0 HTTP/1.1 to file
[Sat Jan 31 14:37:39.212329 2026] [authz_core:error] [pid 6980:tid 784] [client 185.136.148.51:40197] AH01630: client denied by server configuration: C:/wamp64/apps/phpsysinfo3.3.1/, referer: http://210.212.226.241:8080/
[Sat Jan 31 18:15:21.310372 2026] [php7:error] [pid 6980:tid 784] [client 206.189.190.21:48898] script 'C:/wamp64/www/get.php' not found or unable to stat
[Sun Feb 01 03:55:42.462018 2026] [authz_core:error] [pid 6980:tid 784] [client 114.119.154.89:51053] AH01630: client denied by server configuration: C:/wamp64/apps/adminer4.7.5/, referer: http://210.212.226.241:8080/index.php?lang=english
[Sun Feb 01 17:43:41.165230 2026] [php7:error] [pid 6980:tid 784] [client 209.38.92.102:45798] script 'C:/wamp64/www/get.php' not found or unable to stat
[Sun Feb 01 19:48:56.837899 2026] [authz_core:error] [pid 6980:tid 540] [client 185.213.230.107:5078] AH01630: client denied by server configuration: C:/wamp64/apps/adminer4.7.5/, referer: http://210.212.226.241:8080/
[Mon Feb 02 02:03:29.711545 2026] [cgi:error] [pid 6980:tid 784] [client 165.232.125.139:19516] AH02811: script not found or unable to stat: C:/wamp64/bin/apache/apache2.4.41/cgi-bin/authLogin.cgi
[Mon Feb 02 05:25:22.774631 2026] [authz_core:error] [pid 6980:tid 676] [client 103.166.59.212:59116] AH01630: client denied by server configuration: C:/wamp64/apps/phpmyadmin4.9.2/, referer: http://210.212.226.241:8080/
[Mon Feb 02 13:47:24.196558 2026] [authz_core:error] [pid 6980:tid 784] [client 187.213.109.146:35262] AH01630: client denied by server configuration: C:/wamp64/apps/phpsysinfo3.3.1/, referer: http://210.212.226.241:8080/
[Mon Feb 02 18:54:50.023996 2026] [php7:error] [pid 6980:tid 880] [client 165.22.27.163:42526] script 'C:/wamp64/www/get.php' not found or unable to stat
[Mon Feb 02 20:38:40.977229 2026] [authz_core:error] [pid 6980:tid 840] [client 197.47.178.136:57654] AH01630: client denied by server configuration: C:/wamp64/apps/adminer4.7.5/, referer: http://210.212.226.241:8080/
[Mon Feb 02 21:12:21.883259 2026] [core:error] [pid 6980:tid 880] (22)Invalid argument: [client 185.213.25.237:51914] AH00127: Cannot map POST /%C0 HTTP/1.1 to file
[Mon Feb 02 23:04:11.994017 2026] [php7:error] [pid 6980:tid 880] [client 159.223.10.24:43086] script 'C:/wamp64/www/get.php' not found or unable to stat
[Tue Feb 03 13:34:00.384946 2026] [authz_core:error] [pid 6980:tid 880] [client 146.75.175.0:36928] AH01630: client denied by server configuration: C:/wamp64/apps/adminer4.7.5/, referer: http://210.212.226.241:8080/
[Tue Feb 03 13:34:08.400846 2026] [authz_core:error] [pid 6980:tid 784] [client 146.75.203.68:15561] AH01630: client denied by server configuration: C:/wamp64/apps/phpmyadmin4.9.2/, referer: http://210.212.226.241:8080/
[Tue Feb 03 15:21:11.873945 2026] [authz_core:error] [pid 6980:tid 784] [client 114.119.136.120:43377] AH01630: client denied by server configuration: C:/wamp64/apps/phpmyadmin4.9.2/, referer: http://210.212.226.241:8080/index.php?lang=english
[Tue Feb 03 18:32:00.309297 2026] [php7:error] [pid 6980:tid 840] [client 216.73.216.26:55158] script 'C:/wamp64/www/WaterCat/index.php' not found or unable to stat
[Tue Feb 03 19:03:40.399202 2026] [php7:error] [pid 6980:tid 784] [client 68.183.117.102:39038] script 'C:/wamp64/www/get.php' not found or unable to stat
[Wed Feb 04 05:07:49.464797 2026] [authz_core:error] [pid 6980:tid 784] [client 38.51.120.32:33576] AH01630: client denied by server configuration: C:/wamp64/apps/phpmyadmin4.9.2/, referer: http://210.212.226.241:8080/
[Wed Feb 04 07:41:47.759991 2026] [authz_core:error] [pid 6980:tid 784] [client 187.190.215.81:56840] AH01630: client denied by server configuration: C:/wamp64/apps/adminer4.7.5/, referer: http://210.212.226.241:8080/
[Wed Feb 04 09:00:35.336912 2026] [cgi:error] [pid 6980:tid 784] [client 45.156.128.169:33863] AH02811: script not found or unable to stat: C:/wamp64/bin/apache/apache2.4.41/cgi-bin/authLogin.cgi
[Wed Feb 04 09:00:41.165844 2026] [cgi:error] [pid 6980:tid 784] [client 45.156.128.168:53516] AH02811: script not found or unable to stat: C:/wamp64/bin/apache/apache2.4.41/cgi-bin/php-cgi.exe
[Wed Feb 04 09:00:59.366214 2026] [cgi:error] [pid 6980:tid 784] [client 45.156.128.171:56857] AH02811: script not found or unable to stat: C:/wamp64/bin/apache/apache2.4.41/cgi-bin/main.pl
[Wed Feb 04 09:01:26.496166 2026] [php7:error] [pid 6980:tid 880] [client 45.156.128.169:34557] script 'C:/wamp64/www/status.php' not found or unable to stat
[Wed Feb 04 14:11:41.680700 2026] [authz_core:error] [pid 6980:tid 880] [client 156.204.68.242:60390] AH01630: client denied by server configuration: C:/wamp64/apps/phpsysinfo3.3.1/, referer: http://210.212.226.241:8080/
[Wed Feb 04 16:49:56.258374 2026] [authz_core:error] [pid 6980:tid 880] [client 114.119.136.120:43471] AH01630: client denied by server configuration: C:/wamp64/apps/phpsysinfo3.3.1/, referer: http://210.212.226.241:8080/index.php
[Wed Feb 04 19:02:10.367609 2026] [php7:error] [pid 6980:tid 880] [client 161.35.123.36:45332] script 'C:/wamp64/www/get.php' not found or unable to stat
[Thu Feb 05 08:11:39.759041 2026] [authz_core:error] [pid 6980:tid 880] [client 114.119.132.104:28109] AH01630: client denied by server configuration: C:/wamp64/apps/adminer4.7.5/, referer: http://210.212.226.241:8080/index.php?lang=english
[Thu Feb 05 10:56:28.650315 2026] [authz_core:error] [pid 6980:tid 784] [client 114.119.132.104:28111] AH01630: client denied by server configuration: C:/wamp64/apps/phpsysinfo3.3.1/, referer: http://210.212.226.241:8080/index.php?lang=english
[Thu Feb 05 11:51:46.174719 2026] [php7:error] [pid 6980:tid 784] [client 157.55.39.15:55887] script 'C:/wamp64/www/WaterCat/index.php' not found or unable to stat
[Thu Feb 05 13:19:57.056307 2026] [php7:error] [pid 6980:tid 880] [client 115.187.17.3:58072] script 'C:/wamp64/www/search.php' not found or unable to stat
[Thu Feb 05 13:20:27.055586 2026] [php7:error] [pid 6980:tid 1004] [client 115.187.17.3:58076] script 'C:/wamp64/www/search.php' not found or unable to stat
[Thu Feb 05 13:56:21.668013 2026] [php7:error] [pid 6980:tid 880] [client 115.187.17.3:58640] script 'C:/wamp64/www/language.php' not found or unable to stat
[Thu Feb 05 13:56:21.714906 2026] [php7:error] [pid 6980:tid 880] [client 115.187.17.3:58642] script 'C:/wamp64/www/language.php' not found or unable to stat
[Thu Feb 05 18:13:31.836621 2026] [php7:error] [pid 6980:tid 784] [client 162.243.112.19:57094] script 'C:/wamp64/www/get.php' not found or unable to stat
[Thu Feb 05 19:35:42.586892 2026] [php7:error] [pid 6980:tid 784] [client 137.184.82.39:38258] script 'C:/wamp64/www/get.php' not found or unable to stat
[Thu Feb 05 21:51:52.556591 2026] [authz_core:error] [pid 6980:tid 840] [client 157.10.227.111:33872] AH01630: client denied by server configuration: C:/wamp64/apps/adminer4.7.5/, referer: http://210.212.226.241:8080/
[Fri Feb 06 01:24:16.837339 2026] [cgi:error] [pid 6980:tid 880] [client 45.156.87.130:53280] AH02811: script not found or unable to stat: C:/wamp64/bin/apache/apache2.4.41/cgi-bin/luci
[Fri Feb 06 06:40:06.118262 2026] [authz_core:error] [pid 6980:tid 880] [client 45.161.253.132:27761] AH01630: client denied by server configuration: C:/wamp64/apps/phpmyadmin4.9.2/, referer: http://210.212.226.241:8080/ 'uname' is not recognized as an internal or external command, operable program or batch file. 'uname' is not recognized as an internal or external command, operable program or batch file.
[Fri Feb 06 15:23:39.947225 2026] [authz_core:error] [pid 6980:tid 840] [client 187.95.220.36:14672] AH01630: client denied by server configuration: C:/wamp64/apps/phpsysinfo3.3.1/, referer: http://210.212.226.241:8080/
[Fri Feb 06 15:45:52.501373 2026] [php7:error] [pid 6980:tid 540] [client 64.23.200.121:55162] script 'C:/wamp64/www/get.php' not found or unable to stat
[Sat Feb 07 00:13:50.868708 2026] [php7:error] [pid 6980:tid 784] [client 35.216.195.77:35006] script 'C:/wamp64/www/info.php' not found or unable to stat
[Sat Feb 07 01:26:50.363722 2026] [php7:error] [pid 6980:tid 760] [client 139.162.119.94:60084] script 'C:/wamp64/www/login.php' not found or unable to stat
[Sat Feb 07 01:26:54.072524 2026] [cgi:error] [pid 6980:tid 504] [client 139.162.119.94:60276] AH02811: script not found or unable to stat: C:/wamp64/bin/apache/apache2.4.41/cgi-bin/info.cgi
[Sat Feb 07 01:26:59.071414 2026] [php7:error] [pid 6980:tid 1004] [client 139.162.119.94:60786] script 'C:/wamp64/www/start.php' not found or unable to stat
[Sat Feb 07 01:27:01.604417 2026] [cgi:error] [pid 6980:tid 684] [client 139.162.119.94:35364] AH02811: script not found or unable to stat: C:/wamp64/bin/apache/apache2.4.41/cgi-bin/authLogin.cgi
[Sat Feb 07 01:27:02.292702 2026] [cgi:error] [pid 6980:tid 776] [client 139.162.119.94:35480] AH02811: script not found or unable to stat: C:/wamp64/bin/apache/apache2.4.41/cgi-bin/luci
[Sat Feb 07 01:27:02.555322 2026] [php7:error] [pid 6980:tid 776] [client 139.162.119.94:35512] script 'C:/wamp64/www/admin.php' not found or unable to stat
[Sat Feb 07 01:27:04.509465 2026] [cgi:error] [pid 6980:tid 676] [client 139.162.119.94:35872] AH02811: script not found or unable to stat: C:/wamp64/bin/apache/apache2.4.41/cgi-bin/meteobridge.cgi
[Sat Feb 07 01:27:05.462603 2026] [cgi:error] [pid 6980:tid 1004] [client 139.162.119.94:36040] AH02811: script not found or unable to stat: C:/wamp64/bin/apache/apache2.4.41/cgi-bin/getagent.cgi
[Sat Feb 07 01:27:09.571304 2026] [php7:error] [pid 6980:tid 1004] [client 139.162.119.94:60538] script 'C:/wamp64/www/base.php' not found or unable to stat
[Sat Feb 07 01:27:12.759444 2026] [php7:error] [pid 6980:tid 1004] [client 139.162.119.94:60744] script 'C:/wamp64/www/default.php' not found or unable to stat
[Sat Feb 07 01:27:16.570867 2026] [php7:error] [pid 6980:tid 1004] [client 139.162.119.94:60904] script 'C:/wamp64/www/indice.php' not found or unable to stat
[Sat Feb 07 09:12:39.780035 2026] [cgi:error] [pid 6980:tid 956] [client 64.89.163.109:57856] AH02811: script not found or unable to stat: C:/wamp64/bin/apache/apache2.4.41/cgi-bin/luci
[Sat Feb 07 16:23:46.728600 2026] [php7:error] [pid 6980:tid 956] [client 172.86.90.63:54838] script 'C:/wamp64/www/adminer.php' not found or unable to stat
[Sun Feb 08 03:00:03.649320 2026] [php7:error] [pid 6980:tid 880] [client 103.158.121.26:49630] script 'C:/wamp64/www/info.php' not found or unable to stat
[Sun Feb 08 03:00:03.789953 2026] [php7:error] [pid 6980:tid 880] [client 103.158.121.26:49630] script 'C:/wamp64/www/phpinfo.php' not found or unable to stat
[Sun Feb 08 03:00:04.321206 2026] [php7:error] [pid 6980:tid 880] [client 103.158.121.26:49640] script 'C:/wamp64/www/phpinfo1.php' not found or unable to stat
[Sun Feb 08 03:00:04.478560 2026] [php7:error] [pid 6980:tid 880] [client 103.158.121.26:49640] script 'C:/wamp64/www/php-info.php' not found or unable to stat
[Sun Feb 08 03:00:04.539996 2026] [php7:error] [pid 6980:tid 880] [client 103.158.121.26:49640] script 'C:/wamp64/www/php_info.php' not found or unable to stat
[Sun Feb 08 03:00:04.618116 2026] [php7:error] [pid 6980:tid 880] [client 103.158.121.26:49640] script 'C:/wamp64/www/pi.php' not found or unable to stat
[Sun Feb 08 03:00:04.696244 2026] [php7:error] [pid 6980:tid 880] [client 103.158.121.26:49640] script 'C:/wamp64/www/p.php' not found or unable to stat
[Sun Feb 08 03:00:04.774376 2026] [php7:error] [pid 6980:tid 880] [client 103.158.121.26:49640] script 'C:/wamp64/www/v.php' not found or unable to stat
[Sun Feb 08 03:00:04.852481 2026] [php7:error] [pid 6980:tid 880] [client 103.158.121.26:49640] script 'C:/wamp64/www/i.php' not found or unable to stat
[Sun Feb 08 03:00:04.919114 2026] [php7:error] [pid 6980:tid 880] [client 103.158.121.26:49640] script 'C:/wamp64/www/x.php' not found or unable to stat
[Sun Feb 08 03:00:04.988430 2026] [php7:error] [pid 6980:tid 880] [client 103.158.121.26:49640] script 'C:/wamp64/www/t.php' not found or unable to stat
[Sun Feb 08 03:00:09.837248 2026] [php7:error] [pid 6980:tid 880] [client 103.158.121.26:49640] script 'C:/wamp64/www/phpinfo.php.bak' not found or unable to stat
[Sun Feb 08 03:00:09.931005 2026] [php7:error] [pid 6980:tid 880] [client 103.158.121.26:49640] script 'C:/wamp64/www/phpinfo.php.old' not found or unable to stat
[Sun Feb 08 03:00:10.181003 2026] [php7:error] [pid 6980:tid 880] [client 103.158.121.26:49640] script 'C:/wamp64/www/adminer.php' not found or unable to stat
[Sun Feb 08 03:00:10.264381 2026] [authz_core:error] [pid 6980:tid 880] [client 103.158.121.26:49640] AH01630: client denied by server configuration: C:/wamp64/apps/phpmyadmin4.9.2/phpinfo.php
[Sun Feb 08 09:24:19.931865 2026] [cgi:error] [pid 6980:tid 760] [client 167.172.110.232:26218] AH02811: script not found or unable to stat: C:/wamp64/bin/apache/apache2.4.41/cgi-bin/authLogin.cgi
[Mon Feb 09 16:28:11.680477 2026] [authz_core:error] [pid 6980:tid 956] [client 189.202.23.158:54745] AH01630: client denied by server configuration: C:/wamp64/apps/phpsysinfo3.3.1/, referer: http://210.212.226.241:8080/
[Mon Feb 09 21:03:23.087176 2026] [authz_core:error] [pid 6980:tid 956] [client 37.238.151.26:53415] AH01630: client denied by server configuration: C:/wamp64/apps/adminer4.7.5/, referer: http://210.212.226.241:8080/
[Tue Feb 10 00:51:06.243947 2026] [php7:error] [pid 6980:tid 684] [client 139.162.3.141:33258] script 'C:/wamp64/www/login.php' not found or unable to stat
[Tue Feb 10 00:51:07.586872 2026] [cgi:error] [pid 6980:tid 1004] [client 139.162.3.141:36222] AH02811: script not found or unable to stat: C:/wamp64/bin/apache/apache2.4.41/cgi-bin/info.cgi
[Tue Feb 10 00:51:13.931360 2026] [cgi:error] [pid 6980:tid 840] [client 139.162.3.141:36982] AH02811: script not found or unable to stat: C:/wamp64/bin/apache/apache2.4.41/cgi-bin/authLogin.cgi
[Tue Feb 10 00:51:14.056365 2026] [php7:error] [pid 6980:tid 872] [client 139.162.3.141:37028] script 'C:/wamp64/www/menu.php' not found or unable to stat
[Tue Feb 10 00:51:14.852268 2026] [cgi:error] [pid 6980:tid 932] [client 139.162.3.141:37136] AH02811: script not found or unable to stat: C:/wamp64/bin/apache/apache2.4.41/cgi-bin/luci
[Tue Feb 10 00:51:17.290100 2026] [cgi:error] [pid 6980:tid 1004] [client 139.162.3.141:37546] AH02811: script not found or unable to stat: C:/wamp64/bin/apache/apache2.4.41/cgi-bin/meteobridge.cgi
[Tue Feb 10 00:51:17.947364 2026] [cgi:error] [pid 6980:tid 872] [client 139.162.3.141:37974] AH02811: script not found or unable to stat: C:/wamp64/bin/apache/apache2.4.41/cgi-bin/getagent.cgi
[Tue Feb 10 00:51:21.431914 2026] [php7:error] [pid 6980:tid 956] [client 139.162.3.141:38228] script 'C:/wamp64/www/admin.php' not found or unable to stat
[Tue Feb 10 00:51:24.805532 2026] [php7:error] [pid 6980:tid 956] [client 139.162.3.141:38506] script 'C:/wamp64/www/base.php' not found or unable to stat
[Tue Feb 10 00:51:26.649345 2026] [php7:error] [pid 6980:tid 956] [client 139.162.3.141:38664] script 'C:/wamp64/www/main.php' not found or unable to stat
[Tue Feb 10 00:51:26.961893 2026] [php7:error] [pid 6980:tid 956] [client 139.162.3.141:38690] script 'C:/wamp64/www/inicio.php' not found or unable to stat
[Tue Feb 10 00:51:28.650378 2026] [php7:error] [pid 6980:tid 956] [client 139.162.3.141:48788] script 'C:/wamp64/www/home.php' not found or unable to stat
[Tue Feb 10 00:51:30.025399 2026] [php7:error] [pid 6980:tid 936] [client 139.162.3.141:48946] script 'C:/wamp64/www/start.php' not found or unable to stat
[Tue Feb 10 04:22:53.353285 2026] [core:error] [pid 6980:tid 676] (22)Invalid argument: [client 185.213.25.237:5474] AH00127: Cannot map POST /%C0 HTTP/1.1 to file
[Wed Feb 11 03:37:27.383378 2026] [authz_core:error] [pid 6980:tid 676] [client 5.62.144.102:58572] AH01630: client denied by server configuration: C:/wamp64/apps/adminer4.7.5/, referer: http://210.212.226.241:8080/
[Wed Feb 11 05:46:20.743850 2026] [core:error] [pid 6980:tid 676] (22)Invalid argument: [client 185.213.25.237:21702] AH00127: Cannot map POST /%C0 HTTP/1.1 to file
[Wed Feb 11 06:13:51.133297 2026] [core:error] [pid 6980:tid 676] (22)Invalid argument: [client 35.158.130.174:37536] AH00127: Cannot map POST /%C0 HTTP/1.1 to file
[Wed Feb 11 06:33:14.289767 2026] [php7:error] [pid 6980:tid 936] [client 176.65.149.17:47036] script 'C:/wamp64/www/wp-config.php' not found or unable to stat
[Wed Feb 11 20:57:00.714252 2026] [authz_core:error] [pid 6980:tid 932] [client 41.56.189.124:51323] AH01630: client denied by server configuration: C:/wamp64/apps/phpsysinfo3.3.1/, referer: http://210.212.226.241:8080/
[Fri Feb 13 03:06:13.649604 2026] [authz_core:error] [pid 6980:tid 944] [client 181.94.228.162:22863] AH01630: client denied by server configuration: C:/wamp64/apps/adminer4.7.5/, referer: http://210.212.226.241:8080/
[Fri Feb 13 06:11:18.213703 2026] [cgi:error] [pid 6980:tid 944] [client 45.156.128.122:56973] AH02811: script not found or unable to stat: C:/wamp64/bin/apache/apache2.4.41/cgi-bin/main.pl
[Fri Feb 13 06:12:24.307968 2026] [cgi:error] [pid 6980:tid 992] [client 45.156.128.121:47682] AH02811: script not found or unable to stat: C:/wamp64/bin/apache/apache2.4.41/cgi-bin/php-cgi.exe
[Fri Feb 13 06:13:49.367700 2026] [php7:error] [pid 6980:tid 960] [client 45.156.128.121:54369] script 'C:/wamp64/www/status.php' not found or unable to stat
[Fri Feb 13 06:15:56.353910 2026] [cgi:error] [pid 6980:tid 816] [client 45.156.128.121:48091] AH02811: script not found or unable to stat: C:/wamp64/bin/apache/apache2.4.41/cgi-bin/authLogin.cgi
[Fri Feb 13 09:54:00.509130 2026] [php7:error] [pid 6980:tid 752] [client 74.7.227.5:51772] script 'C:/wamp64/www/WaterCat/index.php' not found or unable to stat, referer: http://210.212.226.241:8080/watercat/contact.html
[Fri Feb 13 09:54:07.195918 2026] [core:error] [pid 6980:tid 752] (20024)The given path is misformatted or contained invalid characters: [client 74.7.227.5:51772] AH00127: Cannot map GET /watercat/gallery/%22.$path.%22/pwreset.php HTTP/1.1 to file, referer: http://210.212.226.241:8080/watercat/gallery/alfa.php
[Fri Feb 13 09:54:08.576520 2026] [core:error] [pid 6980:tid 752] (20024)The given path is misformatted or contained invalid characters: [client 74.7.227.5:51772] AH00127: Cannot map GET /watercat/gallery/%22.$path.%22/solevisible.php HTTP/1.1 to file, referer: http://210.212.226.241:8080/watercat/gallery/alfa.php
[Fri Feb 13 09:54:11.246873 2026] [core:error] [pid 6980:tid 752] (20024)The given path is misformatted or contained invalid characters: [client 74.7.227.5:51772] AH00127: Cannot map GET /%22%7B/$pw_reset_url%7D/%22 HTTP/1.1 to file, referer: http://210.212.226.241:8080/watercat/gallery/alfa.php
[Fri Feb 13 09:54:12.524116 2026] [core:error] [pid 6980:tid 752] (20024)The given path is misformatted or contained invalid characters: [client 74.7.227.5:51772] AH00127: Cannot map GET /watercat/gallery/%22.$path.%22/%22.$fname.%22 HTTP/1.1 to file, referer: http://210.212.226.241:8080/watercat/gallery/alfa.php
[Fri Feb 13 09:54:17.915734 2026] [core:error] [pid 6980:tid 752] (20024)The given path is misformatted or contained invalid characters: [client 74.7.227.5:51772] AH00127: Cannot map GET /watercat/gallery/%22.$fff.%22 HTTP/1.1 to file, referer: http://210.212.226.241:8080/watercat/gallery/alfa.php
[Fri Feb 13 09:54:19.258523 2026] [core:error] [pid 6980:tid 752] (20024)The given path is misformatted or contained invalid characters: [client 74.7.227.5:51772] AH00127: Cannot map GET /watercat/gallery/%22.$ff.%22 HTTP/1.1 to file, referer: http://210.212.226.241:8080/watercat/gallery/alfa.php
[Fri Feb 13 09:54:27.311257 2026] [core:error] [pid 6980:tid 752] (20024)The given path is misformatted or contained invalid characters: [client 74.7.227.5:51772] AH00127: Cannot map GET /watercat/gallery/%22.__showicon( HTTP/1.1 to file, referer: http://210.212.226.241:8080/watercat/gallery/alfa.php
[Fri Feb 13 09:54:28.665455 2026] [core:error] [pid 6980:tid 752] (20024)The given path is misformatted or contained invalid characters: [client 74.7.227.5:51772] AH00127: Cannot map GET /watercat/gallery/%22.$string.%22 HTTP/1.1 to file, referer: http://210.212.226.241:8080/watercat/gallery/alfa.php
[Fri Feb 13 09:54:29.962535 2026] [core:error] [pid 6980:tid 752] (20024)The given path is misformatted or contained invalid characters: [client 74.7.227.5:51772] AH00127: Cannot map GET /watercat/gallery/'.$json-%3Eurl.' HTTP/1.1 to file, referer: http://210.212.226.241:8080/watercat/gallery/alfa.php
[Fri Feb 13 09:54:32.603815 2026] [core:error] [pid 6980:tid 752] (20024)The given path is misformatted or contained invalid characters: [client 74.7.227.5:51772] AH00127: Cannot map GET /%22http:/solevisible.com/images/farvahar-iran.png/%22 HTTP/1.1 to file, referer: http://210.212.226.241:8080/watercat/gallery/alfa.php
[Fri Feb 13 10:59:47.947487 2026] [authz_core:error] [pid 6980:tid 992] [client 193.32.249.135:50194] AH01630: client denied by server configuration: C:/wamp64/apps/phpmyadmin4.9.2/, referer: http://210.212.226.241:8080/
[Fri Feb 13 21:26:44.243391 2026] [authz_core:error] [pid 6980:tid 540] [client 103.26.82.102:56630] AH01630: client denied by server configuration: C:/wamp64/apps/phpsysinfo3.3.1/, referer: http://210.212.226.241:8080/
[Sun Feb 15 03:27:54.868580 2026] [authz_core:error] [pid 6980:tid 944] [client 151.244.152.6:21400] AH01630: client denied by server configuration: C:/wamp64/apps/adminer4.7.5/, referer: http://210.212.226.241:8080/
[Sun Feb 15 14:38:15.164536 2026] [cgi:error] [pid 6980:tid 540] [client 87.120.191.81:49562] AH02811: script not found or unable to stat: C:/wamp64/bin/apache/apache2.4.41/cgi-bin/luci
[Sun Feb 15 21:43:29.696583 2026] [authz_core:error] [pid 6980:tid 540] [client 5.36.101.63:52022] AH01630: client denied by server configuration: C:/wamp64/apps/phpsysinfo3.3.1/, referer: http://210.212.226.241:8080/
[Tue Feb 17 00:07:17.946206 2026] [authz_core:error] [pid 6980:tid 676] [client 201.221.115.7:45542] AH01630: client denied by server configuration: C:/wamp64/apps/adminer4.7.5/, referer: http://210.212.226.241:8080/
[Tue Feb 17 07:49:17.727566 2026] [cgi:error] [pid 6980:tid 668] [client 134.122.64.138:55238] AH02811: script not found or unable to stat: C:/wamp64/bin/apache/apache2.4.41/cgi-bin/authLogin.cgi
[Wed Feb 18 17:54:41.603216 2026] [authz_core:error] [pid 6980:tid 668] [client 105.77.205.223:7333] AH01630: client denied by server configuration: C:/wamp64/apps/phpsysinfo3.3.1/, referer: http://210.212.226.241:8080/
[Thu Feb 19 00:33:04.045842 2026] [authz_core:error] [pid 6980:tid 668] [client 41.34.32.246:59946] AH01630: client denied by server configuration: C:/wamp64/apps/adminer4.7.5/, referer: http://210.212.226.241:8080/
[Thu Feb 19 13:09:57.415213 2026] [core:error] [pid 6980:tid 676] [client 185.91.69.5:47392] AH00126: Invalid URI in request GET stager64 HTTP/1.1
