[Thu Nov 06 19:50:11.217288 2025] [cgi:error] [pid 6980:tid 732] [client 193.142.147.209:20152] AH02811: script not found or unable to stat: C:/wamp64/bin/apache/apache2.4.41/cgi-bin/luci
[Thu Nov 06 23:48:07.281011 2025] [cgi:error] [pid 6980:tid 904] [client 193.142.147.209:61086] AH02811: script not found or unable to stat: C:/wamp64/bin/apache/apache2.4.41/cgi-bin/luci
[Thu Nov 06 23:54:58.812445 2025] [authz_core:error] [pid 6980:tid 904] [client 114.119.133.35:61463] AH01630: client denied by server configuration: C:/wamp64/apps/adminer4.7.5/, referer: http://210.212.226.241:8080/index.php?lang=english
[Fri Nov 07 03:26:12.280025 2025] [core:error] [pid 6980:tid 904] (22)Invalid argument: [client 34.207.56.16:64518] AH00127: Cannot map POST /%C0 HTTP/1.1 to file
[Fri Nov 07 05:00:33.998722 2025] [cgi:error] [pid 6980:tid 904] [client 193.142.147.209:47194] AH02811: script not found or unable to stat: C:/wamp64/bin/apache/apache2.4.41/cgi-bin/luci
[Fri Nov 07 05:32:29.352104 2025] [authz_core:error] [pid 6980:tid 856] [client 114.119.133.35:61557] AH01630: client denied by server configuration: C:/wamp64/apps/phpsysinfo3.3.1/, referer: http://210.212.226.241:8080/index.php?lang=english
[Fri Nov 07 07:36:59.592144 2025] [cgi:error] [pid 6980:tid 1008] [client 193.142.147.209:8386] AH02811: script not found or unable to stat: C:/wamp64/bin/apache/apache2.4.41/cgi-bin/luci
[Fri Nov 07 11:34:03.046596 2025] [cgi:error] [pid 6980:tid 1008] [client 193.142.147.209:48518] AH02811: script not found or unable to stat: C:/wamp64/bin/apache/apache2.4.41/cgi-bin/luci
[Fri Nov 07 11:56:11.437207 2025] [cgi:error] [pid 6980:tid 1008] [client 196.251.87.155:21424] AH02811: script not found or unable to stat: C:/wamp64/bin/apache/apache2.4.41/cgi-bin/luci
[Fri Nov 07 12:26:26.764479 2025] [php7:error] [pid 6980:tid 1008] [client 170.64.236.103:37112] script 'C:/wamp64/www/get.php' not found or unable to stat
[Fri Nov 07 15:38:58.233774 2025] [cgi:error] [pid 6980:tid 1008] [client 193.142.147.209:41358] AH02811: script not found or unable to stat: C:/wamp64/bin/apache/apache2.4.41/cgi-bin/luci
[Fri Nov 07 16:39:48.155970 2025] [cgi:error] [pid 6980:tid 856] [client 89.35.130.116:48126] AH02811: script not found or unable to stat: C:/wamp64/bin/apache/apache2.4.41/cgi-bin/luci
[Fri Nov 07 19:30:23.937038 2025] [authz_core:error] [pid 6980:tid 704] [client 114.119.132.104:22863] AH01630: client denied by server configuration: C:/wamp64/apps/phpsysinfo3.3.1/, referer: http://210.212.226.241:8080/index.php?lang=english
[Fri Nov 07 19:45:33.437083 2025] [cgi:error] [pid 6980:tid 704] [client 193.142.147.209:43774] AH02811: script not found or unable to stat: C:/wamp64/bin/apache/apache2.4.41/cgi-bin/luci
[Fri Nov 07 23:50:30.172256 2025] [cgi:error] [pid 6980:tid 704] [client 193.142.147.209:26226] AH02811: script not found or unable to stat: C:/wamp64/bin/apache/apache2.4.41/cgi-bin/luci
[Sat Nov 08 03:33:09.623539 2025] [cgi:error] [pid 6980:tid 704] [client 193.142.147.209:26998] AH02811: script not found or unable to stat: C:/wamp64/bin/apache/apache2.4.41/cgi-bin/luci
[Sat Nov 08 06:37:25.297298 2025] [cgi:error] [pid 6980:tid 704] [client 193.142.147.209:19870] AH02811: script not found or unable to stat: C:/wamp64/bin/apache/apache2.4.41/cgi-bin/luci
[Sat Nov 08 06:43:31.640237 2025] [cgi:error] [pid 6980:tid 1008] [client 185.241.208.82:16464] AH02811: script not found or unable to stat: C:/wamp64/bin/apache/apache2.4.41/cgi-bin/php-cgi.exe
[Sat Nov 08 06:43:35.030448 2025] [cgi:error] [pid 6980:tid 1008] [client 185.241.208.82:16484] AH02811: script not found or unable to stat: C:/wamp64/bin/apache/apache2.4.41/cgi-bin/php.exe
[Sat Nov 08 08:23:56.187788 2025] [php7:error] [pid 6980:tid 704] [client 167.172.191.62:32970] script 'C:/wamp64/www/get.php' not found or unable to stat
[Sat Nov 08 11:42:35.249632 2025] [php7:error] [pid 6980:tid 1008] [client 139.59.29.42:40476] script 'C:/wamp64/www/get.php' not found or unable to stat
[Sat Nov 08 15:09:47.968866 2025] [cgi:error] [pid 6980:tid 1008] [client 193.142.147.209:59362] AH02811: script not found or unable to stat: C:/wamp64/bin/apache/apache2.4.41/cgi-bin/luci
[Sat Nov 08 16:57:23.077814 2025] [cgi:error] [pid 6980:tid 1008] [client 193.142.147.209:8512] AH02811: script not found or unable to stat: C:/wamp64/bin/apache/apache2.4.41/cgi-bin/luci
[Sat Nov 08 21:09:18.330399 2025] [cgi:error] [pid 6980:tid 1008] [client 104.248.142.207:22212] AH02811: script not found or unable to stat: C:/wamp64/bin/apache/apache2.4.41/cgi-bin/authLogin.cgi
[Sun Nov 09 01:04:30.567588 2025] [cgi:error] [pid 6980:tid 704] [client 193.142.147.209:7572] AH02811: script not found or unable to stat: C:/wamp64/bin/apache/apache2.4.41/cgi-bin/luci
[Sun Nov 09 03:24:39.373737 2025] [cgi:error] [pid 6980:tid 704] [client 193.142.147.209:36934] AH02811: script not found or unable to stat: C:/wamp64/bin/apache/apache2.4.41/cgi-bin/luci
[Sun Nov 09 08:03:46.367084 2025] [cgi:error] [pid 6980:tid 704] [client 196.251.87.155:26180] AH02811: script not found or unable to stat: C:/wamp64/bin/apache/apache2.4.41/cgi-bin/luci
[Sun Nov 09 10:30:35.517150 2025] [authz_core:error] [pid 6980:tid 992] [client 114.119.134.51:59253] AH01630: client denied by server configuration: C:/wamp64/apps/phpmyadmin4.9.2/, referer: http://210.212.226.241:8080/index.php?lang=english
[Sun Nov 09 10:40:18.985199 2025] [cgi:error] [pid 6980:tid 992] [client 193.142.147.209:16810] AH02811: script not found or unable to stat: C:/wamp64/bin/apache/apache2.4.41/cgi-bin/luci
[Sun Nov 09 13:58:22.687077 2025] [php7:error] [pid 6980:tid 996] [client 165.22.51.107:35766] script 'C:/wamp64/www/get.php' not found or unable to stat
[Sun Nov 09 14:47:00.578503 2025] [cgi:error] [pid 6980:tid 996] [client 193.142.147.209:53696] AH02811: script not found or unable to stat: C:/wamp64/bin/apache/apache2.4.41/cgi-bin/luci
[Sun Nov 09 18:50:48.936007 2025] [cgi:error] [pid 6980:tid 760] [client 193.142.147.209:13644] AH02811: script not found or unable to stat: C:/wamp64/bin/apache/apache2.4.41/cgi-bin/luci
[Sun Nov 09 22:31:50.171420 2025] [cgi:error] [pid 6980:tid 760] [client 193.142.147.209:14460] AH02811: script not found or unable to stat: C:/wamp64/bin/apache/apache2.4.41/cgi-bin/luci
[Sun Nov 09 23:11:43.092764 2025] [authz_core:error] [pid 6980:tid 760] [client 207.46.13.107:16636] AH01630: client denied by server configuration: C:/wamp64/apps/adminer4.7.5/
[Mon Nov 10 02:16:53.629896 2025] [cgi:error] [pid 6980:tid 992] [client 193.142.147.209:5114] AH02811: script not found or unable to stat: C:/wamp64/bin/apache/apache2.4.41/cgi-bin/luci
[Mon Nov 10 06:05:34.186095 2025] [cgi:error] [pid 6980:tid 760] [client 193.142.147.209:65104] AH02811: script not found or unable to stat: C:/wamp64/bin/apache/apache2.4.41/cgi-bin/luci
[Mon Nov 10 07:23:35.140208 2025] [authz_core:error] [pid 6980:tid 760] [client 114.119.132.104:23181] AH01630: client denied by server configuration: C:/wamp64/apps/adminer4.7.5/, referer: http://210.212.226.241:8080/index.php?lang=english
[Mon Nov 10 09:52:04.139198 2025] [cgi:error] [pid 6980:tid 744] [client 193.142.147.209:36914] AH02811: script not found or unable to stat: C:/wamp64/bin/apache/apache2.4.41/cgi-bin/luci
[Mon Nov 10 10:44:40.232972 2025] [php7:error] [pid 6980:tid 744] [client 66.249.73.128:58906] script 'C:/wamp64/www/WaterCat/index.php' not found or unable to stat
[Mon Nov 10 15:25:43.217722 2025] [cgi:error] [pid 6980:tid 996] [client 193.142.147.209:44552] AH02811: script not found or unable to stat: C:/wamp64/bin/apache/apache2.4.41/cgi-bin/luci
[Mon Nov 10 19:01:36.890640 2025] [php7:error] [pid 6980:tid 996] [client 178.62.207.34:33456] script 'C:/wamp64/www/get.php' not found or unable to stat
[Tue Nov 11 00:33:00.358903 2025] [cgi:error] [pid 6980:tid 996] [client 193.142.147.209:25082] AH02811: script not found or unable to stat: C:/wamp64/bin/apache/apache2.4.41/cgi-bin/luci
[Tue Nov 11 02:30:19.982985 2025] [cgi:error] [pid 6980:tid 856] [client 193.142.147.209:41772] AH02811: script not found or unable to stat: C:/wamp64/bin/apache/apache2.4.41/cgi-bin/luci
[Tue Nov 11 05:05:14.014175 2025] [cgi:error] [pid 6980:tid 744] [client 193.142.147.209:33592] AH02811: script not found or unable to stat: C:/wamp64/bin/apache/apache2.4.41/cgi-bin/luci
[Tue Nov 11 07:31:09.639963 2025] [cgi:error] [pid 6980:tid 996] [client 193.142.147.209:32326] AH02811: script not found or unable to stat: C:/wamp64/bin/apache/apache2.4.41/cgi-bin/luci
[Tue Nov 11 07:38:38.602770 2025] [php7:error] [pid 6980:tid 744] [client 31.58.169.143:55056] script 'C:/wamp64/www/frontend_dev.php' not found or unable to stat
[Tue Nov 11 07:38:42.514678 2025] [php7:error] [pid 6980:tid 744] [client 31.58.169.143:55895] script 'C:/wamp64/www/phpinfo.php' not found or unable to stat
[Tue Nov 11 10:08:58.374269 2025] [php7:error] [pid 6980:tid 704] [client 31.58.169.143:49340] script 'C:/wamp64/www/phpinfo.php' not found or unable to stat
[Tue Nov 11 10:08:58.826572 2025] [php7:error] [pid 6980:tid 704] [client 31.58.169.143:49400] script 'C:/wamp64/www/info.php' not found or unable to stat
[Tue Nov 11 10:08:59.767027 2025] [php7:error] [pid 6980:tid 704] [client 31.58.169.143:49632] script 'C:/wamp64/www/php_info.php' not found or unable to stat
[Tue Nov 11 10:09:00.204577 2025] [php7:error] [pid 6980:tid 704] [client 31.58.169.143:49779] script 'C:/wamp64/www/test.php' not found or unable to stat
[Tue Nov 11 11:55:10.662799 2025] [cgi:error] [pid 6980:tid 996] [client 193.142.147.209:5826] AH02811: script not found or unable to stat: C:/wamp64/bin/apache/apache2.4.41/cgi-bin/luci
[Tue Nov 11 14:33:53.030148 2025] [php7:error] [pid 6980:tid 996] [client 35.216.189.16:56780] script 'C:/wamp64/www/info.php' not found or unable to stat
[Tue Nov 11 16:42:26.592853 2025] [cgi:error] [pid 6980:tid 996] [client 193.142.147.209:60372] AH02811: script not found or unable to stat: C:/wamp64/bin/apache/apache2.4.41/cgi-bin/luci
[Tue Nov 11 17:39:29.405328 2025] [php7:error] [pid 6980:tid 704] [client 165.227.208.16:60222] script 'C:/wamp64/www/get.php' not found or unable to stat
[Tue Nov 11 19:03:48.641160 2025] [cgi:error] [pid 6980:tid 744] [client 193.142.147.209:21478] AH02811: script not found or unable to stat: C:/wamp64/bin/apache/apache2.4.41/cgi-bin/luci
[Tue Nov 11 19:36:53.422933 2025] [authz_core:error] [pid 6980:tid 744] [client 114.119.133.35:62917] AH01630: client denied by server configuration: C:/wamp64/apps/phpmyadmin4.9.2/, referer: http://210.212.226.241:8080/index.php?lang=english
[Tue Nov 11 21:15:25.421780 2025] [cgi:error] [pid 6980:tid 996] [client 193.142.147.209:35970] AH02811: script not found or unable to stat: C:/wamp64/bin/apache/apache2.4.41/cgi-bin/luci
[Tue Nov 11 23:41:39.608037 2025] [cgi:error] [pid 6980:tid 996] [client 193.142.147.209:1988] AH02811: script not found or unable to stat: C:/wamp64/bin/apache/apache2.4.41/cgi-bin/luci
[Wed Nov 12 01:43:40.687381 2025] [cgi:error] [pid 6980:tid 996] [client 193.142.147.209:44120] AH02811: script not found or unable to stat: C:/wamp64/bin/apache/apache2.4.41/cgi-bin/luci
[Wed Nov 12 04:04:17.892908 2025] [cgi:error] [pid 6980:tid 704] [client 193.142.147.209:24050] AH02811: script not found or unable to stat: C:/wamp64/bin/apache/apache2.4.41/cgi-bin/luci
[Wed Nov 12 06:22:53.624566 2025] [cgi:error] [pid 6980:tid 704] [client 193.142.147.209:25884] AH02811: script not found or unable to stat: C:/wamp64/bin/apache/apache2.4.41/cgi-bin/luci
[Wed Nov 12 08:56:34.406455 2025] [cgi:error] [pid 6980:tid 760] [client 193.142.147.209:3144] AH02811: script not found or unable to stat: C:/wamp64/bin/apache/apache2.4.41/cgi-bin/luci
[Wed Nov 12 10:20:28.061862 2025] [core:error] [pid 6980:tid 992] (22)Invalid argument: [client 34.207.56.16:54611] AH00127: Cannot map POST /%C0 HTTP/1.1 to file
[Wed Nov 12 11:02:32.951604 2025] [cgi:error] [pid 6980:tid 992] [client 87.120.191.92:47040] AH02811: script not found or unable to stat: C:/wamp64/bin/apache/apache2.4.41/cgi-bin/luci
[Wed Nov 12 11:11:10.780208 2025] [cgi:error] [pid 6980:tid 992] [client 193.142.147.209:9134] AH02811: script not found or unable to stat: C:/wamp64/bin/apache/apache2.4.41/cgi-bin/luci
[Wed Nov 12 11:59:05.936944 2025] [cgi:error] [pid 6980:tid 992] [client 87.120.191.92:35808] AH02811: script not found or unable to stat: C:/wamp64/bin/apache/apache2.4.41/cgi-bin/luci
[Wed Nov 12 13:30:47.467850 2025] [cgi:error] [pid 6980:tid 992] [client 193.142.147.209:10656] AH02811: script not found or unable to stat: C:/wamp64/bin/apache/apache2.4.41/cgi-bin/luci
[Wed Nov 12 15:57:44.421890 2025] [cgi:error] [pid 6980:tid 704] [client 193.142.147.209:27212] AH02811: script not found or unable to stat: C:/wamp64/bin/apache/apache2.4.41/cgi-bin/luci
[Wed Nov 12 16:52:02.186516 2025] [cgi:error] [pid 6980:tid 704] [client 45.135.194.71:55742] AH02811: script not found or unable to stat: C:/wamp64/bin/apache/apache2.4.41/cgi-bin/luci
[Wed Nov 12 17:36:23.327277 2025] [php7:error] [pid 6980:tid 704] [client 128.199.81.17:55842] script 'C:/wamp64/www/get.php' not found or unable to stat
[Wed Nov 12 17:43:43.266014 2025] [cgi:error] [pid 6980:tid 704] [client 193.142.147.209:54356] AH02811: script not found or unable to stat: C:/wamp64/bin/apache/apache2.4.41/cgi-bin/luci
[Wed Nov 12 18:30:48.175887 2025] [php7:error] [pid 6980:tid 996] [client 198.211.96.156:57302] script 'C:/wamp64/www/get.php' not found or unable to stat
[Wed Nov 12 21:12:56.467209 2025] [cgi:error] [pid 6980:tid 996] [client 193.142.147.209:25528] AH02811: script not found or unable to stat: C:/wamp64/bin/apache/apache2.4.41/cgi-bin/luci
[Thu Nov 13 03:53:53.437786 2025] [cgi:error] [pid 6980:tid 760] [client 87.120.191.92:37504] AH02811: script not found or unable to stat: C:/wamp64/bin/apache/apache2.4.41/cgi-bin/luci
[Thu Nov 13 05:31:44.171558 2025] [cgi:error] [pid 6980:tid 904] [client 193.142.147.209:57246] AH02811: script not found or unable to stat: C:/wamp64/bin/apache/apache2.4.41/cgi-bin/luci
[Thu Nov 13 09:15:57.703280 2025] [cgi:error] [pid 6980:tid 992] [client 193.142.147.209:16826] AH02811: script not found or unable to stat: C:/wamp64/bin/apache/apache2.4.41/cgi-bin/luci
[Thu Nov 13 12:14:03.282061 2025] [core:error] [pid 6980:tid 856] [client 172.232.159.13:40618] AH00126: Invalid URI in request GET default.asp HTTP/1.1
[Thu Nov 13 12:14:03.391472 2025] [php7:error] [pid 6980:tid 944] [client 172.232.159.13:40596] script 'C:/wamp64/www/login.php' not found or unable to stat
[Thu Nov 13 12:14:11.295885 2025] [php7:error] [pid 6980:tid 732] [client 172.232.159.13:58966] script 'C:/wamp64/www/start.php' not found or unable to stat
[Thu Nov 13 12:14:12.062248 2025] [php7:error] [pid 6980:tid 732] [client 172.232.159.13:58982] script 'C:/wamp64/www/indice.php' not found or unable to stat
[Thu Nov 13 12:14:12.743228 2025] [cgi:error] [pid 6980:tid 944] [client 172.232.159.13:58998] AH02811: script not found or unable to stat: C:/wamp64/bin/apache/apache2.4.41/cgi-bin/info.cgi
[Thu Nov 13 13:17:06.374428 2025] [cgi:error] [pid 6980:tid 880] [client 193.142.147.209:41258] AH02811: script not found or unable to stat: C:/wamp64/bin/apache/apache2.4.41/cgi-bin/luci
[Thu Nov 13 17:18:47.549343 2025] [cgi:error] [pid 6980:tid 912] [client 78.31.250.12:39236] AH02811: script not found or unable to stat: C:/wamp64/bin/apache/apache2.4.41/cgi-bin/luci
[Thu Nov 13 17:42:19.744310 2025] [cgi:error] [pid 6980:tid 732] [client 193.142.147.209:29934] AH02811: script not found or unable to stat: C:/wamp64/bin/apache/apache2.4.41/cgi-bin/luci
[Thu Nov 13 18:43:28.623726 2025] [php7:error] [pid 6980:tid 732] [client 139.59.119.82:53608] script 'C:/wamp64/www/get.php' not found or unable to stat
[Thu Nov 13 19:20:26.124859 2025] [php7:error] [pid 6980:tid 944] [client 66.249.73.129:36986] script 'C:/wamp64/www/WaterCat/index.php' not found or unable to stat
[Thu Nov 13 21:31:18.030067 2025] [cgi:error] [pid 6980:tid 944] [client 193.142.147.209:49864] AH02811: script not found or unable to stat: C:/wamp64/bin/apache/apache2.4.41/cgi-bin/luci
[Fri Nov 14 01:54:41.703248 2025] [authz_core:error] [pid 6980:tid 944] [client 114.119.132.104:23769] AH01630: client denied by server configuration: C:/wamp64/apps/adminer4.7.5/, referer: http://210.212.226.241:8080/index.php?lang=english
[Fri Nov 14 05:03:25.935961 2025] [cgi:error] [pid 6980:tid 912] [client 78.31.250.12:49432] AH02811: script not found or unable to stat: C:/wamp64/bin/apache/apache2.4.41/cgi-bin/luci
[Fri Nov 14 07:42:05.046243 2025] [cgi:error] [pid 6980:tid 912] [client 193.142.147.209:45272] AH02811: script not found or unable to stat: C:/wamp64/bin/apache/apache2.4.41/cgi-bin/luci
[Fri Nov 14 12:07:40.920998 2025] [cgi:error] [pid 6980:tid 944] [client 193.142.147.209:28110] AH02811: script not found or unable to stat: C:/wamp64/bin/apache/apache2.4.41/cgi-bin/luci
[Fri Nov 14 14:46:04.140395 2025] [cgi:error] [pid 6980:tid 944] [client 193.142.147.209:28384] AH02811: script not found or unable to stat: C:/wamp64/bin/apache/apache2.4.41/cgi-bin/luci
[Fri Nov 14 19:18:42.779961 2025] [php7:error] [pid 6980:tid 996] [client 192.241.240.161:60096] script 'C:/wamp64/www/get.php' not found or unable to stat
[Sat Nov 15 03:12:20.014045 2025] [cgi:error] [pid 6980:tid 944] [client 193.142.147.209:29886] AH02811: script not found or unable to stat: C:/wamp64/bin/apache/apache2.4.41/cgi-bin/luci
[Sat Nov 15 04:15:57.108980 2025] [cgi:error] [pid 6980:tid 880] [client 193.26.115.195:36560] AH02811: script not found or unable to stat: C:/wamp64/bin/apache/apache2.4.41/cgi-bin/luci
[Sat Nov 15 04:15:59.312462 2025] [php7:error] [pid 6980:tid 856] [client 193.26.115.195:39650] script 'C:/wamp64/www/diagnostic.php' not found or unable to stat
[Sat Nov 15 05:42:22.500048 2025] [cgi:error] [pid 6980:tid 796] [client 141.98.82.26:29086] AH02811: script not found or unable to stat: C:/wamp64/bin/apache/apache2.4.41/cgi-bin/fwbcgi
[Sat Nov 15 08:03:17.921265 2025] [cgi:error] [pid 6980:tid 704] [client 193.26.115.195:60634] AH02811: script not found or unable to stat: C:/wamp64/bin/apache/apache2.4.41/cgi-bin/luci
[Sat Nov 15 08:03:20.142370 2025] [php7:error] [pid 6980:tid 996] [client 193.26.115.195:37842] script 'C:/wamp64/www/diagnostic.php' not found or unable to stat
[Sat Nov 15 10:24:15.109144 2025] [cgi:error] [pid 6980:tid 732] [client 83.142.209.135:54168] AH02811: script not found or unable to stat: C:/wamp64/bin/apache/apache2.4.41/cgi-bin/luci
[Sat Nov 15 19:48:24.984162 2025] [cgi:error] [pid 6980:tid 912] [client 217.154.201.105:50252] AH02811: script not found or unable to stat: C:/wamp64/bin/apache/apache2.4.41/cgi-bin/main-cgi
[Sat Nov 15 21:00:59.186738 2025] [cgi:error] [pid 6980:tid 912] [client 193.142.147.209:57792] AH02811: script not found or unable to stat: C:/wamp64/bin/apache/apache2.4.41/cgi-bin/luci
[Sat Nov 15 22:02:48.045830 2025] [php7:error] [pid 6980:tid 880] [client 144.126.195.214:38038] script 'C:/wamp64/www/get.php' not found or unable to stat
[Sun Nov 16 00:51:25.779752 2025] [cgi:error] [pid 6980:tid 804] [client 83.142.209.135:35736] AH02811: script not found or unable to stat: C:/wamp64/bin/apache/apache2.4.41/cgi-bin/luci
[Sun Nov 16 03:25:00.984300 2025] [authz_core:error] [pid 6980:tid 944] [client 114.119.132.202:35539] AH01630: client denied by server configuration: C:/wamp64/apps/phpsysinfo3.3.1/, referer: http://210.212.226.241:8080/index.php?lang=english
[Sun Nov 16 04:26:38.688291 2025] [cgi:error] [pid 6980:tid 944] [client 167.172.180.237:40590] AH02811: script not found or unable to stat: C:/wamp64/bin/apache/apache2.4.41/cgi-bin/authLogin.cgi
[Sun Nov 16 04:32:09.762649 2025] [cgi:error] [pid 6980:tid 732] [client 193.142.147.209:16010] AH02811: script not found or unable to stat: C:/wamp64/bin/apache/apache2.4.41/cgi-bin/luci
[Sun Nov 16 05:14:41.295969 2025] [php7:error] [pid 6980:tid 912] [client 159.89.175.224:52900] script 'C:/wamp64/www/get.php' not found or unable to stat
[Sun Nov 16 08:58:30.702203 2025] [cgi:error] [pid 6980:tid 732] [client 193.142.147.209:51670] AH02811: script not found or unable to stat: C:/wamp64/bin/apache/apache2.4.41/cgi-bin/luci
[Sun Nov 16 10:27:13.452399 2025] [authz_core:error] [pid 6980:tid 688] [client 114.119.136.120:34375] AH01630: client denied by server configuration: C:/wamp64/apps/phpsysinfo3.3.1/, referer: http://210.212.226.241:8080/index.php?lang=english
[Sun Nov 16 11:03:38.577853 2025] [php7:error] [pid 6980:tid 688] [client 66.249.73.129:58240] script 'C:/wamp64/www/WaterCat/index.php' not found or unable to stat
[Sun Nov 16 11:27:38.325198 2025] [core:error] [pid 6980:tid 688] (22)Invalid argument: [client 34.207.56.16:49896] AH00127: Cannot map POST /%C0 HTTP/1.1 to file
[Sun Nov 16 11:27:44.092763 2025] [core:error] [pid 6980:tid 688] (22)Invalid argument: [client 34.207.56.16:50900] AH00127: Cannot map POST /%C0 HTTP/1.1 to file
[Sun Nov 16 11:42:07.060916 2025] [authz_core:error] [pid 6980:tid 688] [client 114.119.154.89:50491] AH01630: client denied by server configuration: C:/wamp64/apps/adminer4.7.5/, referer: http://210.212.226.241:8080/index.php?lang=english
[Sun Nov 16 16:05:35.532552 2025] [cgi:error] [pid 6980:tid 856] [client 193.142.147.209:22562] AH02811: script not found or unable to stat: C:/wamp64/bin/apache/apache2.4.41/cgi-bin/luci
[Mon Nov 17 02:18:35.046144 2025] [cgi:error] [pid 6980:tid 856] [client 193.142.147.209:56590] AH02811: script not found or unable to stat: C:/wamp64/bin/apache/apache2.4.41/cgi-bin/luci
[Mon Nov 17 02:21:27.391716 2025] [core:error] [pid 6980:tid 856] (20024)The given path is misformatted or contained invalid characters: [client 93.123.109.222:34586] AH00127: Cannot map GET /weblogin.htm%22;f.sUserName.focus%28%29;if%28sUser_mgt_End==%22%22%29%7Bif%28mode%29%7Bswitch%28mode%29%7Bcase%203:%20if%28iFrmLgErr==4%29%7Berrmsg.innerHTML=TR%28%22User%20Mode%20is%20off%20now.%22%29;%7Delse%20if%28iFrmLgErr==5%29%7Berrmsg.innerHTML=TR%28%22Wrong%20validation%20code%21%22%29;%7Delse%7Berrmsg.innerHTML=TR%28%22The%20username%20or%20password%20you%20entered%20is%20incorrect.%22%29;%7Dbreak;case%204:%20errmsg.innerHTML=TR%28%22Reach%20the%20maximum%20login%20number.%20Try%20another%20user%20account.%22%29;break;case%205:%20errmsg.innerHTML=TR%28%22No%20available%20buffer%20now.%20Please%20contact%20with%20your%20administrator%22%29;break;case%206:%20errmsg.innerHTML=TR%28%22The%20username%20or%20password%20you%20entered%20is%20incorrect.%22%29;break;case%207:errmsg.innerHTML=TR%28%22User%20account%20is%20not%20enabled%20now.%22%29;break;case%208:errmsg.innerHTML=TR%28%22You%20aren%27t%20allowed%20to%20access%20internet%20%28out%20of%20schedule%29.%22%29;break;case%209:errmsg.innerHTML=TR%28%22User%20login%20denied%20from%20http%20protocol.%20Please%20contact%20with%20your%20administrator%22%29;break;case%2010:errmsg.innerHTML=TR%28%22The%20user%20ran%20out%20of%20time%20quota.%22%29;break;case%2011:errmsg.innerHTML=TR%28%22The%20user%20ran%20out%20of%20data%20quota.%22%29;break;case%2012:errmsg.innerHTML=TR%28%22Wrong%20user%20account.%20Please%20contact%20with%20your%20administrator.%22%29;break;default:if%28iFrmLgErr==2%29errmsg.innerHTML=TR%28%22The%20username%20or%20password%20you%20entered%20is%20incorrect.%22%29;break;%7D%7Delse%20if%28iFrmLgErr==2%29%7Berrmsg.innerHTML=TR%28%22The%20username%20or%20password%20you%20entered%20is%20incorrect.%22%29;%7Delse%20if%28iFrmLgErr==4%29%7Berrmsg.innerHTML=TR%28%22User%20Mode%20is%20off%20now.%22%29;%7Delse%20if%28iFrmLgErr==5%29%7Berrmsg.innerHTML=TR%28%22Wrong%20validation%20code%21%22%29;%7D%7Delse%20if%28iFrmLgErr==2%29%7Berrmsg.innerHTML=TR%28%22The%20username%20or%20password%20you%20entered%20is%20incorrect.%22%29;%7Delse%20if%28iFrmLgErr==4%29%7Berrmsg.innerHTML=TR%28%22User%20Mode%20is%20off%20now.%22%29;%7Delse%20if%28iFrmLgErr==5%29%7Berrmsg.innerHTML=TR%28%22Wrong%20validation%20code%21%22%29;%7Dif%28sValidatedCode%21=%22%22%29%7BshowElmtByClass%28document,%22tr%22,%22sValidatedCode%22%29;%7Dif%28%27https:%27%21=document.location.protocol%29%7Bdocument.getElementById%28%22warning%22%29.style.display=%22%22;%7Delse%7Bdocument.getElementById%28%22warning%22%29.style.display=%22none%22;%7D%20for%28var%20d=0;d%3Cdocument.forms.length;d++%29%7B%20for%28var%20e=0;e%3Cdocument.forms%5Bd%5D.elements.length;e++%29%7Baddhandlers%28document.forms%5Bd%5D.elements%5Be%5D%29;%7D%7D%7Dfunction%20HttpsLogin%28%29%7Bvar%20url=window.location.href;var%20new_url=url;var%20dport=443;url=url.replace%28%22http://%22,%22https://%22%29;if%28url.split%28%22:%22%29.length==3%29%7B%20new_url=url.split%28%22:%22%29%5B0%5D+%22:%22+url.split%28%22:%22%29%5B1%5D+%22:%22+dport;%7Delse%20if%28url.split%28%22:%22%29.length==2%29%7B%20var%20tmp=url.split%28%22:%22%29%5B1%5D.split%28%22/%22%29;new_url=url.split%28%22:%22%29%5B0%5D+%22://%22+tmp%5B2%5D+%22:%22+dport;%7Dwindow.location.href=new_url;%7Dfunction%20initParameter%28%29%7Bif%28sUser_mgt_End==%22%22%29%7Bsrc_ip=%27%27;target_url=%27%27;mode=0;fw_set=0;fw_rule=0;%7D%7Dfunction%20encode%28instr%29%7Bvar%20keyStr=%22ABCDEFGHIJKLMNOPQRSTUVWXYZabcdefghijklmnopqrstuvwxyz0123456789+/=%22;var%20outstr=%22%22;var%20chr1,chr2,chr3=%22%22;var%20enc1,enc2,enc3,enc4=%22%22;var%20i=0;do%7Bchr1=instr.charCodeAt%28i++%29;chr2=instr.charCodeAt%28i++%29;chr3=instr.charCodeAt%28i++%29;enc1=chr1%3E%3E2;enc2=%28%28chr1&3%29%3C%3C4%29%7C%28chr2%3E%3E4%29;enc3=%28%28chr2&15%29%3C%3C2%29%7C%28chr3%3E%3E6%29;enc4=chr3&63;if%28isNaN%28chr2%29%29%7Benc3=enc4=64;%7Delse%20if%28isNaN%28chr3%29%29%7Benc4=64;%7Doutstr=outstr+keyStr.charAt%28enc1%29+keyStr.charAt%28enc2%29+keyStr.charAt%28enc3%29+keyStr.charAt%28enc4%29;chr1=chr2=chr3=%22%22;enc1=enc2=enc3=enc4=%22%22;%7Dwhile%28i%3Cinstr.length%29;return%20outstr;%7Dfunction%20submitPara%28%29%7Bvar%20frmSub=document.frmSub;var%20fwElmIdx=2;frmSub.method=%22post%22;frmSub.action=%22cgi-bin/wlogin.cgi%22;frmSub%5B0%5D.name=%22aa%22;frmSub%5B0%5D.value=encode%28f.sUserName.value%29;frmSub%5B1%5D.name=%22ab%22;frmSub%5B1%5D.value=encode%28f.sSysPass.value%29;%20if%28sUser_mgt_End==%22%22&&mode%21=0%29%7BfrmSub%5B2%5D.name=%22src_ip%22;frmSub%5B2%5D.value=src_ip;frmSub%5B3%5D.name=%22target_url%22;frmSub%5B3%5D.value=target_url;frmSub%5B4%5D.name=%22mode%22;frmSub%5B4%5D.value=mode;frmSub%5B5%5D.name=%22fw_set%22;frmSub%5B5%5D.value=fw_set;frmSub%5B6%5D.name=%22fw_rule%22;frmSub%5B6%5D.value=fw_rule;fwElmIdx=7;%7Dif%28enSSlgrp==%22%22%7C%7CenAdminAuth==%22%22%29%7BfrmSub%5BfwElmIdx%5D.name=%22sslgroup%22;frmSub%5BfwElmIdx%5D.value=f.sltsslgrp.value;%7Dif%28sValidatedCode%21=%22%22%29%7BfwElmIdx++;frmSub%5BfwElmIdx%5D.name=%22sVerifCode%22;frmSub%5BfwElmIdx%5D.value=document.getElementById%28%22validated_code%22%29.value;fwElmIdx++;frmSub%5BfwElmIdx%5D.name=%22sValidatedCodeNum%22;frmSub%5BfwElmIdx%5D.value=sValidatedCodeNum;%7DfrmSub%5Bform_num%5D.name=%22sFormAuthStr%22;frmSub%5Bform_num%5D.value=randomString%2815%29;frmSub.submit%28%29;%7Dfunction%20randomString%28len%29%7Bvar%20chars=%27ABCDEFGHJKMNPQRSTWXYZabcdefhijkmnprstwxyz2345678%27;var%20maxPos=chars.length;var%20pwd=%27%27;for%28i=0;i%3Clen;i++%29%7Bpwd+=chars.charAt%28Math.floor%28Math.random%28%29%2AmaxPos%29%29;%7Dreturn%20pwd;%7Dfunction%20handler%28_e%29%7Bvar%20e=_e,elmt,type;if%28isNav%29%7Belmt=e.target;type=e.type;keycode=e.which;%7Dif%28isIE%7C%7CisOpr%29%7Be=window.event;elmt=e.srcElement;type=e.type;keycode=e.keyCode;%7D%20if%28isIE%29%7Bif%28elmt.type==%22text%22%29e.cancelBubble=false;else%20e.cancelBubble=true;%7Dif%28elmt==f.btnOk&&type==%22click%22%29%7BsubmitPara%28%29;%7Dif%28elmt%21=f.btnOk&&type==%22keydown%22%29%7Bif%28keycode==13%29%7B%20e.returnValue=false;submitPara%28%29;%7D%7D%7D%20function%20addhandlers%28_o%29%7Bvar%20o=_o;o.onclick=handler;o.onkeydown=handler;%7Dfunction%20ClearCookies%28%29%7Bvar%20temp=document.cookie.split%28%22;%22%29;var%20ts;for%28var%20i=0;;i++%29%7Bif%28%21temp%5Bi%5D%29break;ts=temp%5Bi%5D.split%28%22=%22%29%5B0%5D;DeleteCookie%28ts%29;%7D%7Dfunction%20GetCookieVal%28offset%29%7Bvar%20endstr=document.cookie.indexOf%28%22;%22,offset%29;if%28endstr==-1%29endstr=document.cookie.length;return%20unescape%28document.cookie.substring%28offset,endstr%29%29;%7Dfunction%20GetCookie%28name%29%7Bvar%20arg=name+%22=%22;var%20alen=arg.length;var%20clen=document.cookie.length;var%20i=0;while%28i%3Cclen%29%7Bvar%20j=i+alen;if%28document.cookie.substring%28i,j%29==arg%29return%20GetCookieVal%28j%29;i=document.cookie.indexOf%28%22%20%22,i%29+1;if%28i==0%29break;%7Dreturn%20null;%7Dfunction%20DeleteCookie%28name%29%7Bvar%20exp=new%20Date%28%29;exp.setTime%28exp.getTime%28%29-1%29;var%20cval=GetCookie%28name%29;document.cookie=name+%22=%22+cval+%22;%20expires= HTTP/1.1 to file
[Mon Nov 17 02:38:12.171459 2025] [php7:error] [pid 6980:tid 856] [client 165.232.126.173:56850] script 'C:/wamp64/www/get.php' not found or unable to stat
[Mon Nov 17 06:31:47.758999 2025] [cgi:error] [pid 6980:tid 824] [client 193.142.147.209:55582] AH02811: script not found or unable to stat: C:/wamp64/bin/apache/apache2.4.41/cgi-bin/luci
[Mon Nov 17 14:05:46.952488 2025] [cgi:error] [pid 6980:tid 968] [client 193.142.147.209:50320] AH02811: script not found or unable to stat: C:/wamp64/bin/apache/apache2.4.41/cgi-bin/luci
[Mon Nov 17 17:00:39.905140 2025] [cgi:error] [pid 6980:tid 936] [client 193.142.147.209:33916] AH02811: script not found or unable to stat: C:/wamp64/bin/apache/apache2.4.41/cgi-bin/luci
[Tue Nov 18 00:55:36.514867 2025] [php7:error] [pid 6980:tid 856] [client 170.64.151.206:33154] script 'C:/wamp64/www/get.php' not found or unable to stat
[Tue Nov 18 00:56:33.517018 2025] [mpm_winnt:error] [pid 6980:tid 2408] AH00326: Server ran out of threads to serve requests. Consider raising the ThreadsPerChild setting
[Tue Nov 18 01:52:47.223679 2025] [cgi:error] [pid 6980:tid 636] [client 193.142.147.209:21820] AH02811: script not found or unable to stat: C:/wamp64/bin/apache/apache2.4.41/cgi-bin/luci
[Tue Nov 18 08:29:16.885584 2025] [cgi:error] [pid 6980:tid 636] [client 83.142.209.135:49022] AH02811: script not found or unable to stat: C:/wamp64/bin/apache/apache2.4.41/cgi-bin/luci
[Tue Nov 18 14:22:08.213808 2025] [cgi:error] [pid 6980:tid 912] [client 193.142.147.209:40070] AH02811: script not found or unable to stat: C:/wamp64/bin/apache/apache2.4.41/cgi-bin/luci
[Tue Nov 18 17:27:52.946066 2025] [cgi:error] [pid 6980:tid 636] [client 193.142.147.209:2412] AH02811: script not found or unable to stat: C:/wamp64/bin/apache/apache2.4.41/cgi-bin/luci
[Tue Nov 18 22:15:44.463146 2025] [php7:error] [pid 6980:tid 636] [client 143.198.45.165:45164] script 'C:/wamp64/www/get.php' not found or unable to stat
[Tue Nov 18 22:22:11.180639 2025] [authz_core:error] [pid 6980:tid 636] [client 114.119.136.120:34747] AH01630: client denied by server configuration: C:/wamp64/apps/phpmyadmin4.9.2/, referer: http://210.212.226.241:8080/index.php?lang=english
[Wed Nov 19 00:34:03.164560 2025] [cgi:error] [pid 6980:tid 912] [client 193.142.147.209:29494] AH02811: script not found or unable to stat: C:/wamp64/bin/apache/apache2.4.41/cgi-bin/luci
[Wed Nov 19 03:27:43.227940 2025] [cgi:error] [pid 6980:tid 912] [client 193.142.147.209:45780] AH02811: script not found or unable to stat: C:/wamp64/bin/apache/apache2.4.41/cgi-bin/luci
[Wed Nov 19 05:20:06.211740 2025] [php7:error] [pid 6980:tid 592] [client 178.128.100.29:38240] script 'C:/wamp64/www/infophp.php' not found or unable to stat
[Wed Nov 19 06:30:55.430793 2025] [php7:error] [pid 6980:tid 636] [client 66.249.73.130:59376] script 'C:/wamp64/www/WaterCat/index.php' not found or unable to stat
[Wed Nov 19 08:02:39.617795 2025] [cgi:error] [pid 6980:tid 996] [client 193.142.147.209:3534] AH02811: script not found or unable to stat: C:/wamp64/bin/apache/apache2.4.41/cgi-bin/luci
[Wed Nov 19 10:43:57.977899 2025] [cgi:error] [pid 6980:tid 996] [client 193.142.147.209:9608] AH02811: script not found or unable to stat: C:/wamp64/bin/apache/apache2.4.41/cgi-bin/luci
[Wed Nov 19 15:53:01.756774 2025] [php7:error] [pid 6980:tid 660] [client 143.110.188.119:33054] script 'C:/wamp64/www/get.php' not found or unable to stat
[Wed Nov 19 17:45:02.992847 2025] [cgi:error] [pid 6980:tid 660] [client 193.142.147.209:40224] AH02811: script not found or unable to stat: C:/wamp64/bin/apache/apache2.4.41/cgi-bin/luci
[Wed Nov 19 19:09:58.040387 2025] [php7:error] [pid 6980:tid 688] [client 64.227.148.231:57716] script 'C:/wamp64/www/get.php' not found or unable to stat
[Wed Nov 19 22:49:55.382969 2025] [cgi:error] [pid 6980:tid 912] [client 193.142.147.209:17578] AH02811: script not found or unable to stat: C:/wamp64/bin/apache/apache2.4.41/cgi-bin/luci
[Thu Nov 20 03:27:59.789708 2025] [php7:error] [pid 6980:tid 660] [client 192.241.132.109:43082] script 'C:/wamp64/www/get.php' not found or unable to stat
[Thu Nov 20 03:57:49.258607 2025] [cgi:error] [pid 6980:tid 864] [client 193.142.147.209:22198] AH02811: script not found or unable to stat: C:/wamp64/bin/apache/apache2.4.41/cgi-bin/luci
[Thu Nov 20 09:10:24.102411 2025] [cgi:error] [pid 6980:tid 660] [client 193.142.147.209:2660] AH02811: script not found or unable to stat: C:/wamp64/bin/apache/apache2.4.41/cgi-bin/luci
[Thu Nov 20 14:14:34.774769 2025] [cgi:error] [pid 6980:tid 996] [client 193.142.147.209:12446] AH02811: script not found or unable to stat: C:/wamp64/bin/apache/apache2.4.41/cgi-bin/luci
[Thu Nov 20 17:19:37.055227 2025] [cgi:error] [pid 6980:tid 640] [client 193.142.147.209:52028] AH02811: script not found or unable to stat: C:/wamp64/bin/apache/apache2.4.41/cgi-bin/luci
[Thu Nov 20 18:32:17.604162 2025] [php7:error] [pid 6980:tid 864] [client 167.71.72.207:51216] script 'C:/wamp64/www/get.php' not found or unable to stat
[Thu Nov 20 20:13:01.218614 2025] [cgi:error] [pid 6980:tid 996] [client 83.142.209.135:33054] AH02811: script not found or unable to stat: C:/wamp64/bin/apache/apache2.4.41/cgi-bin/luci
[Thu Nov 20 20:42:56.117826 2025] [cgi:error] [pid 6980:tid 864] [client 193.142.147.209:57358] AH02811: script not found or unable to stat: C:/wamp64/bin/apache/apache2.4.41/cgi-bin/luci
[Fri Nov 21 00:15:03.587043 2025] [cgi:error] [pid 6980:tid 912] [client 193.142.147.209:7546] AH02811: script not found or unable to stat: C:/wamp64/bin/apache/apache2.4.41/cgi-bin/luci
[Fri Nov 21 03:35:39.008766 2025] [authz_core:error] [pid 6980:tid 660] [client 193.109.120.2:48734] AH01630: client denied by server configuration: C:/wamp64/apps/phpsysinfo3.3.1/
[Fri Nov 21 03:35:39.482235 2025] [authz_core:error] [pid 6980:tid 688] [client 193.109.120.2:48724] AH01630: client denied by server configuration: C:/wamp64/apps/phpsysinfo3.3.1/
[Fri Nov 21 03:35:50.541118 2025] [authz_core:error] [pid 6980:tid 688] [client 193.109.120.2:39148] AH01630: client denied by server configuration: C:/wamp64/apps/adminer4.7.5/
[Fri Nov 21 03:35:51.009925 2025] [authz_core:error] [pid 6980:tid 552] [client 193.109.120.2:48726] AH01630: client denied by server configuration: C:/wamp64/apps/adminer4.7.5/
[Fri Nov 21 03:36:24.291110 2025] [authz_core:error] [pid 6980:tid 688] [client 193.109.120.2:59768] AH01630: client denied by server configuration: C:/wamp64/apps/phpsysinfo3.3.1/
[Fri Nov 21 03:36:24.931757 2025] [authz_core:error] [pid 6980:tid 660] [client 193.109.120.2:59782] AH01630: client denied by server configuration: C:/wamp64/apps/phpsysinfo3.3.1/
[Fri Nov 21 03:36:30.334468 2025] [authz_core:error] [pid 6980:tid 688] [client 193.109.120.2:46944] AH01630: client denied by server configuration: C:/wamp64/apps/phpsysinfo3.3.1/
[Fri Nov 21 03:36:30.977083 2025] [authz_core:error] [pid 6980:tid 660] [client 193.109.120.2:46956] AH01630: client denied by server configuration: C:/wamp64/apps/phpsysinfo3.3.1/
[Fri Nov 21 03:37:02.869727 2025] [authz_core:error] [pid 6980:tid 660] [client 193.109.120.2:39186] AH01630: client denied by server configuration: C:/wamp64/apps/adminer4.7.5/
[Fri Nov 21 03:37:03.508988 2025] [authz_core:error] [pid 6980:tid 688] [client 193.109.120.2:39188] AH01630: client denied by server configuration: C:/wamp64/apps/adminer4.7.5/
[Fri Nov 21 03:37:08.916170 2025] [authz_core:error] [pid 6980:tid 660] [client 193.109.120.2:39190] AH01630: client denied by server configuration: C:/wamp64/apps/adminer4.7.5/
[Fri Nov 21 03:37:09.587059 2025] [authz_core:error] [pid 6980:tid 688] [client 193.109.120.2:39194] AH01630: client denied by server configuration: C:/wamp64/apps/adminer4.7.5/
[Fri Nov 21 04:01:08.133374 2025] [cgi:error] [pid 6980:tid 660] [client 193.142.147.209:64622] AH02811: script not found or unable to stat: C:/wamp64/bin/apache/apache2.4.41/cgi-bin/luci
[Fri Nov 21 04:14:27.962240 2025] [cgi:error] [pid 6980:tid 688] [client 192.159.99.95:40540] AH02811: script not found or unable to stat: C:/wamp64/bin/apache/apache2.4.41/cgi-bin/luci
[Fri Nov 21 04:14:29.758337 2025] [php7:error] [pid 6980:tid 996] [client 192.159.99.95:40608] script 'C:/wamp64/www/diagnostic.php' not found or unable to stat
[Fri Nov 21 07:38:35.728555 2025] [cgi:error] [pid 6980:tid 968] [client 192.159.99.95:42722] AH02811: script not found or unable to stat: C:/wamp64/bin/apache/apache2.4.41/cgi-bin/luci
[Fri Nov 21 07:38:37.505904 2025] [php7:error] [pid 6980:tid 620] [client 192.159.99.95:42808] script 'C:/wamp64/www/diagnostic.php' not found or unable to stat
[Fri Nov 21 08:53:52.962342 2025] [cgi:error] [pid 6980:tid 552] [client 193.142.147.209:13004] AH02811: script not found or unable to stat: C:/wamp64/bin/apache/apache2.4.41/cgi-bin/luci
[Fri Nov 21 11:57:01.167244 2025] [cgi:error] [pid 6980:tid 660] [client 193.142.147.209:19530] AH02811: script not found or unable to stat: C:/wamp64/bin/apache/apache2.4.41/cgi-bin/luci
[Fri Nov 21 13:40:16.495872 2025] [cgi:error] [pid 6980:tid 640] [client 159.89.3.129:25044] AH02811: script not found or unable to stat: C:/wamp64/bin/apache/apache2.4.41/cgi-bin/authLogin.cgi
[Fri Nov 21 14:59:19.273929 2025] [cgi:error] [pid 6980:tid 688] [client 193.142.147.209:22232] AH02811: script not found or unable to stat: C:/wamp64/bin/apache/apache2.4.41/cgi-bin/luci
[Fri Nov 21 18:20:53.228323 2025] [cgi:error] [pid 6980:tid 688] [client 193.142.147.209:20284] AH02811: script not found or unable to stat: C:/wamp64/bin/apache/apache2.4.41/cgi-bin/luci
[Fri Nov 21 19:42:22.180385 2025] [php7:error] [pid 6980:tid 620] [client 165.22.0.179:39444] script 'C:/wamp64/www/get.php' not found or unable to stat
[Fri Nov 21 23:51:21.806425 2025] [cgi:error] [pid 6980:tid 688] [client 193.142.147.209:51138] AH02811: script not found or unable to stat: C:/wamp64/bin/apache/apache2.4.41/cgi-bin/luci
[Sat Nov 22 03:00:22.774467 2025] [cgi:error] [pid 6980:tid 912] [client 193.142.147.209:2344] AH02811: script not found or unable to stat: C:/wamp64/bin/apache/apache2.4.41/cgi-bin/luci
[Sat Nov 22 05:44:43.992936 2025] [php7:error] [pid 6980:tid 688] [client 66.249.64.129:46701] script 'C:/wamp64/www/WaterCat/index.php' not found or unable to stat
[Sat Nov 22 06:33:57.275885 2025] [cgi:error] [pid 6980:tid 688] [client 193.142.147.209:57594] AH02811: script not found or unable to stat: C:/wamp64/bin/apache/apache2.4.41/cgi-bin/luci
[Sat Nov 22 09:31:43.555503 2025] [cgi:error] [pid 6980:tid 688] [client 193.142.147.209:3244] AH02811: script not found or unable to stat: C:/wamp64/bin/apache/apache2.4.41/cgi-bin/luci
[Sat Nov 22 10:02:54.706803 2025] [core:error] [pid 6980:tid 688] (22)Invalid argument: [client 54.147.56.158:61735] AH00127: Cannot map POST /%C0 HTTP/1.1 to file
[Sat Nov 22 12:56:53.149040 2025] [php7:error] [pid 6980:tid 688] [client 66.249.64.130:60305] script 'C:/wamp64/www/WaterCat/index.php' not found or unable to stat
[Sat Nov 22 16:15:10.242772 2025] [authz_core:error] [pid 6980:tid 640] [client 114.119.154.89:50529] AH01630: client denied by server configuration: C:/wamp64/apps/phpmyadmin4.9.2/, referer: http://210.212.226.241:8080/index.php?lang=english
[Sat Nov 22 17:25:07.133363 2025] [authz_core:error] [pid 6980:tid 688] [client 114.119.132.202:35607] AH01630: client denied by server configuration: C:/wamp64/apps/phpmyadmin4.9.2/, referer: http://210.212.226.241:8080/index.php?lang=english
[Sat Nov 22 18:05:35.963824 2025] [php7:error] [pid 6980:tid 620] [client 198.199.67.221:57582] script 'C:/wamp64/www/get.php' not found or unable to stat
[Sat Nov 22 19:24:11.337508 2025] [authz_core:error] [pid 6980:tid 688] [client 114.119.133.35:21161] AH01630: client denied by server configuration: C:/wamp64/apps/adminer4.7.5/, referer: http://210.212.226.241:8080/index.php?lang=english
[Mon Nov 24 12:49:42.041544 2025] [php7:error] [pid 6980:tid 640] [client 192.241.240.67:49078] script 'C:/wamp64/www/get.php' not found or unable to stat
[Mon Nov 24 20:41:58.680427 2025] [cgi:error] [pid 6980:tid 640] [client 164.92.254.53:48106] AH02811: script not found or unable to stat: C:/wamp64/bin/apache/apache2.4.41/cgi-bin/authLogin.cgi
[Mon Nov 24 21:41:16.228471 2025] [cgi:error] [pid 6980:tid 660] [client 207.154.194.5:29540] AH02811: script not found or unable to stat: C:/wamp64/bin/apache/apache2.4.41/cgi-bin/authLogin.cgi
[Mon Nov 24 23:22:22.102100 2025] [cgi:error] [pid 6980:tid 660] [client 193.142.147.209:20664] AH02811: script not found or unable to stat: C:/wamp64/bin/apache/apache2.4.41/cgi-bin/luci
[Tue Nov 25 00:58:14.336556 2025] [php7:error] [pid 6980:tid 912] [client 66.249.64.130:50217] script 'C:/wamp64/www/WaterCat/index.php' not found or unable to stat
[Tue Nov 25 07:41:49.821957 2025] [authz_core:error] [pid 6980:tid 660] [client 114.119.133.35:22047] AH01630: client denied by server configuration: C:/wamp64/apps/adminer4.7.5/, referer: http://210.212.226.241:8080/index.php?lang=english
[Tue Nov 25 09:00:14.961910 2025] [php7:error] [pid 6980:tid 660] [client 66.249.64.128:65130] script 'C:/wamp64/www/WaterCat/index.php' not found or unable to stat
[Tue Nov 25 10:44:37.260266 2025] [php7:error] [pid 6980:tid 688] [client 143.198.148.45:53918] script 'C:/wamp64/www/get.php' not found or unable to stat
[Tue Nov 25 18:12:54.931813 2025] [cgi:error] [pid 6980:tid 552] [client 151.242.30.13:60560] AH02811: script not found or unable to stat: C:/wamp64/bin/apache/apache2.4.41/cgi-bin/luci
[Wed Nov 26 06:39:34.947489 2025] [php7:error] [pid 6980:tid 552] [client 142.93.67.97:37800] script 'C:/wamp64/www/get.php' not found or unable to stat
[Wed Nov 26 16:30:00.024554 2025] [cgi:error] [pid 6980:tid 640] [client 151.242.30.13:33302] AH02811: script not found or unable to stat: C:/wamp64/bin/apache/apache2.4.41/cgi-bin/luci
[Thu Nov 27 03:09:22.368072 2025] [cgi:error] [pid 6980:tid 864] [client 151.242.30.13:47202] AH02811: script not found or unable to stat: C:/wamp64/bin/apache/apache2.4.41/cgi-bin/luci
[Thu Nov 27 04:55:06.883697 2025] [php7:error] [pid 6980:tid 552] [client 178.62.239.4:56938] script 'C:/wamp64/www/get.php' not found or unable to stat
[Thu Nov 27 06:00:01.939577 2025] [php7:error] [pid 6980:tid 552] [client 66.249.64.129:37593] script 'C:/wamp64/www/WaterCat/index.php' not found or unable to stat
[Thu Nov 27 07:06:11.993424 2025] [php7:error] [pid 6980:tid 864] [client 138.68.225.136:59300] script 'C:/wamp64/www/get.php' not found or unable to stat
[Thu Nov 27 12:55:36.216879 2025] [php7:error] [pid 6980:tid 620] [client 66.249.64.130:45326] script 'C:/wamp64/www/WaterCat/index.php' not found or unable to stat
[Thu Nov 27 17:55:56.228693 2025] [php7:error] [pid 6980:tid 996] [client 172.232.232.169:50722] script 'C:/wamp64/www/login.php' not found or unable to stat
[Thu Nov 27 17:55:56.807105 2025] [cgi:error] [pid 6980:tid 968] [client 172.232.232.169:50902] AH02811: script not found or unable to stat: C:/wamp64/bin/apache/apache2.4.41/cgi-bin/info.cgi
[Thu Nov 27 17:55:58.242618 2025] [cgi:error] [pid 6980:tid 944] [client 172.232.232.169:51298] AH02811: script not found or unable to stat: C:/wamp64/bin/apache/apache2.4.41/cgi-bin/authLogin.cgi
[Thu Nov 27 17:55:58.718390 2025] [cgi:error] [pid 6980:tid 996] [client 172.232.232.169:51440] AH02811: script not found or unable to stat: C:/wamp64/bin/apache/apache2.4.41/cgi-bin/luci
[Thu Nov 27 17:55:59.914533 2025] [cgi:error] [pid 6980:tid 944] [client 172.232.232.169:51754] AH02811: script not found or unable to stat: C:/wamp64/bin/apache/apache2.4.41/cgi-bin/meteobridge.cgi
[Thu Nov 27 20:27:14.039601 2025] [cgi:error] [pid 6980:tid 640] [client 151.242.30.13:16328] AH02811: script not found or unable to stat: C:/wamp64/bin/apache/apache2.4.41/cgi-bin/luci
[Fri Nov 28 06:59:44.524266 2025] [php7:error] [pid 6980:tid 864] [client 134.209.231.47:48278] script 'C:/wamp64/www/get.php' not found or unable to stat
[Fri Nov 28 07:56:43.556280 2025] [authz_core:error] [pid 6980:tid 864] [client 114.119.154.89:50577] AH01630: client denied by server configuration: C:/wamp64/apps/phpsysinfo3.3.1/, referer: http://210.212.226.241:8080/index.php?lang=english
[Fri Nov 28 14:41:20.384969 2025] [cgi:error] [pid 6980:tid 620] [client 192.159.99.95:40712] AH02811: script not found or unable to stat: C:/wamp64/bin/apache/apache2.4.41/cgi-bin/luci
[Fri Nov 28 14:41:22.136272 2025] [php7:error] [pid 6980:tid 944] [client 192.159.99.95:40786] script 'C:/wamp64/www/diagnostic.php' not found or unable to stat
[Fri Nov 28 15:27:55.501509 2025] [authz_core:error] [pid 6980:tid 700] [client 114.119.132.104:25319] AH01630: client denied by server configuration: C:/wamp64/apps/phpsysinfo3.3.1/, referer: http://210.212.226.241:8080/index.php
[Fri Nov 28 15:29:31.774635 2025] [authz_core:error] [pid 6980:tid 700] [client 114.119.136.120:36289] AH01630: client denied by server configuration: C:/wamp64/apps/phpmyadmin4.9.2/, referer: http://210.212.226.241:8080/index.php?lang=english
[Sat Nov 29 06:50:09.883630 2025] [php7:error] [pid 6980:tid 552] [client 138.68.5.5:53636] script 'C:/wamp64/www/get.php' not found or unable to stat
[Sat Nov 29 11:22:53.228530 2025] [authz_core:error] [pid 6980:tid 592] [client 114.119.140.113:55639] AH01630: client denied by server configuration: C:/wamp64/apps/phpmyadmin4.9.2/, referer: http://210.212.226.241:8080/index.php?lang=english
[Sat Nov 29 11:25:29.196570 2025] [authz_core:error] [pid 6980:tid 592] [client 114.119.133.35:23263] AH01630: client denied by server configuration: C:/wamp64/apps/adminer4.7.5/, referer: http://210.212.226.241:8080/index.php?lang=english
[Sat Nov 29 17:05:13.961790 2025] [cgi:error] [pid 6980:tid 552] [client 45.135.194.71:33196] AH02811: script not found or unable to stat: C:/wamp64/bin/apache/apache2.4.41/cgi-bin/luci
[Sat Nov 29 20:35:42.539518 2025] [cgi:error] [pid 6980:tid 660] [client 23.94.171.239:38074] AH02811: script not found or unable to stat: C:/wamp64/bin/apache/apache2.4.41/cgi-bin/luci
[Sun Nov 30 02:51:55.072779 2025] [cgi:error] [pid 6980:tid 592] [client 142.93.171.56:63922] AH02811: script not found or unable to stat: C:/wamp64/bin/apache/apache2.4.41/cgi-bin/authLogin.cgi
[Sun Nov 30 07:15:58.078349 2025] [php7:error] [pid 6980:tid 636] [client 188.166.85.96:57182] script 'C:/wamp64/www/get.php' not found or unable to stat 'uname' is not recognized as an internal or external command, operable program or batch file.
[Sun Nov 30 15:40:19.805626 2025] [php7:error] [pid 6980:tid 700] [client 50.16.216.166:6705] script 'C:/wamp64/www/WaterCat/index.php' not found or unable to stat
[Sun Nov 30 20:39:46.899439 2025] [authz_core:error] [pid 6980:tid 700] [client 114.119.136.120:36517] AH01630: client denied by server configuration: C:/wamp64/apps/adminer4.7.5/, referer: http://210.212.226.241:8080/index.php
[Sun Nov 30 21:04:43.930893 2025] [php7:error] [pid 6980:tid 636] [client 146.190.165.170:50842] script 'C:/wamp64/www/get.php' not found or unable to stat
[Mon Dec 01 05:05:09.555340 2025] [php7:error] [pid 6980:tid 996] [client 66.249.64.130:62828] script 'C:/wamp64/www/WaterCat/index.php' not found or unable to stat
[Mon Dec 01 08:03:31.430551 2025] [php7:error] [pid 6980:tid 996] [client 139.59.83.255:49660] script 'C:/wamp64/www/get.php' not found or unable to stat
[Mon Dec 01 10:10:12.712980 2025] [cgi:error] [pid 6980:tid 732] [client 185.226.197.67:39273] AH02811: script not found or unable to stat: C:/wamp64/bin/apache/apache2.4.41/cgi-bin/main.pl
[Mon Dec 01 10:10:16.807077 2025] [cgi:error] [pid 6980:tid 660] [client 185.226.197.69:52183] AH02811: script not found or unable to stat: C:/wamp64/bin/apache/apache2.4.41/cgi-bin/authLogin.cgi
[Mon Dec 01 10:10:24.947578 2025] [php7:error] [pid 6980:tid 660] [client 185.226.197.69:34883] script 'C:/wamp64/www/status.php' not found or unable to stat
[Mon Dec 01 10:10:43.618275 2025] [cgi:error] [pid 6980:tid 660] [client 185.226.197.67:41808] AH02811: script not found or unable to stat: C:/wamp64/bin/apache/apache2.4.41/cgi-bin/php-cgi.exe
[Tue Dec 02 03:39:34.869636 2025] [php7:error] [pid 6980:tid 636] [client 64.23.208.159:59070] script 'C:/wamp64/www/get.php' not found or unable to stat
[Tue Dec 02 07:23:43.932608 2025] [php7:error] [pid 6980:tid 996] [client 154.38.165.235:58136] script 'C:/wamp64/www/config.php' not found or unable to stat
[Tue Dec 02 07:25:51.556948 2025] [php7:error] [pid 6980:tid 636] [client 154.38.165.235:58842] script 'C:/wamp64/www/application.php' not found or unable to stat
[Tue Dec 02 07:26:13.508580 2025] [php7:error] [pid 6980:tid 636] [client 154.38.165.235:58964] script 'C:/wamp64/www/database.php' not found or unable to stat
[Tue Dec 02 07:26:44.789736 2025] [php7:error] [pid 6980:tid 636] [client 154.38.165.235:59131] script 'C:/wamp64/www/settings.php' not found or unable to stat
[Tue Dec 02 07:28:21.072529 2025] [php7:error] [pid 6980:tid 636] [client 154.38.165.235:59660] script 'C:/wamp64/www/backup.php' not found or unable to stat
[Tue Dec 02 07:29:59.932035 2025] [php7:error] [pid 6980:tid 636] [client 154.38.165.235:60187] script 'C:/wamp64/www/old.php' not found or unable to stat
