0byt3m1n1
Path:
C:
/
wamp64
/
logs
/
[
Home
]
File: apache_error.log
[Thu Mar 20 23:02:39.636366 2025] [core:error] [pid 1120:tid 800] (20024)The given path is misformatted or contained invalid characters: [client 20.171.207.33:38836] AH00127: Cannot map GET /%22?path=%24path%2F%24dir%5C%22 HTTP/1.1 to file
[Thu Mar 20 23:04:07.390117 2025] [core:error] [pid 1120:tid 800] (20024)The given path is misformatted or contained invalid characters: [client 20.171.207.33:38262] AH00127: Cannot map GET /%22?filesrc=%24path%2F%24file&path=%24path%5C%22 HTTP/1.1 to file
[Thu Mar 20 23:04:15.263735 2025] [core:error] [pid 1120:tid 800] (20024)The given path is misformatted or contained invalid characters: [client 20.171.207.33:33854] AH00127: Cannot map GET /%22?path=%24path%2F%24dir%5C%22 HTTP/1.1 to file
[Thu Mar 20 23:05:16.588594 2025] [core:error] [pid 1120:tid 800] (20024)The given path is misformatted or contained invalid characters: [client 20.171.207.33:42588] AH00127: Cannot map GET /watercat/gallery/"s://g" HTTP/1.1 to file
[Thu Mar 20 23:05:24.577510 2025] [core:error] [pid 1120:tid 800] (20024)The given path is misformatted or contained invalid characters: [client 20.171.207.33:60968] AH00127: Cannot map GET /%22?filesrc=%24path%2F%24file&path=%24path%5C%22 HTTP/1.1 to file
[Thu Mar 20 23:05:31.935308 2025] [core:error] [pid 1120:tid 800] (20024)The given path is misformatted or contained invalid characters: [client 20.171.207.33:36572] AH00127: Cannot map GET /%22?path=%24path%2F%24dir%5C%22 HTTP/1.1 to file
[Thu Mar 20 23:05:46.759811 2025] [core:error] [pid 1120:tid 800] (20024)The given path is misformatted or contained invalid characters: [client 20.171.207.33:36586] AH00127: Cannot map GET /%22?path=%24path%2F%24dir%5C%22 HTTP/1.1 to file
[Thu Mar 20 23:05:53.956472 2025] [core:error] [pid 1120:tid 800] (20024)The given path is misformatted or contained invalid characters: [client 20.171.207.33:44000] AH00127: Cannot map GET /%22?filesrc=%24path%2F%24file&path=%24path%5C%22 HTTP/1.1 to file
[Fri Mar 21 01:57:36.527452 2025] [authz_core:error] [pid 1120:tid 800] [client 114.119.158.251:32449] AH01630: client denied by server configuration: C:/wamp64/apps/phpmyadmin4.9.2/, referer: http://210.212.226.241:8080/index.php?lang=english
[Fri Mar 21 15:10:28.450215 2025] [php7:error] [pid 1120:tid 900] [client 45.58.159.4:56762] script 'C:/wamp64/www/get.php' not found or unable to stat
[Fri Mar 21 16:40:13.197849 2025] [php7:error] [pid 1120:tid 900] [client 128.199.21.182:34140] script 'C:/wamp64/www/get.php' not found or unable to stat
[Sat Mar 22 00:34:10.936505 2025] [php7:error] [pid 1120:tid 940] [client 192.241.247.127:44030] script 'C:/wamp64/www/get.php' not found or unable to stat
[Sat Mar 22 18:56:06.140905 2025] [php7:error] [pid 1120:tid 788] [client 134.122.57.217:49678] script 'C:/wamp64/www/get.php' not found or unable to stat
[Sun Mar 23 06:50:08.460759 2025] [authz_core:error] [pid 1120:tid 952] [client 114.119.132.52:29955] AH01630: client denied by server configuration: C:/wamp64/apps/phpsysinfo3.3.1/, referer: http://210.212.226.241:8080/index.php?lang=english
[Sun Mar 23 13:57:19.096474 2025] [php7:error] [pid 1120:tid 900] [client 104.248.4.143:37000] script 'C:/wamp64/www/get.php' not found or unable to stat
[Mon Mar 24 08:35:25.701063 2025] [php7:error] [pid 1120:tid 952] [client 170.64.176.132:35214] script 'C:/wamp64/www/get.php' not found or unable to stat
[Mon Mar 24 14:48:19.512812 2025] [authz_core:error] [pid 1120:tid 800] [client 156.253.227.162:41728] AH01630: client denied by server configuration: C:/wamp64/apps/phpmyadmin4.9.2/scripts
[Mon Mar 24 14:48:20.794840 2025] [authz_core:error] [pid 1120:tid 800] [client 156.253.227.162:41750] AH01630: client denied by server configuration: C:/wamp64/apps/phpmyadmin4.9.2/scripts
[Mon Mar 24 14:48:25.623839 2025] [php7:error] [pid 1120:tid 800] [client 156.253.227.162:32950] script 'C:/wamp64/www/setup.php' not found or unable to stat
[Tue Mar 25 03:43:25.237831 2025] [php7:error] [pid 1120:tid 952] [client 64.227.69.100:46472] script 'C:/wamp64/www/get.php' not found or unable to stat
[Tue Mar 25 12:16:44.859217 2025] [php7:error] [pid 1120:tid 900] [client 128.199.207.197:41326] script 'C:/wamp64/www/get.php' not found or unable to stat
[Tue Mar 25 20:23:55.951677 2025] [authz_core:error] [pid 1120:tid 800] [client 157.55.39.48:52773] AH01630: client denied by server configuration: C:/wamp64/apps/adminer4.7.5/
[Tue Mar 25 22:31:19.523290 2025] [php7:error] [pid 1120:tid 884] [client 204.188.228.14:50256] script 'C:/wamp64/www/get.php' not found or unable to stat
[Wed Mar 26 03:15:38.309446 2025] [cgi:error] [pid 1120:tid 800] [client 87.121.84.196:45686] AH02811: script not found or unable to stat: C:/wamp64/bin/apache/apache2.4.41/cgi-bin/luci
[Wed Mar 26 10:05:34.032585 2025] [cgi:error] [pid 1120:tid 884] [client 45.156.129.127:51689] AH02811: script not found or unable to stat: C:/wamp64/bin/apache/apache2.4.41/cgi-bin/main.pl
[Wed Mar 26 10:06:48.728902 2025] [cgi:error] [pid 1120:tid 800] [client 45.156.129.126:48981] AH02811: script not found or unable to stat: C:/wamp64/bin/apache/apache2.4.41/cgi-bin/authLogin.cgi
[Wed Mar 26 10:07:40.664094 2025] [cgi:error] [pid 1120:tid 884] [client 45.156.129.125:50958] AH02811: script not found or unable to stat: C:/wamp64/bin/apache/apache2.4.41/cgi-bin/php-cgi.exe
[Wed Mar 26 10:07:49.217430 2025] [php7:error] [pid 1120:tid 884] [client 45.156.129.126:51899] script 'C:/wamp64/www/status.php' not found or unable to stat
[Wed Mar 26 11:46:32.412379 2025] [core:error] [pid 1120:tid 884] (20024)The given path is misformatted or contained invalid characters: [client 20.171.207.72:38036] AH00127: Cannot map GET /%22?filesrc=%24path%2F%24file&path=%24path%5C%22 HTTP/1.1 to file
[Wed Mar 26 11:46:35.305537 2025] [core:error] [pid 1120:tid 884] (20024)The given path is misformatted or contained invalid characters: [client 20.171.207.72:38036] AH00127: Cannot map GET /%22?path=%24path%2F%24dir%5C%22 HTTP/1.1 to file
[Wed Mar 26 12:14:54.452546 2025] [core:error] [pid 1120:tid 884] (20024)The given path is misformatted or contained invalid characters: [client 20.171.207.72:57954] AH00127: Cannot map GET /%22?filesrc=%24path%2F%24file&path=%24path%5C%22 HTTP/1.1 to file
[Wed Mar 26 12:14:57.412417 2025] [core:error] [pid 1120:tid 884] (20024)The given path is misformatted or contained invalid characters: [client 20.171.207.72:57954] AH00127: Cannot map GET /%22?path=%24path%2F%24dir%5C%22 HTTP/1.1 to file
[Wed Mar 26 12:45:09.162225 2025] [core:error] [pid 1120:tid 884] (20024)The given path is misformatted or contained invalid characters: [client 20.171.207.72:46406] AH00127: Cannot map GET /%22?filesrc=%24path%2F%24file&path=%24path%5C%22 HTTP/1.1 to file
[Wed Mar 26 12:45:12.093612 2025] [core:error] [pid 1120:tid 884] (20024)The given path is misformatted or contained invalid characters: [client 20.171.207.72:46406] AH00127: Cannot map GET /%22?path=%24path%2F%24dir%5C%22 HTTP/1.1 to file
[Wed Mar 26 17:36:23.612274 2025] [php7:error] [pid 1120:tid 900] [client 209.38.22.151:55722] script 'C:/wamp64/www/get.php' not found or unable to stat
[Thu Mar 27 01:44:50.316805 2025] [authz_core:error] [pid 1120:tid 800] [client 114.119.152.46:39481] AH01630: client denied by server configuration: C:/wamp64/apps/adminer4.7.5/, referer: http://210.212.226.241:8080/index.php?lang=english
[Thu Mar 27 12:54:09.818188 2025] [php7:error] [pid 1120:tid 900] [client 192.241.247.138:57294] script 'C:/wamp64/www/get.php' not found or unable to stat
[Thu Mar 27 22:29:57.235220 2025] [authz_core:error] [pid 1120:tid 900] [client 114.119.132.52:29975] AH01630: client denied by server configuration: C:/wamp64/apps/phpmyadmin4.9.2/, referer: http://210.212.226.241:8080/index.php?lang=english
[Thu Mar 27 22:55:46.827977 2025] [php7:error] [pid 1120:tid 800] [client 174.138.59.169:43600] script 'C:/wamp64/www/get.php' not found or unable to stat
[Fri Mar 28 08:24:25.308807 2025] [php7:error] [pid 1120:tid 900] [client 104.131.251.126:50960] script 'C:/wamp64/www/get.php' not found or unable to stat
[Fri Mar 28 16:07:23.563605 2025] [cgi:error] [pid 1120:tid 800] [client 87.121.84.196:35900] AH02811: script not found or unable to stat: C:/wamp64/bin/apache/apache2.4.41/cgi-bin/luci
[Fri Mar 28 23:18:55.004990 2025] [authz_core:error] [pid 1120:tid 952] [client 114.119.151.209:54843] AH01630: client denied by server configuration: C:/wamp64/apps/phpsysinfo3.3.1/, referer: http://210.212.226.241:8080/index.php?lang=english
[Sat Mar 29 03:34:45.665356 2025] [php7:error] [pid 1120:tid 788] [client 161.35.56.8:38644] script 'C:/wamp64/www/get.php' not found or unable to stat
[Sat Mar 29 07:47:07.686973 2025] [php7:error] [pid 1120:tid 788] [client 162.243.1.132:59218] script 'C:/wamp64/www/get.php' not found or unable to stat
[Sat Mar 29 10:52:57.419795 2025] [core:error] [pid 1120:tid 800] (20024)The given path is misformatted or contained invalid characters: [client 20.171.207.93:52508] AH00127: Cannot map GET /%22?filesrc=%24path%2F%24file&path=%24path%5C%22 HTTP/1.1 to file
[Sat Mar 29 10:53:00.295112 2025] [core:error] [pid 1120:tid 800] (20024)The given path is misformatted or contained invalid characters: [client 20.171.207.93:52508] AH00127: Cannot map GET /%22?path=%24path%2F%24dir%5C%22 HTTP/1.1 to file
[Sat Mar 29 11:12:33.872568 2025] [core:error] [pid 1120:tid 800] (20024)The given path is misformatted or contained invalid characters: [client 20.171.207.93:34302] AH00127: Cannot map GET /%22?filesrc=%24path%2F%24file&path=%24path%5C%22 HTTP/1.1 to file
[Sat Mar 29 11:12:36.876766 2025] [core:error] [pid 1120:tid 800] (20024)The given path is misformatted or contained invalid characters: [client 20.171.207.93:34302] AH00127: Cannot map GET /%22?path=%24path%2F%24dir%5C%22 HTTP/1.1 to file
[Sat Mar 29 11:39:42.207520 2025] [core:error] [pid 1120:tid 800] (20024)The given path is misformatted or contained invalid characters: [client 20.171.207.93:51408] AH00127: Cannot map GET /%22?filesrc=%24path%2F%24file&path=%24path%5C%22 HTTP/1.1 to file
[Sat Mar 29 11:39:45.261724 2025] [core:error] [pid 1120:tid 800] (20024)The given path is misformatted or contained invalid characters: [client 20.171.207.93:51408] AH00127: Cannot map GET /%22?path=%24path%2F%24dir%5C%22 HTTP/1.1 to file
[Wed Apr 02 16:46:10.681425 2025] [core:warn] [pid 8880:tid 428] AH00098: pid file C:/wamp64/bin/apache/apache2.4.41/logs/httpd.pid overwritten -- Unclean shutdown of previous Apache run?
[Wed Apr 02 16:46:10.976621 2025] [mpm_winnt:notice] [pid 8880:tid 428] AH00455: Apache/2.4.41 (Win64) PHP/7.3.12 configured -- resuming normal operations
[Wed Apr 02 16:46:10.976621 2025] [mpm_winnt:notice] [pid 8880:tid 428] AH00456: Apache Lounge VS16 Server built: Aug 9 2019 16:46:32
[Wed Apr 02 16:46:10.976621 2025] [core:notice] [pid 8880:tid 428] AH00094: Command line: 'c:\\wamp64\\bin\\apache\\apache2.4.41\\bin\\httpd.exe -d C:/wamp64/bin/apache/apache2.4.41'
[Wed Apr 02 16:46:10.976621 2025] [mpm_winnt:notice] [pid 8880:tid 428] AH00418: Parent: Created child process 8160
[Wed Apr 02 16:46:11.478985 2025] [mpm_winnt:notice] [pid 8160:tid 488] AH00354: Child: Starting 64 worker threads. 'uname' is not recognized as an internal or external command, operable program or batch file. 'uname' is not recognized as an internal or external command, operable program or batch file. 'uname' is not recognized as an internal or external command, operable program or batch file.
[Wed Apr 02 19:10:51.537848 2025] [cgi:error] [pid 8160:tid 968] [client 87.121.84.196:33756] AH02811: script not found or unable to stat: C:/wamp64/bin/apache/apache2.4.41/cgi-bin/luci
[Wed Apr 02 19:21:42.006366 2025] [core:error] [pid 8160:tid 1008] (20024)The given path is misformatted or contained invalid characters: [client 198.211.109.189:58096] AH00127: Cannot map GET /favicon.ico%22%20type=%22image/ico HTTP/1.1 to file
[Thu Apr 03 04:28:59.414550 2025] [core:error] [pid 8160:tid 988] (20024)The given path is misformatted or contained invalid characters: [client 20.171.207.190:41564] AH00127: Cannot map GET /%22?path=%24path%2F%24dir%5C%22 HTTP/1.1 to file
[Thu Apr 03 04:29:02.426142 2025] [core:error] [pid 8160:tid 988] (20024)The given path is misformatted or contained invalid characters: [client 20.171.207.190:41564] AH00127: Cannot map GET /%22?filesrc=%24path%2F%24file&path=%24path%5C%22 HTTP/1.1 to file
[Thu Apr 03 04:41:48.006805 2025] [core:error] [pid 8160:tid 988] (20024)The given path is misformatted or contained invalid characters: [client 20.171.207.190:52310] AH00127: Cannot map GET /%22?path=%24path%2F%24dir%5C%22 HTTP/1.1 to file
[Thu Apr 03 04:41:51.037987 2025] [core:error] [pid 8160:tid 988] (20024)The given path is misformatted or contained invalid characters: [client 20.171.207.190:52310] AH00127: Cannot map GET /%22?filesrc=%24path%2F%24file&path=%24path%5C%22 HTTP/1.1 to file
[Thu Apr 03 04:42:36.605987 2025] [core:error] [pid 8160:tid 988] (20024)The given path is misformatted or contained invalid characters: [client 20.171.207.190:37060] AH00127: Cannot map GET /%22?filesrc=%24path%2F%24file&path=%24path%5C%22 HTTP/1.1 to file
[Thu Apr 03 04:42:39.670816 2025] [core:error] [pid 8160:tid 988] (20024)The given path is misformatted or contained invalid characters: [client 20.171.207.190:37060] AH00127: Cannot map GET /%22?path=%24path%2F%24dir%5C%22 HTTP/1.1 to file
[Thu Apr 03 04:43:19.742401 2025] [core:error] [pid 8160:tid 988] (20024)The given path is misformatted or contained invalid characters: [client 20.171.207.190:52866] AH00127: Cannot map GET /%22?path=%24path%2F%24dir%5C%22 HTTP/1.1 to file
[Thu Apr 03 04:43:22.672171 2025] [core:error] [pid 8160:tid 988] (20024)The given path is misformatted or contained invalid characters: [client 20.171.207.190:52866] AH00127: Cannot map GET /%22?filesrc=%24path%2F%24file&path=%24path%5C%22 HTTP/1.1 to file
[Thu Apr 03 04:43:59.771500 2025] [core:error] [pid 8160:tid 988] (20024)The given path is misformatted or contained invalid characters: [client 20.171.207.190:55229] AH00127: Cannot map GET /%22?filesrc=%24path%2F%24file&path=%24path%5C%22 HTTP/1.1 to file
[Thu Apr 03 04:44:02.758562 2025] [core:error] [pid 8160:tid 988] (20024)The given path is misformatted or contained invalid characters: [client 20.171.207.190:55229] AH00127: Cannot map GET /%22?path=%24path%2F%24dir%5C%22 HTTP/1.1 to file
[Thu Apr 03 04:44:53.933241 2025] [core:error] [pid 8160:tid 988] (20024)The given path is misformatted or contained invalid characters: [client 20.171.207.190:52798] AH00127: Cannot map GET /%22?path=%24path%2F%24dir%5C%22 HTTP/1.1 to file
[Thu Apr 03 04:44:56.907338 2025] [core:error] [pid 8160:tid 988] (20024)The given path is misformatted or contained invalid characters: [client 20.171.207.190:52798] AH00127: Cannot map GET /%22?filesrc=%24path%2F%24file&path=%24path%5C%22 HTTP/1.1 to file
[Thu Apr 03 04:45:37.976979 2025] [core:error] [pid 8160:tid 988] (20024)The given path is misformatted or contained invalid characters: [client 20.171.207.190:12669] AH00127: Cannot map GET /%22?filesrc=%24path%2F%24file&path=%24path%5C%22 HTTP/1.1 to file
[Thu Apr 03 04:45:40.868587 2025] [core:error] [pid 8160:tid 988] (20024)The given path is misformatted or contained invalid characters: [client 20.171.207.190:12669] AH00127: Cannot map GET /%22?path=%24path%2F%24dir%5C%22 HTTP/1.1 to file
[Thu Apr 03 04:49:54.950786 2025] [core:error] [pid 8160:tid 988] (20024)The given path is misformatted or contained invalid characters: [client 20.171.207.190:22215] AH00127: Cannot map GET /%22?filesrc=%24path%2F%24file&path=%24path%5C%22 HTTP/1.1 to file
[Thu Apr 03 04:50:59.429819 2025] [core:error] [pid 8160:tid 988] (20024)The given path is misformatted or contained invalid characters: [client 20.171.207.190:51844] AH00127: Cannot map GET /%22?path=%24path%2F%24dir%5C%22 HTTP/1.1 to file
[Thu Apr 03 11:26:03.053655 2025] [authz_core:error] [pid 8160:tid 948] [client 114.119.151.209:55591] AH01630: client denied by server configuration: C:/wamp64/apps/phpmyadmin4.9.2/, referer: http://210.212.226.241:8080/index.php
[Thu Apr 03 16:14:44.692313 2025] [cgi:error] [pid 8160:tid 984] [client 185.226.197.65:41947] AH02811: script not found or unable to stat: C:/wamp64/bin/apache/apache2.4.41/cgi-bin/main.pl
[Thu Apr 03 16:16:53.258697 2025] [cgi:error] [pid 8160:tid 988] [client 185.226.197.64:34929] AH02811: script not found or unable to stat: C:/wamp64/bin/apache/apache2.4.41/cgi-bin/authLogin.cgi
[Thu Apr 03 16:17:03.978632 2025] [cgi:error] [pid 8160:tid 988] [client 185.226.197.62:59228] AH02811: script not found or unable to stat: C:/wamp64/bin/apache/apache2.4.41/cgi-bin/php-cgi.exe
[Thu Apr 03 16:17:55.257931 2025] [php7:error] [pid 8160:tid 952] [client 185.226.197.62:48235] script 'C:/wamp64/www/status.php' not found or unable to stat
[Thu Apr 03 19:55:52.777251 2025] [authz_core:error] [pid 8160:tid 988] [client 114.119.158.118:48045] AH01630: client denied by server configuration: C:/wamp64/apps/phpsysinfo3.3.1/, referer: http://210.212.226.241:8080/index.php
[Thu Apr 03 22:01:28.381233 2025] [php7:error] [pid 8160:tid 988] [client 142.93.158.33:39256] script 'C:/wamp64/www/get.php' not found or unable to stat
[Fri Apr 04 13:47:50.118577 2025] [core:error] [pid 8160:tid 988] (20024)The given path is misformatted or contained invalid characters: [client 176.65.128.199:32914] AH00127: Cannot map GET /file=http://oast.pro HTTP/1.1 to file
[Fri Apr 04 22:28:05.673195 2025] [php7:error] [pid 8160:tid 948] [client 104.248.249.164:54962] script 'C:/wamp64/www/get.php' not found or unable to stat
[Sat Apr 05 02:18:26.526055 2025] [php7:error] [pid 8160:tid 968] [client 157.230.139.103:34668] script 'C:/wamp64/www/get.php' not found or unable to stat
[Sat Apr 05 06:20:01.077589 2025] [php7:error] [pid 8160:tid 968] [client 80.82.78.39:48478] script 'C:/wamp64/www/about.php' not found or unable to stat
[Sat Apr 05 16:30:36.117098 2025] [php7:error] [pid 8160:tid 948] [client 80.82.78.39:41292] script 'C:/wamp64/www/about.php' not found or unable to stat
[Sat Apr 05 19:25:16.398406 2025] [cgi:error] [pid 8160:tid 948] [client 87.121.84.196:58854] AH02811: script not found or unable to stat: C:/wamp64/bin/apache/apache2.4.41/cgi-bin/luci
[Sun Apr 06 06:53:50.835526 2025] [cgi:error] [pid 8160:tid 948] [client 185.40.4.51:33652] AH02811: script not found or unable to stat: C:/wamp64/bin/apache/apache2.4.41/cgi-bin/luci
[Sun Apr 06 08:07:27.703781 2025] [cgi:error] [pid 8160:tid 948] [client 196.251.117.168:57524] AH02811: script not found or unable to stat: C:/wamp64/bin/apache/apache2.4.41/cgi-bin/luci
[Sun Apr 06 15:06:09.069172 2025] [core:error] [pid 8160:tid 948] (20024)The given path is misformatted or contained invalid characters: [client 152.32.181.26:34624] AH00127: Cannot map GET /favicon.ico%22%20type=%22image/ico HTTP/1.1 to file
[Mon Apr 07 01:16:06.165437 2025] [php7:error] [pid 8160:tid 968] [client 68.183.12.233:40250] script 'C:/wamp64/www/get.php' not found or unable to stat
[Tue Apr 08 17:54:51.889253 2025] [authz_core:error] [pid 8160:tid 984] [client 114.119.151.209:56527] AH01630: client denied by server configuration: C:/wamp64/apps/phpmyadmin4.9.2/, referer: http://210.212.226.241:8080/index.php
[Wed Apr 09 22:27:10.356591 2025] [php7:error] [pid 8160:tid 988] [client 35.216.134.2:50702] script 'C:/wamp64/www/info.php' not found or unable to stat
[Thu Apr 10 12:52:57.327207 2025] [php7:error] [pid 8160:tid 1000] [client 137.184.65.171:38416] script 'C:/wamp64/www/get.php' not found or unable to stat
[Fri Apr 11 00:35:34.516662 2025] [cgi:error] [pid 8160:tid 988] [client 185.147.215.197:32242] AH02811: script not found or unable to stat: C:/wamp64/bin/apache/apache2.4.41/cgi-bin/nas_sharing.cgi
[Fri Apr 11 07:28:53.648271 2025] [php7:error] [pid 8160:tid 988] [client 45.55.87.41:57246] script 'C:/wamp64/www/get.php' not found or unable to stat 'uname' is not recognized as an internal or external command, operable program or batch file. 'uname' is not recognized as an internal or external command, operable program or batch file.
[Fri Apr 11 13:32:37.289438 2025] [authz_core:error] [pid 8160:tid 1008] [client 114.119.132.52:30095] AH01630: client denied by server configuration: C:/wamp64/apps/adminer4.7.5/, referer: http://210.212.226.241:8080/index.php
[Fri Apr 11 14:50:29.751743 2025] [php7:error] [pid 8160:tid 1008] [client 188.166.90.42:54252] script 'C:/wamp64/www/get.php' not found or unable to stat
[Sat Apr 12 02:00:54.007351 2025] [php7:error] [pid 8160:tid 968] [client 178.128.28.178:38884] script 'C:/wamp64/www/get.php' not found or unable to stat
[Sat Apr 12 10:05:21.322690 2025] [authz_core:error] [pid 8160:tid 952] [client 114.119.132.52:30111] AH01630: client denied by server configuration: C:/wamp64/apps/phpsysinfo3.3.1/, referer: http://210.212.226.241:8080/index.php
[Sat Apr 12 20:45:00.477571 2025] [php7:error] [pid 8160:tid 1008] [client 161.35.47.209:54776] script 'C:/wamp64/www/get.php' not found or unable to stat
[Sun Apr 13 03:39:56.851035 2025] [cgi:error] [pid 8160:tid 1000] [client 185.40.4.51:53524] AH02811: script not found or unable to stat: C:/wamp64/bin/apache/apache2.4.41/cgi-bin/luci
[Sun Apr 13 12:47:37.984612 2025] [cgi:error] [pid 8160:tid 952] [client 185.224.128.90:45618] AH02811: script not found or unable to stat: C:/wamp64/bin/apache/apache2.4.41/cgi-bin/luci
[Sun Apr 13 17:02:34.372044 2025] [cgi:error] [pid 8160:tid 952] [client 185.224.128.90:55678] AH02811: script not found or unable to stat: C:/wamp64/bin/apache/apache2.4.41/cgi-bin/luci
[Sun Apr 13 17:51:41.070041 2025] [php7:error] [pid 8160:tid 1000] [client 170.64.183.9:41200] script 'C:/wamp64/www/get.php' not found or unable to stat
[Sun Apr 13 19:07:02.790406 2025] [authz_core:error] [pid 8160:tid 1000] [client 114.119.151.209:57501] AH01630: client denied by server configuration: C:/wamp64/apps/phpmyadmin4.9.2/, referer: http://210.212.226.241:8080/index.php?lang=english
[Sun Apr 13 20:29:07.460406 2025] [php7:error] [pid 8160:tid 952] [client 138.197.124.243:47506] script 'C:/wamp64/www/get.php' not found or unable to stat
[Sun Apr 13 20:58:59.975310 2025] [cgi:error] [pid 8160:tid 952] [client 185.224.128.90:45034] AH02811: script not found or unable to stat: C:/wamp64/bin/apache/apache2.4.41/cgi-bin/luci
[Mon Apr 14 13:04:35.448893 2025] [php7:error] [pid 8160:tid 960] [client 134.209.75.104:50510] script 'C:/wamp64/www/get.php' not found or unable to stat 'uname' is not recognized as an internal or external command, operable program or batch file. 'uname' is not recognized as an internal or external command, operable program or batch file. 'uname' is not recognized as an internal or external command, operable program or batch file. 'uname' is not recognized as an internal or external command, operable program or batch file. 'uname' is not recognized as an internal or external command, operable program or batch file.
[Mon Apr 14 16:44:11.226194 2025] [core:error] [pid 8160:tid 704] (20024)The given path is misformatted or contained invalid characters: [client 64.227.174.128:36582] AH00127: Cannot map GET /favicon.ico%22%20type=%22image/ico HTTP/1.1 to file
[Mon Apr 14 19:49:39.307181 2025] [cgi:error] [pid 8160:tid 876] [client 185.224.128.90:56292] AH02811: script not found or unable to stat: C:/wamp64/bin/apache/apache2.4.41/cgi-bin/luci
[Tue Apr 15 02:37:43.480346 2025] [core:error] [pid 8160:tid 968] (22)Invalid argument: [client 173.212.198.199:48856] AH00127: Cannot map POST /%C0 HTTP/1.1 to file
[Tue Apr 15 07:26:02.555789 2025] [php7:error] [pid 8160:tid 968] [client 64.226.120.42:34762] script 'C:/wamp64/www/get.php' not found or unable to stat
[Wed Apr 16 01:30:20.657159 2025] [php7:error] [pid 8160:tid 768] [client 165.227.43.174:58446] script 'C:/wamp64/www/get.php' not found or unable to stat
[Wed Apr 16 02:22:59.811377 2025] [php7:error] [pid 8160:tid 876] [client 162.243.214.74:56546] script 'C:/wamp64/www/get.php' not found or unable to stat
[Wed Apr 16 18:41:46.647161 2025] [php7:error] [pid 8160:tid 876] [client 164.90.185.130:54246] script 'C:/wamp64/www/get.php' not found or unable to stat
[Wed Apr 16 21:25:34.507920 2025] [php7:error] [pid 8160:tid 884] [client 104.248.241.49:56680] script 'C:/wamp64/www/get.php' not found or unable to stat
[Thu Apr 17 09:07:45.757316 2025] [php7:error] [pid 8160:tid 884] [client 139.59.78.135:56884] script 'C:/wamp64/www/get.php' not found or unable to stat
[Thu Apr 17 09:41:13.241329 2025] [core:error] [pid 8160:tid 884] (20024)The given path is misformatted or contained invalid characters: [client 20.171.207.163:41066] AH00127: Cannot map GET /watercat/gallery/'.$json-%3Eurl.' HTTP/1.1 to file
[Thu Apr 17 09:41:47.057902 2025] [core:error] [pid 8160:tid 884] (20024)The given path is misformatted or contained invalid characters: [client 20.171.207.163:53220] AH00127: Cannot map GET /watercat/gallery/%22.$path.%22/%22.$fname.%22 HTTP/1.1 to file
[Thu Apr 17 09:44:28.867966 2025] [core:error] [pid 8160:tid 884] (20024)The given path is misformatted or contained invalid characters: [client 20.171.207.163:54526] AH00127: Cannot map GET /%22http:/solevisible.com/images/farvahar-iran.png/%22 HTTP/1.1 to file
[Thu Apr 17 09:56:15.764327 2025] [core:error] [pid 8160:tid 768] (20024)The given path is misformatted or contained invalid characters: [client 20.171.207.163:38480] AH00127: Cannot map GET /watercat/gallery/%22.$string.%22 HTTP/1.1 to file
[Thu Apr 17 10:00:50.498067 2025] [core:error] [pid 8160:tid 768] (20024)The given path is misformatted or contained invalid characters: [client 20.171.207.163:54132] AH00127: Cannot map GET /watercat/gallery/%22.__showicon( HTTP/1.1 to file
[Thu Apr 17 19:07:10.853095 2025] [core:error] [pid 8160:tid 692] (20024)The given path is misformatted or contained invalid characters: [client 20.171.207.163:44808] AH00127: Cannot map GET /watercat/gallery/%22.$path.%22/pwreset.php HTTP/1.1 to file
[Thu Apr 17 20:41:08.130213 2025] [core:error] [pid 8160:tid 692] (20024)The given path is misformatted or contained invalid characters: [client 20.171.207.163:44450] AH00127: Cannot map GET /watercat/gallery/%22.$fff.%22 HTTP/1.1 to file
[Thu Apr 17 20:56:11.069341 2025] [core:error] [pid 8160:tid 692] (20024)The given path is misformatted or contained invalid characters: [client 20.171.207.163:57200] AH00127: Cannot map GET /watercat/gallery/%22.$ff.%22 HTTP/1.1 to file
[Fri Apr 18 06:47:44.258195 2025] [php7:error] [pid 8160:tid 768] [client 138.68.147.88:56986] script 'C:/wamp64/www/get.php' not found or unable to stat
[Fri Apr 18 08:27:25.417718 2025] [authz_core:error] [pid 8160:tid 876] [client 46.165.201.14:31980] AH01630: client denied by server configuration: C:/wamp64/apps/phpmyadmin4.9.2/scripts
[Fri Apr 18 14:44:42.975283 2025] [cgi:error] [pid 8160:tid 832] [client 176.65.142.100:59362] AH02811: script not found or unable to stat: C:/wamp64/bin/apache/apache2.4.41/cgi-bin/luci
[Fri Apr 18 21:51:51.382590 2025] [core:error] [pid 8160:tid 704] (20024)The given path is misformatted or contained invalid characters: [client 20.171.207.163:35056] AH00127: Cannot map GET /watercat/gallery/%22.$path.%22/solevisible.php HTTP/1.1 to file
[Sat Apr 19 01:40:18.418402 2025] [php7:error] [pid 8160:tid 712] [client 198.244.229.224:54372] script 'C:/wamp64/www/login.php' not found or unable to stat
[Sat Apr 19 01:40:23.960934 2025] [cgi:error] [pid 8160:tid 704] [client 198.244.229.224:53014] AH02811: script not found or unable to stat: C:/wamp64/bin/apache/apache2.4.41/cgi-bin/info.cgi
[Sat Apr 19 01:40:24.909294 2025] [php7:error] [pid 8160:tid 884] [client 198.244.229.224:53064] script 'C:/wamp64/www/admin.php' not found or unable to stat
[Sat Apr 19 01:40:26.915654 2025] [php7:error] [pid 8160:tid 884] [client 198.244.229.224:53158] script 'C:/wamp64/www/localstart.php' not found or unable to stat
[Sat Apr 19 08:44:11.099972 2025] [core:error] [pid 8160:tid 1008] (22)Invalid argument: [client 103.18.188.129:55012] AH00127: Cannot map POST /%C0 HTTP/1.1 to file
[Sat Apr 19 13:28:55.540080 2025] [core:error] [pid 8160:tid 876] (20024)The given path is misformatted or contained invalid characters: [client 20.171.207.183:42164] AH00127: Cannot map GET /%22?filesrc=%24path%2F%24file&path=%24path%5C%22 HTTP/1.1 to file
[Sat Apr 19 13:44:25.179264 2025] [core:error] [pid 8160:tid 876] (20024)The given path is misformatted or contained invalid characters: [client 20.171.207.183:56868] AH00127: Cannot map GET /%22?filesrc=%24path%2F%24file&path=%24path%5C%22 HTTP/1.1 to file
[Sat Apr 19 14:00:08.535199 2025] [core:error] [pid 8160:tid 876] (20024)The given path is misformatted or contained invalid characters: [client 20.171.207.183:36380] AH00127: Cannot map GET /%22?filesrc=%24path%2F%24file&path=%24path%5C%22 HTTP/1.1 to file
[Sat Apr 19 14:25:46.260931 2025] [core:error] [pid 8160:tid 1008] (20024)The given path is misformatted or contained invalid characters: [client 20.171.207.183:45022] AH00127: Cannot map GET /%22?filesrc=%24path%2F%24file&path=%24path%5C%22 HTTP/1.1 to file
[Sat Apr 19 14:50:40.573055 2025] [core:error] [pid 8160:tid 704] (20024)The given path is misformatted or contained invalid characters: [client 20.171.207.183:48100] AH00127: Cannot map GET /%22?filesrc=%24path%2F%24file&path=%24path%5C%22 HTTP/1.1 to file
[Sat Apr 19 15:06:01.391009 2025] [core:error] [pid 8160:tid 704] (20024)The given path is misformatted or contained invalid characters: [client 20.171.207.183:47972] AH00127: Cannot map GET /%22?filesrc=%24path%2F%24file&path=%24path%5C%22 HTTP/1.1 to file
[Sat Apr 19 15:31:29.428598 2025] [core:error] [pid 8160:tid 1008] (20024)The given path is misformatted or contained invalid characters: [client 20.171.207.183:56428] AH00127: Cannot map GET /%22?filesrc=%24path%2F%24file&path=%24path%5C%22 HTTP/1.1 to file
[Sat Apr 19 15:44:28.793733 2025] [core:error] [pid 8160:tid 704] (20024)The given path is misformatted or contained invalid characters: [client 20.171.207.183:34178] AH00127: Cannot map GET /%22?filesrc=%24path%2F%24file&path=%24path%5C%22 HTTP/1.1 to file
[Sat Apr 19 15:58:43.589322 2025] [core:error] [pid 8160:tid 884] (20024)The given path is misformatted or contained invalid characters: [client 20.171.207.183:39720] AH00127: Cannot map GET /%22?filesrc=%24path%2F%24file&path=%24path%5C%22 HTTP/1.1 to file
[Sat Apr 19 16:15:15.966852 2025] [core:error] [pid 8160:tid 968] (20024)The given path is misformatted or contained invalid characters: [client 20.171.207.183:46386] AH00127: Cannot map GET /%22?filesrc=%24path%2F%24file&path=%24path%5C%22 HTTP/1.1 to file
[Sat Apr 19 16:31:58.414015 2025] [core:error] [pid 8160:tid 968] (20024)The given path is misformatted or contained invalid characters: [client 20.171.207.183:42194] AH00127: Cannot map GET /%22?filesrc=%24path%2F%24file&path=%24path%5C%22 HTTP/1.1 to file
[Sat Apr 19 16:48:20.582510 2025] [core:error] [pid 8160:tid 968] (20024)The given path is misformatted or contained invalid characters: [client 20.171.207.183:52918] AH00127: Cannot map GET /%22?filesrc=%24path%2F%24file&path=%24path%5C%22 HTTP/1.1 to file
[Sat Apr 19 17:06:55.635407 2025] [core:error] [pid 8160:tid 968] (20024)The given path is misformatted or contained invalid characters: [client 20.171.207.183:53990] AH00127: Cannot map GET /%22?filesrc=%24path%2F%24file&path=%24path%5C%22 HTTP/1.1 to file
[Sat Apr 19 17:17:53.943367 2025] [core:error] [pid 8160:tid 968] (20024)The given path is misformatted or contained invalid characters: [client 20.171.207.183:39658] AH00127: Cannot map GET /%22?filesrc=%24path%2F%24file&path=%24path%5C%22 HTTP/1.1 to file
[Sat Apr 19 17:20:52.674447 2025] [core:error] [pid 8160:tid 968] (20024)The given path is misformatted or contained invalid characters: [client 20.171.207.183:55808] AH00127: Cannot map GET /%22?filesrc=%24path%2F%24file&path=%24path%5C%22 HTTP/1.1 to file
[Sat Apr 19 17:33:19.633426 2025] [core:error] [pid 8160:tid 968] (20024)The given path is misformatted or contained invalid characters: [client 20.171.207.183:45562] AH00127: Cannot map GET /%22?filesrc=%24path%2F%24file&path=%24path%5C%22 HTTP/1.1 to file
[Sat Apr 19 17:35:50.615400 2025] [core:error] [pid 8160:tid 968] (20024)The given path is misformatted or contained invalid characters: [client 20.171.207.183:46180] AH00127: Cannot map GET /%22?filesrc=%24path%2F%24file&path=%24path%5C%22 HTTP/1.1 to file
[Sat Apr 19 18:27:46.032363 2025] [core:error] [pid 8160:tid 968] (20024)The given path is misformatted or contained invalid characters: [client 20.171.207.183:39356] AH00127: Cannot map GET /%22?filesrc=%24path%2F%24file&path=%24path%5C%22 HTTP/1.1 to file
[Sat Apr 19 18:43:50.163711 2025] [core:error] [pid 8160:tid 712] (20024)The given path is misformatted or contained invalid characters: [client 20.171.207.183:55780] AH00127: Cannot map GET /%22?filesrc=%24path%2F%24file&path=%24path%5C%22 HTTP/1.1 to file
[Sat Apr 19 18:59:40.220068 2025] [core:error] [pid 8160:tid 712] (20024)The given path is misformatted or contained invalid characters: [client 20.171.207.183:59398] AH00127: Cannot map GET /%22?filesrc=%24path%2F%24file&path=%24path%5C%22 HTTP/1.1 to file
[Sat Apr 19 19:21:50.478360 2025] [core:error] [pid 8160:tid 712] (20024)The given path is misformatted or contained invalid characters: [client 20.171.207.183:44628] AH00127: Cannot map GET /%22?filesrc=%24path%2F%24file&path=%24path%5C%22 HTTP/1.1 to file
[Sat Apr 19 19:41:03.367063 2025] [core:error] [pid 8160:tid 712] (20024)The given path is misformatted or contained invalid characters: [client 20.171.207.183:42298] AH00127: Cannot map GET /%22?filesrc=%24path%2F%24file&path=%24path%5C%22 HTTP/1.1 to file
[Sat Apr 19 19:58:23.260405 2025] [core:error] [pid 8160:tid 968] (20024)The given path is misformatted or contained invalid characters: [client 20.171.207.183:37846] AH00127: Cannot map GET /%22?filesrc=%24path%2F%24file&path=%24path%5C%22 HTTP/1.1 to file
[Sat Apr 19 20:30:33.242962 2025] [core:error] [pid 8160:tid 968] (20024)The given path is misformatted or contained invalid characters: [client 20.171.207.183:42054] AH00127: Cannot map GET /%22?filesrc=%24path%2F%24file&path=%24path%5C%22 HTTP/1.1 to file
[Sat Apr 19 20:48:30.770456 2025] [core:error] [pid 8160:tid 968] (20024)The given path is misformatted or contained invalid characters: [client 20.171.207.183:44538] AH00127: Cannot map GET /%22?filesrc=%24path%2F%24file&path=%24path%5C%22 HTTP/1.1 to file
[Sat Apr 19 21:04:38.767396 2025] [core:error] [pid 8160:tid 968] (20024)The given path is misformatted or contained invalid characters: [client 20.171.207.183:47278] AH00127: Cannot map GET /%22?filesrc=%24path%2F%24file&path=%24path%5C%22 HTTP/1.1 to file
[Sat Apr 19 21:22:51.290367 2025] [core:error] [pid 8160:tid 968] (20024)The given path is misformatted or contained invalid characters: [client 18.222.112.116:4784] AH00127: Cannot map GET /watercat/gallery/%22.$fff.%22 HTTP/1.1 to file
[Sat Apr 19 21:28:02.386289 2025] [core:error] [pid 8160:tid 968] (20024)The given path is misformatted or contained invalid characters: [client 20.171.207.183:50748] AH00127: Cannot map GET /%22?filesrc=%24path%2F%24file&path=%24path%5C%22 HTTP/1.1 to file
[Sat Apr 19 21:34:17.665374 2025] [core:error] [pid 8160:tid 884] (20024)The given path is misformatted or contained invalid characters: [client 3.14.64.102:24816] AH00127: Cannot map GET /watercat/gallery/%22.__showicon( HTTP/1.1 to file
[Sat Apr 19 21:45:11.356889 2025] [core:error] [pid 8160:tid 884] (20024)The given path is misformatted or contained invalid characters: [client 20.171.207.183:58480] AH00127: Cannot map GET /%22?filesrc=%24path%2F%24file&path=%24path%5C%22 HTTP/1.1 to file
[Sat Apr 19 21:50:57.961570 2025] [core:error] [pid 8160:tid 968] (20024)The given path is misformatted or contained invalid characters: [client 18.216.220.6:61444] AH00127: Cannot map GET /watercat/gallery//%22%7B/$pw_reset_url%7D/%22 HTTP/1.1 to file
[Sat Apr 19 21:54:37.367081 2025] [core:error] [pid 8160:tid 884] (20024)The given path is misformatted or contained invalid characters: [client 3.15.7.195:28260] AH00127: Cannot map GET /watercat/gallery/%22.$path.%22/pwreset.php HTTP/1.1 to file
[Sat Apr 19 21:56:35.665485 2025] [core:error] [pid 8160:tid 968] (20024)The given path is misformatted or contained invalid characters: [client 52.15.122.33:58165] AH00127: Cannot map GET /watercat/gallery/'.$json-%3Eurl.' HTTP/1.1 to file
[Sat Apr 19 22:00:02.681259 2025] [core:error] [pid 8160:tid 968] (20024)The given path is misformatted or contained invalid characters: [client 3.15.235.171:38531] AH00127: Cannot map GET /watercat/gallery//%22http:/solevisible.com/images/farvahar-iran.png/%22 HTTP/1.1 to file
[Sat Apr 19 22:09:11.240962 2025] [core:error] [pid 8160:tid 968] (20024)The given path is misformatted or contained invalid characters: [client 52.15.179.198:1309] AH00127: Cannot map GET /watercat/gallery/%22.$path.%22/solevisible.php HTTP/1.1 to file
[Sat Apr 19 22:12:23.929362 2025] [core:error] [pid 8160:tid 968] (20024)The given path is misformatted or contained invalid characters: [client 20.171.207.183:43930] AH00127: Cannot map GET /%22?filesrc=%24path%2F%24file&path=%24path%5C%22 HTTP/1.1 to file
[Sat Apr 19 22:12:52.335765 2025] [core:error] [pid 8160:tid 968] (20024)The given path is misformatted or contained invalid characters: [client 18.189.32.37:17348] AH00127: Cannot map GET /watercat/gallery/%22.$path.%22/%22.$fname.%22 HTTP/1.1 to file
[Sat Apr 19 22:12:52.538893 2025] [core:error] [pid 8160:tid 884] (20024)The given path is misformatted or contained invalid characters: [client 18.189.32.37:62590] AH00127: Cannot map GET /watercat/gallery/%22.$string.%22 HTTP/1.1 to file
[Sat Apr 19 22:30:30.097156 2025] [core:error] [pid 8160:tid 968] (20024)The given path is misformatted or contained invalid characters: [client 20.171.207.183:34696] AH00127: Cannot map GET /%22?filesrc=%24path%2F%24file&path=%24path%5C%22 HTTP/1.1 to file
[Sat Apr 19 22:48:29.146928 2025] [core:error] [pid 8160:tid 968] (20024)The given path is misformatted or contained invalid characters: [client 20.171.207.183:60728] AH00127: Cannot map GET /%22?filesrc=%24path%2F%24file&path=%24path%5C%22 HTTP/1.1 to file
[Sat Apr 19 23:04:46.479313 2025] [core:error] [pid 8160:tid 968] (20024)The given path is misformatted or contained invalid characters: [client 20.171.207.183:54292] AH00127: Cannot map GET /%22?filesrc=%24path%2F%24file&path=%24path%5C%22 HTTP/1.1 to file
[Sat Apr 19 23:08:41.493259 2025] [core:error] [pid 8160:tid 968] (20024)The given path is misformatted or contained invalid characters: [client 20.171.207.183:60948] AH00127: Cannot map GET /%22?filesrc=%24path%2F%24file&path=%24path%5C%22 HTTP/1.1 to file
[Sat Apr 19 23:22:17.173143 2025] [core:error] [pid 8160:tid 968] (20024)The given path is misformatted or contained invalid characters: [client 20.171.207.183:33676] AH00127: Cannot map GET /%22?filesrc=%24path%2F%24file&path=%24path%5C%22 HTTP/1.1 to file
[Sat Apr 19 23:25:05.132576 2025] [core:error] [pid 8160:tid 968] (20024)The given path is misformatted or contained invalid characters: [client 20.171.207.183:39906] AH00127: Cannot map GET /%22?filesrc=%24path%2F%24file&path=%24path%5C%22 HTTP/1.1 to file
[Sat Apr 19 23:38:57.459239 2025] [core:error] [pid 8160:tid 968] (20024)The given path is misformatted or contained invalid characters: [client 20.171.207.183:58368] AH00127: Cannot map GET /%22?filesrc=%24path%2F%24file&path=%24path%5C%22 HTTP/1.1 to file
[Sat Apr 19 23:41:12.640236 2025] [core:error] [pid 8160:tid 968] (20024)The given path is misformatted or contained invalid characters: [client 20.171.207.183:40270] AH00127: Cannot map GET /%22?filesrc=%24path%2F%24file&path=%24path%5C%22 HTTP/1.1 to file
[Sat Apr 19 23:56:31.764634 2025] [core:error] [pid 8160:tid 712] (20024)The given path is misformatted or contained invalid characters: [client 20.171.207.183:47320] AH00127: Cannot map GET /%22?filesrc=%24path%2F%24file&path=%24path%5C%22 HTTP/1.1 to file
[Sat Apr 19 23:59:15.170604 2025] [core:error] [pid 8160:tid 712] (20024)The given path is misformatted or contained invalid characters: [client 20.171.207.183:50570] AH00127: Cannot map GET /%22?filesrc=%24path%2F%24file&path=%24path%5C%22 HTTP/1.1 to file
[Sun Apr 20 00:12:34.558716 2025] [core:error] [pid 8160:tid 712] (20024)The given path is misformatted or contained invalid characters: [client 20.171.207.183:34884] AH00127: Cannot map GET /%22?filesrc=%24path%2F%24file&path=%24path%5C%22 HTTP/1.1 to file
[Sun Apr 20 00:14:58.147071 2025] [core:error] [pid 8160:tid 712] (20024)The given path is misformatted or contained invalid characters: [client 20.171.207.183:59992] AH00127: Cannot map GET /%22?filesrc=%24path%2F%24file&path=%24path%5C%22 HTTP/1.1 to file
[Sun Apr 20 00:21:41.096302 2025] [php7:error] [pid 8160:tid 712] [client 18.118.164.125:39510] script 'C:/wamp64/www/WaterCat/index.php' not found or unable to stat
[Sun Apr 20 00:28:14.934876 2025] [core:error] [pid 8160:tid 712] (20024)The given path is misformatted or contained invalid characters: [client 20.171.207.183:52914] AH00127: Cannot map GET /%22?filesrc=%24path%2F%24file&path=%24path%5C%22 HTTP/1.1 to file
[Sun Apr 20 00:28:48.804271 2025] [core:error] [pid 8160:tid 884] (22)Invalid argument: [client 103.18.188.129:34426] AH00127: Cannot map POST /%C0 HTTP/1.1 to file
[Sun Apr 20 00:31:12.922583 2025] [core:error] [pid 8160:tid 884] (20024)The given path is misformatted or contained invalid characters: [client 20.171.207.183:37342] AH00127: Cannot map GET /%22?filesrc=%24path%2F%24file&path=%24path%5C%22 HTTP/1.1 to file
[Sun Apr 20 00:43:35.617680 2025] [core:error] [pid 8160:tid 712] (20024)The given path is misformatted or contained invalid characters: [client 20.171.207.183:48210] AH00127: Cannot map GET /%22?filesrc=%24path%2F%24file&path=%24path%5C%22 HTTP/1.1 to file
[Sun Apr 20 00:46:42.663976 2025] [core:error] [pid 8160:tid 712] (20024)The given path is misformatted or contained invalid characters: [client 20.171.207.183:40872] AH00127: Cannot map GET /%22?filesrc=%24path%2F%24file&path=%24path%5C%22 HTTP/1.1 to file
[Sun Apr 20 00:49:23.807873 2025] [cgi:error] [pid 8160:tid 712] [client 176.65.142.122:55360] AH02811: script not found or unable to stat: C:/wamp64/bin/apache/apache2.4.41/cgi-bin/luci
[Sun Apr 20 00:53:38.579934 2025] [core:error] [pid 8160:tid 712] (20024)The given path is misformatted or contained invalid characters: [client 20.171.207.183:42074] AH00127: Cannot map GET /%22%7B/$pw_reset_url%7D/%22 HTTP/1.1 to file
[Sun Apr 20 00:57:32.525213 2025] [core:error] [pid 8160:tid 712] (20024)The given path is misformatted or contained invalid characters: [client 20.171.207.183:39968] AH00127: Cannot map GET /%22?filesrc=%24path%2F%24file&path=%24path%5C%22 HTTP/1.1 to file
[Sun Apr 20 01:00:09.193459 2025] [core:error] [pid 8160:tid 712] (20024)The given path is misformatted or contained invalid characters: [client 20.171.207.183:35298] AH00127: Cannot map GET /%22?filesrc=%24path%2F%24file&path=%24path%5C%22 HTTP/1.1 to file
[Sun Apr 20 01:12:22.382664 2025] [core:error] [pid 8160:tid 712] (20024)The given path is misformatted or contained invalid characters: [client 20.171.207.183:57492] AH00127: Cannot map GET /%22?filesrc=%24path%2F%24file&path=%24path%5C%22 HTTP/1.1 to file
[Sun Apr 20 01:15:07.258870 2025] [core:error] [pid 8160:tid 712] (20024)The given path is misformatted or contained invalid characters: [client 20.171.207.183:49068] AH00127: Cannot map GET /%22?filesrc=%24path%2F%24file&path=%24path%5C%22 HTTP/1.1 to file
[Sun Apr 20 02:34:38.696693 2025] [php7:error] [pid 8160:tid 712] [client 138.197.73.41:57482] script 'C:/wamp64/www/get.php' not found or unable to stat
[Sun Apr 20 16:12:27.202676 2025] [php7:error] [pid 8160:tid 968] [client 138.68.155.147:38642] script 'C:/wamp64/www/get.php' not found or unable to stat 'uname' is not recognized as an internal or external command, operable program or batch file.
[Mon Apr 21 13:30:08.242111 2025] [php7:error] [pid 8160:tid 968] [client 134.209.185.248:42350] script 'C:/wamp64/www/get.php' not found or unable to stat
[Mon Apr 21 21:50:54.217349 2025] [php7:error] [pid 8160:tid 952] [client 167.172.172.18:39836] script 'C:/wamp64/www/get.php' not found or unable to stat
[Tue Apr 22 11:07:21.938172 2025] [php7:error] [pid 8160:tid 1008] [client 161.35.210.95:48322] script 'C:/wamp64/www/get.php' not found or unable to stat
[Tue Apr 22 12:41:27.554160 2025] [core:error] [pid 8160:tid 712] (20024)The given path is misformatted or contained invalid characters: [client 159.65.156.239:58824] AH00127: Cannot map GET /file=http://oast.pro HTTP/1.1 to file
[Wed Apr 23 07:17:49.692858 2025] [php7:error] [pid 8160:tid 876] [client 159.65.40.239:54762] script 'C:/wamp64/www/get.php' not found or unable to stat
[Wed Apr 23 09:46:03.022444 2025] [authz_core:error] [pid 8160:tid 704] [client 114.119.158.251:33829] AH01630: client denied by server configuration: C:/wamp64/apps/phpmyadmin4.9.2/, referer: http://210.212.226.241:8080/index.php?lang=english
[Wed Apr 23 09:50:26.889401 2025] [authz_core:error] [pid 8160:tid 704] [client 114.119.152.46:39745] AH01630: client denied by server configuration: C:/wamp64/apps/adminer4.7.5/, referer: http://210.212.226.241:8080/index.php?lang=english
[Mon Apr 28 11:38:58.310612 2025] [core:warn] [pid 7208:tid 432] AH00098: pid file C:/wamp64/bin/apache/apache2.4.41/logs/httpd.pid overwritten -- Unclean shutdown of previous Apache run?
[Mon Apr 28 11:38:58.608647 2025] [mpm_winnt:notice] [pid 7208:tid 432] AH00455: Apache/2.4.41 (Win64) PHP/7.3.12 configured -- resuming normal operations
[Mon Apr 28 11:38:58.608647 2025] [mpm_winnt:notice] [pid 7208:tid 432] AH00456: Apache Lounge VS16 Server built: Aug 9 2019 16:46:32
[Mon Apr 28 11:38:58.608647 2025] [core:notice] [pid 7208:tid 432] AH00094: Command line: 'c:\\wamp64\\bin\\apache\\apache2.4.41\\bin\\httpd.exe -d C:/wamp64/bin/apache/apache2.4.41'
[Mon Apr 28 11:38:58.608647 2025] [mpm_winnt:notice] [pid 7208:tid 432] AH00418: Parent: Created child process 8780
[Mon Apr 28 11:38:59.125461 2025] [mpm_winnt:notice] [pid 8780:tid 496] AH00354: Child: Starting 64 worker threads.
[Mon Apr 28 12:14:25.249765 2025] [cgi:error] [pid 8780:tid 980] [client 5.183.209.244:40122] AH02811: script not found or unable to stat: C:/wamp64/bin/apache/apache2.4.41/cgi-bin/luci
[Mon Apr 28 14:55:00.760983 2025] [cgi:error] [pid 8780:tid 1004] [client 5.183.209.244:37498] AH02811: script not found or unable to stat: C:/wamp64/bin/apache/apache2.4.41/cgi-bin/luci
[Mon Apr 28 17:00:16.279029 2025] [core:error] [pid 8780:tid 1008] (20024)The given path is misformatted or contained invalid characters: [client 188.166.228.6:59464] AH00127: Cannot map GET /favicon.ico%22%20type=%22image/ico HTTP/1.1 to file
[Mon Apr 28 22:33:05.489633 2025] [php7:error] [pid 8780:tid 1004] [client 103.121.39.54:46910] script 'C:/wamp64/www/phpinfo.php' not found or unable to stat
[Mon Apr 28 23:22:11.113000 2025] [php7:error] [pid 8780:tid 1004] [client 103.121.39.54:49356] script 'C:/wamp64/www/test.php' not found or unable to stat
[Tue Apr 29 00:56:47.581696 2025] [php7:error] [pid 8780:tid 1004] [client 165.227.152.183:53166] script 'C:/wamp64/www/get.php' not found or unable to stat
[Tue Apr 29 01:18:09.853180 2025] [authz_core:error] [pid 8780:tid 1004] [client 114.119.145.205:53045] AH01630: client denied by server configuration: C:/wamp64/apps/phpmyadmin4.9.2/, referer: http://210.212.226.241:8080/index.php?lang=english
[Tue Apr 29 04:13:54.977948 2025] [php7:error] [pid 8780:tid 980] [client 103.121.39.54:36136] script 'C:/wamp64/www/app_dev.php' not found or unable to stat
[Tue Apr 29 05:43:02.522049 2025] [authz_core:error] [pid 8780:tid 1004] [client 114.119.151.209:60319] AH01630: client denied by server configuration: C:/wamp64/apps/adminer4.7.5/, referer: http://210.212.226.241:8080/index.php?lang=english
[Tue Apr 29 13:41:16.452842 2025] [core:error] [pid 8780:tid 1004] (22)Invalid argument: [client 103.18.188.129:32790] AH00127: Cannot map POST /%C0 HTTP/1.1 to file
[Tue Apr 29 14:44:33.733894 2025] [php7:error] [pid 8780:tid 1004] [client 103.121.39.54:44980] script 'C:/wamp64/www/info.php' not found or unable to stat
[Tue Apr 29 14:54:29.004865 2025] [php7:error] [pid 8780:tid 972] [client 170.64.207.112:53640] script 'C:/wamp64/www/get.php' not found or unable to stat
[Tue Apr 29 20:26:29.126284 2025] [cgi:error] [pid 8780:tid 972] [client 176.65.142.122:44244] AH02811: script not found or unable to stat: C:/wamp64/bin/apache/apache2.4.41/cgi-bin/luci
[Tue Apr 29 20:53:56.981608 2025] [php7:error] [pid 8780:tid 972] [client 103.121.39.54:60712] script 'C:/wamp64/www/phpinfo.php' not found or unable to stat
[Tue Apr 29 20:55:07.316746 2025] [php7:error] [pid 8780:tid 972] [client 143.198.151.137:48496] script 'C:/wamp64/www/get.php' not found or unable to stat
[Tue Apr 29 21:45:36.030162 2025] [php7:error] [pid 8780:tid 972] [client 103.121.39.54:42508] script 'C:/wamp64/www/test.php' not found or unable to stat
[Wed Apr 30 02:49:27.175082 2025] [php7:error] [pid 8780:tid 1008] [client 103.121.39.54:60986] script 'C:/wamp64/www/app_dev.php' not found or unable to stat
[Wed Apr 30 03:38:00.025693 2025] [php7:error] [pid 8780:tid 1008] [client 165.16.34.113:37536] script 'C:/wamp64/www/test.php' not found or unable to stat
[Wed Apr 30 04:56:23.639872 2025] [mpm_winnt:error] [pid 8780:tid 2132] AH00326: Server ran out of threads to serve requests. Consider raising the ThreadsPerChild setting
