[Sun Jun 01 02:17:31.208779 2025] [core:error] [pid 1604:tid 972] (20024)The given path is misformatted or contained invalid characters: [client 20.171.207.174:51392] AH00127: Cannot map GET /%22?path=%24path%2F%24dir%5C%22 HTTP/1.1 to file
[Sun Jun 01 02:18:40.255940 2025] [core:error] [pid 1604:tid 972] (20024)The given path is misformatted or contained invalid characters: [client 20.171.207.174:51392] AH00127: Cannot map GET /%22?path=%24path%2F%24dir%5C%22 HTTP/1.1 to file
[Sun Jun 01 03:02:15.070951 2025] [php7:error] [pid 1604:tid 996] [client 103.131.213.84:11358] script 'C:/wamp64/www/frontend_dev.php' not found or unable to stat
[Sun Jun 01 03:02:18.083895 2025] [php7:error] [pid 1604:tid 996] [client 103.131.213.84:12796] script 'C:/wamp64/www/phpinfo.php' not found or unable to stat
[Sun Jun 01 06:40:34.396919 2025] [core:error] [pid 1604:tid 1008] (20024)The given path is misformatted or contained invalid characters: [client 20.171.207.193:49474] AH00127: Cannot map GET /%22?filesrc=%24path%2F%24file&path=%24path%5C%22 HTTP/1.1 to file
[Sun Jun 01 07:19:31.253555 2025] [core:error] [pid 1604:tid 972] (20024)The given path is misformatted or contained invalid characters: [client 20.171.207.87:55138] AH00127: Cannot map GET /%22?filesrc=%24path%2F%24file&path=%24path%5C%22 HTTP/1.1 to file
[Sun Jun 01 08:18:21.485021 2025] [php7:error] [pid 1604:tid 1008] [client 167.71.45.18:49840] script 'C:/wamp64/www/get.php' not found or unable to stat
[Sun Jun 01 11:34:03.006309 2025] [authz_core:error] [pid 1604:tid 972] [client 20.171.207.87:50306] AH01630: client denied by server configuration: C:/wamp64/apps/adminer4.7.5/
[Sun Jun 01 11:40:31.489948 2025] [authz_core:error] [pid 1604:tid 972] [client 20.171.207.87:43438] AH01630: client denied by server configuration: C:/wamp64/apps/adminer4.7.5/
[Sun Jun 01 11:48:58.762252 2025] [core:error] [pid 1604:tid 1008] (20024)The given path is misformatted or contained invalid characters: [client 20.171.207.87:36810] AH00127: Cannot map GET /%22?filesrc=%24path%2F%24file&path=%24path%5C%22 HTTP/1.1 to file
[Sun Jun 01 11:50:10.273844 2025] [core:error] [pid 1604:tid 1008] (20024)The given path is misformatted or contained invalid characters: [client 20.171.207.87:56298] AH00127: Cannot map GET /%22?filesrc=%24path%2F%24file&path=%24path%5C%22 HTTP/1.1 to file
[Sun Jun 01 11:50:30.776990 2025] [core:error] [pid 1604:tid 1008] (20024)The given path is misformatted or contained invalid characters: [client 20.171.207.87:56298] AH00127: Cannot map GET /%22?filesrc=%24path%2F%24file&path=%24path%5C%22 HTTP/1.1 to file
[Sun Jun 01 12:08:08.206348 2025] [core:error] [pid 1604:tid 1008] (20024)The given path is misformatted or contained invalid characters: [client 20.171.207.87:42992] AH00127: Cannot map GET /%22?filesrc=%24path%2F%24file&path=%24path%5C%22 HTTP/1.1 to file
[Sun Jun 01 12:08:41.210803 2025] [core:error] [pid 1604:tid 1008] (20024)The given path is misformatted or contained invalid characters: [client 20.171.207.87:42992] AH00127: Cannot map GET /%22?filesrc=%24path%2F%24file&path=%24path%5C%22 HTTP/1.1 to file
[Sun Jun 01 12:11:03.928264 2025] [authz_core:error] [pid 1604:tid 1008] [client 20.171.207.87:38704] AH01630: client denied by server configuration: C:/wamp64/apps/phpsysinfo3.3.1/
[Sun Jun 01 12:11:05.039654 2025] [authz_core:error] [pid 1604:tid 1008] [client 20.171.207.87:38704] AH01630: client denied by server configuration: C:/wamp64/apps/phpmyadmin4.9.2/
[Sun Jun 01 15:35:37.730967 2025] [authz_core:error] [pid 1604:tid 1008] [client 20.171.207.87:55512] AH01630: client denied by server configuration: C:/wamp64/apps/phpmyadmin4.9.2/
[Sun Jun 01 15:51:37.176306 2025] [authz_core:error] [pid 1604:tid 1008] [client 20.171.207.87:33516] AH01630: client denied by server configuration: C:/wamp64/apps/phpsysinfo3.3.1/
[Sun Jun 01 16:06:23.114712 2025] [core:error] [pid 1604:tid 1008] (20024)The given path is misformatted or contained invalid characters: [client 20.171.207.87:58284] AH00127: Cannot map GET /%22?filesrc=%24path%2F%24file&path=%24path%5C%22 HTTP/1.1 to file
[Sun Jun 01 22:16:27.759549 2025] [core:error] [pid 1604:tid 1008] (20024)The given path is misformatted or contained invalid characters: [client 20.171.207.87:54608] AH00127: Cannot map GET /%22?filesrc=%24path%2F%24file&path=%24path%5C%22 HTTP/1.1 to file
[Sun Jun 01 22:17:03.762652 2025] [core:error] [pid 1604:tid 1008] (20024)The given path is misformatted or contained invalid characters: [client 20.171.207.87:54608] AH00127: Cannot map GET /%22?filesrc=%24path%2F%24file&path=%24path%5C%22 HTTP/1.1 to file
[Sun Jun 01 23:13:40.480878 2025] [php7:error] [pid 1604:tid 996] [client 143.198.109.147:54220] script 'C:/wamp64/www/get.php' not found or unable to stat
[Mon Jun 02 04:01:02.359256 2025] [php7:error] [pid 1604:tid 972] [client 164.92.145.211:52234] script 'C:/wamp64/www/get.php' not found or unable to stat
[Mon Jun 02 07:38:10.333898 2025] [core:error] [pid 1604:tid 1008] (20024)The given path is misformatted or contained invalid characters: [client 20.171.207.87:51930] AH00127: Cannot map GET /%22?filesrc=%24path%2F%24file&path=%24path%5C%22 HTTP/1.1 to file
[Mon Jun 02 10:11:41.964574 2025] [core:error] [pid 1604:tid 1000] (20024)The given path is misformatted or contained invalid characters: [client 20.171.207.87:38140] AH00127: Cannot map GET /%22?filesrc=%24path%2F%24file&path=%24path%5C%22 HTTP/1.1 to file
[Mon Jun 02 10:49:17.980870 2025] [core:error] [pid 1604:tid 1000] (20024)The given path is misformatted or contained invalid characters: [client 20.171.207.87:39526] AH00127: Cannot map GET /%22?filesrc=%24path%2F%24file&path=%24path%5C%22 HTTP/1.1 to file
[Mon Jun 02 10:50:03.553059 2025] [core:error] [pid 1604:tid 1000] (20024)The given path is misformatted or contained invalid characters: [client 20.171.207.87:39526] AH00127: Cannot map GET /%22?filesrc=%24path%2F%24file&path=%24path%5C%22 HTTP/1.1 to file
[Mon Jun 02 11:20:15.489309 2025] [core:error] [pid 1604:tid 1000] (20024)The given path is misformatted or contained invalid characters: [client 20.171.207.87:46614] AH00127: Cannot map GET /%22?filesrc=%24path%2F%24file&path=%24path%5C%22 HTTP/1.1 to file
[Mon Jun 02 11:23:38.973135 2025] [core:error] [pid 1604:tid 1000] (20024)The given path is misformatted or contained invalid characters: [client 20.171.207.87:51030] AH00127: Cannot map GET /%22?filesrc=%24path%2F%24file&path=%24path%5C%22 HTTP/1.1 to file
[Mon Jun 02 11:24:36.593978 2025] [core:error] [pid 1604:tid 1000] (20024)The given path is misformatted or contained invalid characters: [client 20.171.207.87:34472] AH00127: Cannot map GET /%22?filesrc=%24path%2F%24file&path=%24path%5C%22 HTTP/1.1 to file
[Mon Jun 02 13:16:28.772935 2025] [core:error] [pid 1604:tid 1000] (20024)The given path is misformatted or contained invalid characters: [client 20.171.207.87:42580] AH00127: Cannot map GET /%22?filesrc=%24path%2F%24file&path=%24path%5C%22 HTTP/1.1 to file
[Mon Jun 02 13:42:01.099748 2025] [core:error] [pid 1604:tid 1000] (20024)The given path is misformatted or contained invalid characters: [client 20.171.207.87:38196] AH00127: Cannot map GET /%22?filesrc=%24path%2F%24file&path=%24path%5C%22 HTTP/1.1 to file
[Mon Jun 02 15:23:34.710055 2025] [php7:error] [pid 1604:tid 972] [client 178.128.1.212:33596] script 'C:/wamp64/www/get.php' not found or unable to stat
[Mon Jun 02 15:58:38.604854 2025] [core:error] [pid 1604:tid 1000] (20024)The given path is misformatted or contained invalid characters: [client 20.171.207.87:47370] AH00127: Cannot map GET /%22?filesrc=%24path%2F%24file&path=%24path%5C%22 HTTP/1.1 to file
[Mon Jun 02 21:15:09.441936 2025] [core:error] [pid 1604:tid 1000] (20024)The given path is misformatted or contained invalid characters: [client 20.171.207.87:52144] AH00127: Cannot map GET /%22?filesrc=%24path%2F%24file&path=%24path%5C%22 HTTP/1.1 to file
[Mon Jun 02 21:15:59.257266 2025] [core:error] [pid 1604:tid 972] (20024)The given path is misformatted or contained invalid characters: [client 20.171.207.87:32944] AH00127: Cannot map GET /%22?filesrc=%24path%2F%24file&path=%24path%5C%22 HTTP/1.1 to file
[Mon Jun 02 21:22:06.990030 2025] [core:error] [pid 1604:tid 972] (20024)The given path is misformatted or contained invalid characters: [client 20.171.207.87:37318] AH00127: Cannot map GET /%22?filesrc=%24path%2F%24file&path=%24path%5C%22 HTTP/1.1 to file
[Mon Jun 02 21:50:05.512502 2025] [core:error] [pid 1604:tid 972] (20024)The given path is misformatted or contained invalid characters: [client 20.171.207.87:34792] AH00127: Cannot map GET /%22?filesrc=%24path%2F%24file&path=%24path%5C%22 HTTP/1.1 to file
[Mon Jun 02 21:55:25.208697 2025] [core:error] [pid 1604:tid 972] (20024)The given path is misformatted or contained invalid characters: [client 20.171.207.87:48226] AH00127: Cannot map GET /%22?filesrc=%24path%2F%24file&path=%24path%5C%22 HTTP/1.1 to file
[Mon Jun 02 22:04:44.958925 2025] [core:error] [pid 1604:tid 972] (20024)The given path is misformatted or contained invalid characters: [client 20.171.207.87:47992] AH00127: Cannot map GET /%22?filesrc=%24path%2F%24file&path=%24path%5C%22 HTTP/1.1 to file
[Mon Jun 02 22:10:21.784745 2025] [core:error] [pid 1604:tid 972] (20024)The given path is misformatted or contained invalid characters: [client 20.171.207.87:38294] AH00127: Cannot map GET /%22?filesrc=%24path%2F%24file&path=%24path%5C%22 HTTP/1.1 to file
[Mon Jun 02 22:23:17.623233 2025] [core:error] [pid 1604:tid 972] (20024)The given path is misformatted or contained invalid characters: [client 20.171.207.87:45702] AH00127: Cannot map GET /%22?filesrc=%24path%2F%24file&path=%24path%5C%22 HTTP/1.1 to file
[Mon Jun 02 23:07:25.021253 2025] [core:error] [pid 1604:tid 972] (20024)The given path is misformatted or contained invalid characters: [client 20.171.207.87:39288] AH00127: Cannot map GET /%22?filesrc=%24path%2F%24file&path=%24path%5C%22 HTTP/1.1 to file
[Tue Jun 03 03:44:25.644394 2025] [core:error] [pid 1604:tid 972] (20024)The given path is misformatted or contained invalid characters: [client 20.171.207.87:41384] AH00127: Cannot map GET /%22?filesrc=%24path%2F%24file&path=%24path%5C%22 HTTP/1.1 to file
[Tue Jun 03 03:45:51.948762 2025] [core:error] [pid 1604:tid 972] (20024)The given path is misformatted or contained invalid characters: [client 20.171.207.87:35342] AH00127: Cannot map GET /%22?filesrc=%24path%2F%24file&path=%24path%5C%22 HTTP/1.1 to file
[Tue Jun 03 06:28:20.989445 2025] [php7:error] [pid 1604:tid 1000] [client 147.182.226.167:38856] script 'C:/wamp64/www/get.php' not found or unable to stat
[Tue Jun 03 06:37:14.623896 2025] [php7:error] [pid 1604:tid 972] [client 143.198.234.249:54564] script 'C:/wamp64/www/get.php' not found or unable to stat
[Tue Jun 03 09:01:04.882239 2025] [core:error] [pid 1604:tid 972] (20024)The given path is misformatted or contained invalid characters: [client 20.171.207.204:36264] AH00127: Cannot map GET /%22?filesrc=%24path%2F%24file&path=%24path%5C%22 HTTP/1.1 to file
[Tue Jun 03 10:41:07.709117 2025] [core:error] [pid 1604:tid 972] (20024)The given path is misformatted or contained invalid characters: [client 20.171.207.204:47962] AH00127: Cannot map GET /%22?filesrc=%24path%2F%24file&path=%24path%5C%22 HTTP/1.1 to file
[Tue Jun 03 12:20:26.031082 2025] [core:error] [pid 1604:tid 972] (20024)The given path is misformatted or contained invalid characters: [client 20.171.207.204:49422] AH00127: Cannot map GET /%22?filesrc=%24path%2F%24file&path=%24path%5C%22 HTTP/1.1 to file
[Tue Jun 03 12:21:41.427854 2025] [core:error] [pid 1604:tid 972] (20024)The given path is misformatted or contained invalid characters: [client 20.171.207.204:48104] AH00127: Cannot map GET /%22?filesrc=%24path%2F%24file&path=%24path%5C%22 HTTP/1.1 to file
[Tue Jun 03 12:37:47.129924 2025] [core:error] [pid 1604:tid 972] (20024)The given path is misformatted or contained invalid characters: [client 20.171.207.204:60424] AH00127: Cannot map GET /%22?filesrc=%24path%2F%24file&path=%24path%5C%22 HTTP/1.1 to file
[Tue Jun 03 12:38:11.193877 2025] [core:error] [pid 1604:tid 972] (20024)The given path is misformatted or contained invalid characters: [client 20.171.207.204:60424] AH00127: Cannot map GET /%22?filesrc=%24path%2F%24file&path=%24path%5C%22 HTTP/1.1 to file
[Tue Jun 03 12:39:52.766506 2025] [core:error] [pid 1604:tid 972] (20024)The given path is misformatted or contained invalid characters: [client 20.171.207.204:47380] AH00127: Cannot map GET /%22?filesrc=%24path%2F%24file&path=%24path%5C%22 HTTP/1.1 to file
[Tue Jun 03 12:40:25.023661 2025] [core:error] [pid 1604:tid 972] (20024)The given path is misformatted or contained invalid characters: [client 20.171.207.204:47380] AH00127: Cannot map GET /%22?filesrc=%24path%2F%24file&path=%24path%5C%22 HTTP/1.1 to file
[Tue Jun 03 13:11:24.358202 2025] [core:error] [pid 1604:tid 972] (20024)The given path is misformatted or contained invalid characters: [client 20.171.207.204:60910] AH00127: Cannot map GET /%22?filesrc=%24path%2F%24file&path=%24path%5C%22 HTTP/1.1 to file
[Tue Jun 03 13:11:46.022231 2025] [core:error] [pid 1604:tid 972] (20024)The given path is misformatted or contained invalid characters: [client 20.171.207.204:60910] AH00127: Cannot map GET /%22?filesrc=%24path%2F%24file&path=%24path%5C%22 HTTP/1.1 to file
[Tue Jun 03 13:34:32.806957 2025] [core:error] [pid 1604:tid 972] (20024)The given path is misformatted or contained invalid characters: [client 20.171.207.204:43350] AH00127: Cannot map GET /%22?filesrc=%24path%2F%24file&path=%24path%5C%22 HTTP/1.1 to file
[Tue Jun 03 13:49:31.116057 2025] [core:error] [pid 1604:tid 1008] (22)Invalid argument: [client 147.139.178.214:55474] AH00127: Cannot map POST /%C0 HTTP/1.1 to file
[Tue Jun 03 14:04:20.746708 2025] [core:error] [pid 1604:tid 972] (20024)The given path is misformatted or contained invalid characters: [client 20.171.207.204:38692] AH00127: Cannot map GET /%22?filesrc=%24path%2F%24file&path=%24path%5C%22 HTTP/1.1 to file
[Tue Jun 03 14:04:57.531347 2025] [core:error] [pid 1604:tid 972] (20024)The given path is misformatted or contained invalid characters: [client 20.171.207.204:38692] AH00127: Cannot map GET /%22?filesrc=%24path%2F%24file&path=%24path%5C%22 HTTP/1.1 to file
[Tue Jun 03 14:35:00.428730 2025] [core:error] [pid 1604:tid 972] (20024)The given path is misformatted or contained invalid characters: [client 20.171.207.204:50782] AH00127: Cannot map GET /%22?filesrc=%24path%2F%24file&path=%24path%5C%22 HTTP/1.1 to file
[Tue Jun 03 15:44:59.437105 2025] [core:error] [pid 1604:tid 972] (20024)The given path is misformatted or contained invalid characters: [client 20.171.207.204:54668] AH00127: Cannot map GET /%22?filesrc=%24path%2F%24file&path=%24path%5C%22 HTTP/1.1 to file
[Tue Jun 03 16:02:39.608061 2025] [core:error] [pid 1604:tid 972] (20024)The given path is misformatted or contained invalid characters: [client 20.171.207.204:42450] AH00127: Cannot map GET /%22?filesrc=%24path%2F%24file&path=%24path%5C%22 HTTP/1.1 to file
[Tue Jun 03 16:12:38.567029 2025] [core:error] [pid 1604:tid 972] (20024)The given path is misformatted or contained invalid characters: [client 20.171.207.204:33504] AH00127: Cannot map GET /%22?filesrc=%24path%2F%24file&path=%24path%5C%22 HTTP/1.1 to file
[Tue Jun 03 16:41:33.146239 2025] [cgi:error] [pid 1604:tid 1008] [client 51.79.143.223:53682] AH02811: script not found or unable to stat: C:/wamp64/bin/apache/apache2.4.41/cgi-bin/luci
[Tue Jun 03 18:08:00.756330 2025] [core:error] [pid 1604:tid 972] (20024)The given path is misformatted or contained invalid characters: [client 20.171.207.204:46964] AH00127: Cannot map GET /%22?filesrc=%24path%2F%24file&path=%24path%5C%22 HTTP/1.1 to file
[Tue Jun 03 18:48:10.193210 2025] [core:error] [pid 1604:tid 972] (20024)The given path is misformatted or contained invalid characters: [client 20.171.207.204:51082] AH00127: Cannot map GET /%22?filesrc=%24path%2F%24file&path=%24path%5C%22 HTTP/1.1 to file
[Tue Jun 03 18:48:43.780664 2025] [core:error] [pid 1604:tid 972] (20024)The given path is misformatted or contained invalid characters: [client 20.171.207.204:51082] AH00127: Cannot map GET /%22?filesrc=%24path%2F%24file&path=%24path%5C%22 HTTP/1.1 to file
[Tue Jun 03 19:13:05.957377 2025] [core:error] [pid 1604:tid 972] (20024)The given path is misformatted or contained invalid characters: [client 20.171.207.204:39046] AH00127: Cannot map GET /%22?filesrc=%24path%2F%24file&path=%24path%5C%22 HTTP/1.1 to file
[Tue Jun 03 19:13:35.610400 2025] [core:error] [pid 1604:tid 972] (20024)The given path is misformatted or contained invalid characters: [client 20.171.207.204:39046] AH00127: Cannot map GET /%22?filesrc=%24path%2F%24file&path=%24path%5C%22 HTTP/1.1 to file
[Tue Jun 03 19:37:31.727952 2025] [core:error] [pid 1604:tid 972] (20024)The given path is misformatted or contained invalid characters: [client 20.171.207.204:39284] AH00127: Cannot map GET /%22?filesrc=%24path%2F%24file&path=%24path%5C%22 HTTP/1.1 to file
[Tue Jun 03 19:37:54.644083 2025] [core:error] [pid 1604:tid 972] (20024)The given path is misformatted or contained invalid characters: [client 20.171.207.204:39284] AH00127: Cannot map GET /%22?filesrc=%24path%2F%24file&path=%24path%5C%22 HTTP/1.1 to file
[Tue Jun 03 22:04:47.313166 2025] [authz_core:error] [pid 1604:tid 1008] [client 114.119.132.52:30469] AH01630: client denied by server configuration: C:/wamp64/apps/phpmyadmin4.9.2/, referer: http://210.212.226.241:8080/index.php?lang=english
[Tue Jun 03 23:05:11.599629 2025] [php7:error] [pid 1604:tid 996] [client 143.110.210.201:44266] script 'C:/wamp64/www/get.php' not found or unable to stat
[Tue Jun 03 23:34:50.662614 2025] [authz_core:error] [pid 1604:tid 996] [client 46.165.201.14:46277] AH01630: client denied by server configuration: C:/wamp64/apps/phpmyadmin4.9.2/scripts
[Wed Jun 04 01:50:49.521485 2025] [authz_core:error] [pid 1604:tid 996] [client 114.119.135.121:25951] AH01630: client denied by server configuration: C:/wamp64/apps/phpmyadmin4.9.2/, referer: http://210.212.226.241:8080/index.php?lang=english
[Wed Jun 04 13:11:16.693087 2025] [php7:error] [pid 1604:tid 996] [client 170.64.139.63:43522] script 'C:/wamp64/www/get.php' not found or unable to stat
[Wed Jun 04 13:41:11.529092 2025] [authz_core:error] [pid 1604:tid 996] [client 114.119.158.251:39061] AH01630: client denied by server configuration: C:/wamp64/apps/phpsysinfo3.3.1/, referer: http://210.212.226.241:8080/index.php?lang=english
[Wed Jun 04 15:38:31.698060 2025] [php7:error] [pid 1604:tid 996] [client 44.193.102.198:7880] script 'C:/wamp64/www/WaterCat/index.php' not found or unable to stat
[Wed Jun 04 19:52:37.427717 2025] [authz_core:error] [pid 1604:tid 972] [client 114.119.158.118:49545] AH01630: client denied by server configuration: C:/wamp64/apps/adminer4.7.5/, referer: http://210.212.226.241:8080/index.php?lang=english 'uname' is not recognized as an internal or external command, operable program or batch file.
[Wed Jun 04 21:48:09.349499 2025] [authz_core:error] [pid 1604:tid 984] [client 114.119.158.251:39131] AH01630: client denied by server configuration: C:/wamp64/apps/adminer4.7.5/, referer: http://210.212.226.241:8080/index.php?lang=english
[Thu Jun 05 04:20:32.116273 2025] [php7:error] [pid 1604:tid 996] [client 176.241.84.47:64304] script 'C:/wamp64/www/Planning.php' not found or unable to stat
[Thu Jun 05 04:20:49.740839 2025] [php7:error] [pid 1604:tid 1008] [client 176.241.84.47:64312] script 'C:/wamp64/www/test/Planning.php' not found or unable to stat
[Thu Jun 05 04:21:02.842514 2025] [php7:error] [pid 1604:tid 1008] [client 176.241.84.47:64359] script 'C:/wamp64/www/DASHBOARD/Planning.php' not found or unable to stat 'uname' is not recognized as an internal or external command, operable program or batch file. 'uname' is not recognized as an internal or external command, operable program or batch file. 'uname' is not recognized as an internal or external command, operable program or batch file. 'uname' is not recognized as an internal or external command, operable program or batch file. 'uname' is not recognized as an internal or external command, operable program or batch file.
[Thu Jun 05 09:42:25.826362 2025] [php7:error] [pid 1604:tid 964] [client 178.128.68.165:56148] script 'C:/wamp64/www/get.php' not found or unable to stat
[Thu Jun 05 16:22:22.433649 2025] [cgi:error] [pid 1604:tid 964] [client 104.234.115.219:56878] AH02811: script not found or unable to stat: C:/wamp64/bin/apache/apache2.4.41/cgi-bin/login.cgi
[Thu Jun 05 23:08:13.960488 2025] [php7:error] [pid 1604:tid 964] [client 20.171.207.221:43936] script 'C:/wamp64/www/adminlogin.php' not found or unable to stat
[Thu Jun 05 23:08:22.395643 2025] [php7:error] [pid 1604:tid 964] [client 20.171.207.221:43936] script 'C:/wamp64/www/tst.php' not found or unable to stat
[Fri Jun 06 01:06:32.072291 2025] [php7:error] [pid 1604:tid 1008] [client 164.92.87.189:60930] script 'C:/wamp64/www/get.php' not found or unable to stat
[Fri Jun 06 09:30:53.943502 2025] [php7:error] [pid 1604:tid 964] [client 52.167.144.189:57830] script 'C:/wamp64/www/WaterCat/gallery/ddd.php' not found or unable to stat
[Fri Jun 06 13:24:12.568869 2025] [php7:error] [pid 1604:tid 996] [client 1.39.34.49:25854] script 'C:/wamp64/www/WaterCat/gallery/ddd.php' not found or unable to stat, referer: http://210.212.226.241:8080/watercat/indexnew.php 'uname' is not recognized as an internal or external command, operable program or batch file.
[Fri Jun 06 17:13:55.580172 2025] [php7:error] [pid 1604:tid 964] [client 143.110.132.196:59624] script 'C:/wamp64/www/get.php' not found or unable to stat
[Fri Jun 06 18:58:45.335461 2025] [cgi:error] [pid 1604:tid 956] [client 141.98.11.147:36394] AH02811: script not found or unable to stat: C:/wamp64/bin/apache/apache2.4.41/cgi-bin/luci
[Fri Jun 06 23:21:08.459199 2025] [php7:error] [pid 1604:tid 988] [client 147.182.176.171:38946] script 'C:/wamp64/www/get.php' not found or unable to stat
[Sat Jun 07 02:20:49.350666 2025] [php7:error] [pid 1604:tid 988] [client 216.73.216.39:39799] script 'C:/wamp64/www/WaterCat/gallery/ddd.php' not found or unable to stat
[Sat Jun 07 08:43:34.755696 2025] [php7:error] [pid 1604:tid 988] [client 161.35.166.93:50436] script 'C:/wamp64/www/get.php' not found or unable to stat
[Sat Jun 07 12:03:27.365439 2025] [cgi:error] [pid 1604:tid 988] [client 5.183.209.244:48446] AH02811: script not found or unable to stat: C:/wamp64/bin/apache/apache2.4.41/cgi-bin/luci
[Sat Jun 07 21:08:58.678768 2025] [authz_core:error] [pid 1604:tid 988] [client 114.88.92.248:56982] AH01630: client denied by server configuration: C:/wamp64/apps/phpmyadmin4.9.2/
[Sun Jun 08 00:06:33.929842 2025] [php7:error] [pid 1604:tid 964] [client 159.223.196.57:55368] script 'C:/wamp64/www/get.php' not found or unable to stat
[Sun Jun 08 00:44:26.830293 2025] [cgi:error] [pid 1604:tid 1008] [client 209.46.127.36:35288] AH02811: script not found or unable to stat: C:/wamp64/bin/apache/apache2.4.41/cgi-bin/luci 'uname' is not recognized as an internal or external command, operable program or batch file.
[Sun Jun 08 14:42:14.488870 2025] [php7:error] [pid 1604:tid 1008] [client 169.224.127.37:36933] script 'C:/wamp64/www/WaterCat/gallery/ssl.php' not found or unable to stat 'uname' is not recognized as an internal or external command, operable program or batch file.
[Sun Jun 08 15:55:50.880646 2025] [php7:error] [pid 1604:tid 1008] [client 46.101.78.33:45072] script 'C:/wamp64/www/get.php' not found or unable to stat
[Sun Jun 08 21:59:18.885207 2025] [authz_core:error] [pid 1604:tid 1008] [client 114.88.92.248:54045] AH01630: client denied by server configuration: C:/wamp64/apps/phpmyadmin4.9.2/
[Mon Jun 09 08:57:56.943729 2025] [php7:error] [pid 1604:tid 1008] [client 146.190.95.78:38322] script 'C:/wamp64/www/get.php' not found or unable to stat
[Mon Jun 09 09:45:29.912461 2025] [php7:error] [pid 1604:tid 964] [client 162.243.196.67:41508] script 'C:/wamp64/www/get.php' not found or unable to stat 'uname' is not recognized as an internal or external command, operable program or batch file. 'uname' is not recognized as an internal or external command, operable program or batch file. 'uname' is not recognized as an internal or external command, operable program or batch file. 'uname' is not recognized as an internal or external command, operable program or batch file.
[Mon Jun 09 11:31:26.412557 2025] [php7:error] [pid 1604:tid 964] [client 169.224.127.37:37019] script 'C:/wamp64/www/WaterCat/gallery/zm.php' not found or unable to stat 'uname' is not recognized as an internal or external command, operable program or batch file.
[Mon Jun 09 11:32:02.092840 2025] [php7:error] [pid 1604:tid 944] [client 169.224.127.37:36911] script 'C:/wamp64/www/WaterCat/gallery/ssl.php' not found or unable to stat
[Mon Jun 09 11:32:08.583878 2025] [php7:error] [pid 1604:tid 1008] [client 169.224.127.37:36888] script 'C:/wamp64/www/WaterCat/gallery/ssl.php' not found or unable to stat 'uname' is not recognized as an internal or external command, operable program or batch file.
[Tue Jun 10 00:58:21.382454 2025] [authz_core:error] [pid 1604:tid 932] [client 114.119.151.209:20597] AH01630: client denied by server configuration: C:/wamp64/apps/phpsysinfo3.3.1/, referer: http://210.212.226.241:8080/index.php?lang=english
[Tue Jun 10 01:37:40.741280 2025] [php7:error] [pid 1604:tid 932] [client 64.227.179.146:42982] script 'C:/wamp64/www/get.php' not found or unable to stat
[Tue Jun 10 16:19:36.256065 2025] [authz_core:error] [pid 1604:tid 964] [client 114.119.145.205:63499] AH01630: client denied by server configuration: C:/wamp64/apps/adminer4.7.5/, referer: http://210.212.226.241:8080/index.php?lang=english
[Wed Jun 18 15:06:19.273378 2025] [core:warn] [pid 8876:tid 428] AH00098: pid file C:/wamp64/bin/apache/apache2.4.41/logs/httpd.pid overwritten -- Unclean shutdown of previous Apache run?
[Wed Jun 18 15:06:19.570117 2025] [mpm_winnt:notice] [pid 8876:tid 428] AH00455: Apache/2.4.41 (Win64) PHP/7.3.12 configured -- resuming normal operations
[Wed Jun 18 15:06:19.570117 2025] [mpm_winnt:notice] [pid 8876:tid 428] AH00456: Apache Lounge VS16 Server built: Aug 9 2019 16:46:32
[Wed Jun 18 15:06:19.570117 2025] [core:notice] [pid 8876:tid 428] AH00094: Command line: 'c:\\wamp64\\bin\\apache\\apache2.4.41\\bin\\httpd.exe -d C:/wamp64/bin/apache/apache2.4.41'
[Wed Jun 18 15:06:19.585745 2025] [mpm_winnt:notice] [pid 8876:tid 428] AH00418: Parent: Created child process 8956
[Wed Jun 18 15:06:20.073649 2025] [mpm_winnt:notice] [pid 8956:tid 488] AH00354: Child: Starting 64 worker threads.
[Wed Jun 18 19:39:02.487808 2025] [php7:error] [pid 8956:tid 940] [client 170.64.185.184:40618] script 'C:/wamp64/www/get.php' not found or unable to stat
[Thu Jun 19 09:12:15.544154 2025] [php7:error] [pid 8956:tid 956] [client 159.65.197.151:60078] script 'C:/wamp64/www/get.php' not found or unable to stat
[Thu Jun 19 09:50:54.158187 2025] [php7:error] [pid 8956:tid 1004] [client 52.167.144.147:62446] script 'C:/wamp64/www/WaterCat/gallery/ddd.php' not found or unable to stat
[Thu Jun 19 22:27:24.347228 2025] [php7:error] [pid 8956:tid 960] [client 52.167.144.238:57562] script 'C:/wamp64/www/result.php' not found or unable to stat
[Thu Jun 19 22:33:43.035618 2025] [core:error] [pid 8956:tid 960] [client 64.225.122.232:21178] AH00126: Invalid URI in request GET @d1a3784f1uabp3jrj57gppr8huikmnq4k.oast.pro/ HTTP/1.1
[Thu Jun 19 22:33:44.706476 2025] [core:error] [pid 8956:tid 960] [client 64.225.122.232:21184] AH00126: Invalid URI in request GET d1a3784f1uabp3jrj57gdzfpp6nn9yene.oast.pro:80/ HTTP/1.1
[Thu Jun 19 22:44:28.516298 2025] [core:error] [pid 8956:tid 1004] [client 195.170.172.128:33148] AH00126: Invalid URI in request GET stager64 HTTP/1.1
[Fri Jun 20 01:24:44.725728 2025] [php7:error] [pid 8956:tid 944] [client 209.38.80.77:49004] script 'C:/wamp64/www/get.php' not found or unable to stat
[Fri Jun 20 22:27:01.524639 2025] [php7:error] [pid 8956:tid 972] [client 40.77.167.243:64650] script 'C:/wamp64/www/result.php' not found or unable to stat
[Sat Jun 21 00:24:17.163059 2025] [php7:error] [pid 8956:tid 972] [client 152.42.253.1:60788] script 'C:/wamp64/www/get.php' not found or unable to stat
[Sat Jun 21 00:54:43.622229 2025] [authz_core:error] [pid 8956:tid 944] [client 114.119.132.52:30639] AH01630: client denied by server configuration: C:/wamp64/apps/phpmyadmin4.9.2/, referer: http://210.212.226.241:8080/index.php?lang=english
[Sat Jun 21 16:06:54.924110 2025] [php7:error] [pid 8956:tid 988] [client 216.73.216.210:32770] script 'C:/wamp64/www/WaterCat/index.php' not found or unable to stat
[Sat Jun 21 19:17:22.637612 2025] [authz_core:error] [pid 8956:tid 944] [client 114.119.158.118:49759] AH01630: client denied by server configuration: C:/wamp64/apps/phpsysinfo3.3.1/, referer: http://210.212.226.241:8080/index.php
[Sat Jun 21 23:42:34.486258 2025] [authz_core:error] [pid 8956:tid 944] [client 114.119.135.121:26709] AH01630: client denied by server configuration: C:/wamp64/apps/adminer4.7.5/, referer: http://210.212.226.241:8080/index.php
[Sat Jun 21 23:53:16.272812 2025] [php7:error] [pid 8956:tid 944] [client 134.209.177.151:44218] script 'C:/wamp64/www/get.php' not found or unable to stat
[Sun Jun 22 21:15:11.633573 2025] [php7:error] [pid 8956:tid 988] [client 107.170.4.130:42922] script 'C:/wamp64/www/get.php' not found or unable to stat
[Sun Jun 22 23:29:20.000235 2025] [authz_core:error] [pid 8956:tid 980] [client 96.36.7.11:52412] AH01630: client denied by server configuration: C:/wamp64/apps/phpmyadmin4.9.2/index.php
[Mon Jun 23 05:23:48.414425 2025] [php7:error] [pid 8956:tid 972] [client 162.243.192.250:58110] script 'C:/wamp64/www/get.php' not found or unable to stat
[Mon Jun 23 05:40:44.853019 2025] [authz_core:error] [pid 8956:tid 972] [client 114.119.151.209:23835] AH01630: client denied by server configuration: C:/wamp64/apps/adminer4.7.5/, referer: http://210.212.226.241:8080/index.php
[Mon Jun 23 18:34:25.304823 2025] [php7:error] [pid 8956:tid 980] [client 192.241.161.79:59800] script 'C:/wamp64/www/get.php' not found or unable to stat
[Tue Jun 24 13:21:00.577525 2025] [php7:error] [pid 8956:tid 972] [client 137.184.114.100:54598] script 'C:/wamp64/www/get.php' not found or unable to stat
[Wed Jun 25 04:25:49.302300 2025] [php7:error] [pid 8956:tid 944] [client 138.197.162.157:36800] script 'C:/wamp64/www/get.php' not found or unable to stat
[Wed Jun 25 16:29:24.022957 2025] [php7:error] [pid 8956:tid 940] [client 134.122.110.119:34114] script 'C:/wamp64/www/get.php' not found or unable to stat
[Thu Jun 26 01:07:03.210061 2025] [php7:error] [pid 8956:tid 972] [client 139.59.13.177:52818] script 'C:/wamp64/www/get.php' not found or unable to stat
[Thu Jun 26 11:19:42.879848 2025] [cgi:error] [pid 8956:tid 944] [client 141.255.162.250:58884] AH02811: script not found or unable to stat: C:/wamp64/bin/apache/apache2.4.41/cgi-bin/luci
[Thu Jun 26 13:57:03.262011 2025] [cgi:error] [pid 8956:tid 944] [client 141.255.162.250:38922] AH02811: script not found or unable to stat: C:/wamp64/bin/apache/apache2.4.41/cgi-bin/luci
[Thu Jun 26 15:28:55.643570 2025] [cgi:error] [pid 8956:tid 944] [client 141.255.162.250:44440] AH02811: script not found or unable to stat: C:/wamp64/bin/apache/apache2.4.41/cgi-bin/luci
[Thu Jun 26 19:21:37.676433 2025] [php7:error] [pid 8956:tid 944] [client 137.184.10.142:54036] script 'C:/wamp64/www/get.php' not found or unable to stat
[Thu Jun 26 22:27:05.797932 2025] [authz_core:error] [pid 8956:tid 960] [client 114.119.158.118:49767] AH01630: client denied by server configuration: C:/wamp64/apps/phpsysinfo3.3.1/, referer: http://210.212.226.241:8080/index.php?lang=english
[Thu Jun 26 22:51:30.855838 2025] [php7:error] [pid 8956:tid 960] [client 35.216.160.135:46238] script 'C:/wamp64/www/info.php' not found or unable to stat
[Fri Jun 27 01:24:02.967202 2025] [authz_core:error] [pid 8956:tid 944] [client 114.119.158.251:44133] AH01630: client denied by server configuration: C:/wamp64/apps/phpmyadmin4.9.2/, referer: http://210.212.226.241:8080/index.php?lang=english
[Fri Jun 27 11:22:01.477752 2025] [php7:error] [pid 8956:tid 944] [client 142.93.159.116:48890] script 'C:/wamp64/www/get.php' not found or unable to stat
[Sat Jun 28 02:05:06.738275 2025] [php7:error] [pid 8956:tid 980] [client 162.243.222.114:42912] script 'C:/wamp64/www/get.php' not found or unable to stat
[Sat Jun 28 05:31:36.445103 2025] [php7:error] [pid 8956:tid 980] [client 64.227.1.67:34442] script 'C:/wamp64/www/get.php' not found or unable to stat
[Sat Jun 28 09:16:54.786168 2025] [authz_core:error] [pid 8956:tid 980] [client 114.119.145.205:20927] AH01630: client denied by server configuration: C:/wamp64/apps/adminer4.7.5/, referer: http://210.212.226.241:8080/index.php?lang=english
[Sat Jun 28 09:38:46.956363 2025] [php7:error] [pid 8956:tid 940] [client 52.167.144.229:65348] script 'C:/wamp64/www/WaterCat/gallery/ddd.php' not found or unable to stat
[Sun Jun 29 02:27:26.867625 2025] [php7:error] [pid 8956:tid 960] [client 107.170.60.61:47648] script 'C:/wamp64/www/get.php' not found or unable to stat
[Sun Jun 29 06:40:27.523448 2025] [cgi:error] [pid 8956:tid 972] [client 141.255.162.250:57872] AH02811: script not found or unable to stat: C:/wamp64/bin/apache/apache2.4.41/cgi-bin/luci
[Sun Jun 29 08:24:32.712161 2025] [cgi:error] [pid 8956:tid 972] [client 141.255.162.250:56458] AH02811: script not found or unable to stat: C:/wamp64/bin/apache/apache2.4.41/cgi-bin/luci
[Sun Jun 29 10:07:24.052013 2025] [cgi:error] [pid 8956:tid 972] [client 141.255.162.250:55630] AH02811: script not found or unable to stat: C:/wamp64/bin/apache/apache2.4.41/cgi-bin/luci
[Sun Jun 29 10:45:03.370115 2025] [php7:error] [pid 8956:tid 972] [client 162.243.79.89:41172] script 'C:/wamp64/www/get.php' not found or unable to stat
[Sun Jun 29 12:44:15.240212 2025] [cgi:error] [pid 8956:tid 980] [client 141.255.162.250:48616] AH02811: script not found or unable to stat: C:/wamp64/bin/apache/apache2.4.41/cgi-bin/luci
[Sun Jun 29 14:41:38.406494 2025] [cgi:error] [pid 8956:tid 944] [client 141.255.162.250:50736] AH02811: script not found or unable to stat: C:/wamp64/bin/apache/apache2.4.41/cgi-bin/luci
[Sun Jun 29 19:04:51.851449 2025] [cgi:error] [pid 8956:tid 972] [client 141.255.162.250:43898] AH02811: script not found or unable to stat: C:/wamp64/bin/apache/apache2.4.41/cgi-bin/luci
[Sun Jun 29 20:11:24.968052 2025] [php7:error] [pid 8956:tid 980] [client 64.227.142.202:59948] script 'C:/wamp64/www/get.php' not found or unable to stat
[Sun Jun 29 21:30:11.781959 2025] [cgi:error] [pid 8956:tid 980] [client 141.255.162.250:56496] AH02811: script not found or unable to stat: C:/wamp64/bin/apache/apache2.4.41/cgi-bin/luci
[Sun Jun 29 23:36:16.196558 2025] [cgi:error] [pid 8956:tid 980] [client 141.255.162.250:58460] AH02811: script not found or unable to stat: C:/wamp64/bin/apache/apache2.4.41/cgi-bin/luci
[Mon Jun 30 03:53:33.752343 2025] [cgi:error] [pid 8956:tid 980] [client 141.255.162.250:42492] AH02811: script not found or unable to stat: C:/wamp64/bin/apache/apache2.4.41/cgi-bin/luci
[Mon Jun 30 05:30:50.976880 2025] [cgi:error] [pid 8956:tid 980] [client 141.255.162.250:53356] AH02811: script not found or unable to stat: C:/wamp64/bin/apache/apache2.4.41/cgi-bin/luci
[Mon Jun 30 12:13:43.109719 2025] [php7:error] [pid 8956:tid 960] [client 164.90.201.145:50954] script 'C:/wamp64/www/get.php' not found or unable to stat
[Mon Jun 30 13:54:01.024069 2025] [cgi:error] [pid 8956:tid 988] [client 64.130.33.147:49836] AH02811: script not found or unable to stat: C:/wamp64/bin/apache/apache2.4.41/cgi-bin/luci
[Mon Jun 30 15:53:17.959545 2025] [cgi:error] [pid 8956:tid 972] [client 64.130.33.147:57214] AH02811: script not found or unable to stat: C:/wamp64/bin/apache/apache2.4.41/cgi-bin/luci
[Mon Jun 30 16:11:29.211445 2025] [php7:error] [pid 8956:tid 972] [client 167.71.111.234:44672] script 'C:/wamp64/www/get.php' not found or unable to stat
[Mon Jun 30 17:08:44.364704 2025] [cgi:error] [pid 8956:tid 972] [client 64.130.33.147:46508] AH02811: script not found or unable to stat: C:/wamp64/bin/apache/apache2.4.41/cgi-bin/luci
[Mon Jun 30 18:48:06.759084 2025] [cgi:error] [pid 8956:tid 972] [client 64.130.33.147:42870] AH02811: script not found or unable to stat: C:/wamp64/bin/apache/apache2.4.41/cgi-bin/luci
[Mon Jun 30 21:34:41.226238 2025] [cgi:error] [pid 8956:tid 972] [client 185.169.4.150:59034] AH02811: script not found or unable to stat: C:/wamp64/bin/apache/apache2.4.41/cgi-bin/diagnostics.cgi
[Tue Jul 01 09:00:19.674839 2025] [php7:error] [pid 8956:tid 940] [client 167.172.185.186:41846] script 'C:/wamp64/www/get.php' not found or unable to stat
[Tue Jul 01 15:15:42.720445 2025] [php7:error] [pid 8956:tid 988] [client 116.68.85.139:63502] script 'C:/wamp64/www/WaterCat/gallery/ddd.php' not found or unable to stat, referer: http://210.212.226.241:8080/watercat/indexnew.php 'uname' is not recognized as an internal or external command, operable program or batch file.
[Tue Jul 01 16:32:00.754924 2025] [cgi:error] [pid 8956:tid 944] [client 185.169.4.150:35722] AH02811: script not found or unable to stat: C:/wamp64/bin/apache/apache2.4.41/cgi-bin/diagnostics.cgi
[Tue Jul 01 20:29:17.425360 2025] [cgi:error] [pid 8956:tid 988] [client 185.169.4.150:51738] AH02811: script not found or unable to stat: C:/wamp64/bin/apache/apache2.4.41/cgi-bin/diagnostics.cgi
[Wed Jul 02 06:00:48.758228 2025] [php7:error] [pid 8956:tid 988] [client 138.197.14.128:52248] script 'C:/wamp64/www/get.php' not found or unable to stat
[Wed Jul 02 06:01:18.032533 2025] [php7:error] [pid 8956:tid 980] [client 106.75.232.157:61730] script 'C:/wamp64/www/xmlrpc.php' not found or unable to stat
[Wed Jul 02 06:18:08.367993 2025] [php7:error] [pid 8956:tid 980] [client 106.75.232.157:37074] script 'C:/wamp64/www/xmlrpc.php' not found or unable to stat
[Wed Jul 02 08:27:58.001741 2025] [php7:error] [pid 8956:tid 980] [client 52.167.144.229:59433] script 'C:/wamp64/www/WaterCat/gallery/ddd.php' not found or unable to stat
[Wed Jul 02 09:40:46.912559 2025] [authz_core:error] [pid 8956:tid 980] [client 114.119.135.37:31151] AH01630: client denied by server configuration: C:/wamp64/apps/phpsysinfo3.3.1/, referer: http://210.212.226.241:8080/index.php?lang=english
[Wed Jul 02 13:05:24.098809 2025] [core:error] [pid 8956:tid 988] [client 89.42.231.140:44608] AH00135: Invalid method in request Get /login.asp HTTP/1.1, referer: http://210.212.226.241:8080/admin/login.asp
[Wed Jul 02 13:05:55.168821 2025] [mpm_winnt:error] [pid 8956:tid 2192] AH00326: Server ran out of threads to serve requests. Consider raising the ThreadsPerChild setting
[Wed Jul 02 13:22:23.179117 2025] [core:error] [pid 8956:tid 584] [client 93.123.72.134:53040] AH00135: Invalid method in request Get /login.asp HTTP/1.1, referer: http://210.212.226.241:8080/admin/login.asp
[Wed Jul 02 23:34:24.633025 2025] [php7:error] [pid 8956:tid 532] [client 134.209.199.44:36244] script 'C:/wamp64/www/get.php' not found or unable to stat
[Thu Jul 03 00:15:08.844845 2025] [core:error] [pid 8956:tid 524] [client 89.42.231.140:46974] AH00135: Invalid method in request Get /login.asp HTTP/1.1, referer: http://210.212.226.241:8080/admin/login.asp
[Thu Jul 03 09:29:34.085499 2025] [php7:error] [pid 8956:tid 620] [client 138.68.28.48:59450] script 'C:/wamp64/www/get.php' not found or unable to stat
[Thu Jul 03 16:15:27.008991 2025] [php7:error] [pid 8956:tid 632] [client 188.166.108.93:47084] script 'C:/wamp64/www/info.php' not found or unable to stat
[Thu Jul 03 16:54:56.343961 2025] [authz_core:error] [pid 8956:tid 656] [client 114.119.145.205:23091] AH01630: client denied by server configuration: C:/wamp64/apps/adminer4.7.5/, referer: http://210.212.226.241:8080/index.php
[Thu Jul 03 18:08:20.392368 2025] [authz_core:error] [pid 8956:tid 656] [client 114.119.135.37:31197] AH01630: client denied by server configuration: C:/wamp64/apps/phpmyadmin4.9.2/, referer: http://210.212.226.241:8080/index.php
[Thu Jul 03 19:27:03.225354 2025] [php7:error] [pid 8956:tid 656] [client 103.151.116.63:59448] script 'C:/wamp64/www/1455.php' not found or unable to stat
[Thu Jul 03 20:13:03.565401 2025] [php7:error] [pid 8956:tid 656] [client 107.170.61.251:52596] script 'C:/wamp64/www/get.php' not found or unable to stat
[Fri Jul 04 18:31:40.671488 2025] [php7:error] [pid 8956:tid 656] [client 174.138.29.219:52486] script 'C:/wamp64/www/get.php' not found or unable to stat
[Sat Jul 05 15:40:27.945409 2025] [php7:error] [pid 8956:tid 656] [client 138.197.196.179:53388] script 'C:/wamp64/www/get.php' not found or unable to stat
[Sat Jul 05 17:51:49.532135 2025] [php7:error] [pid 8956:tid 668] [client 137.184.157.67:41404] script 'C:/wamp64/www/get.php' not found or unable to stat
[Sun Jul 06 05:09:27.338569 2025] [cgi:error] [pid 8956:tid 648] [client 176.65.151.62:60866] AH02811: script not found or unable to stat: C:/wamp64/bin/apache/apache2.4.41/cgi-bin/login.cgi
[Sun Jul 06 13:18:37.647403 2025] [php7:error] [pid 8956:tid 648] [client 143.244.186.108:48314] script 'C:/wamp64/www/get.php' not found or unable to stat
[Sun Jul 06 18:31:51.790169 2025] [cgi:error] [pid 8956:tid 648] [client 45.194.66.8:36858] AH02811: script not found or unable to stat: C:/wamp64/bin/apache/apache2.4.41/cgi-bin/luci
[Mon Jul 07 10:14:52.444152 2025] [authz_core:error] [pid 8956:tid 644] [client 114.119.152.46:41273] AH01630: client denied by server configuration: C:/wamp64/apps/phpsysinfo3.3.1/, referer: http://210.212.226.241:8080/index.php
[Mon Jul 07 18:25:10.394727 2025] [php7:error] [pid 8956:tid 644] [client 157.46.173.203:54830] script 'C:/wamp64/www/WaterCat/gallery/ddd.php' not found or unable to stat, referer: http://210.212.226.241:8080/watercat/indexnew.php 'uname' is not recognized as an internal or external command, operable program or batch file.
[Mon Jul 07 21:58:06.320629 2025] [php7:error] [pid 8956:tid 648] [client 205.210.31.255:60592] script 'C:/wamp64/www/shell.php' not found or unable to stat
[Mon Jul 07 22:24:21.805277 2025] [php7:error] [pid 8956:tid 676] [client 205.210.31.35:58240] script 'C:/wamp64/www/webshell.php' not found or unable to stat
[Tue Jul 08 00:40:49.603826 2025] [php7:error] [pid 8956:tid 648] [client 209.38.84.16:43996] script 'C:/wamp64/www/get.php' not found or unable to stat
[Tue Jul 08 20:35:34.095684 2025] [php7:error] [pid 8956:tid 656] [client 206.189.14.143:40532] script 'C:/wamp64/www/get.php' not found or unable to stat
[Wed Jul 09 04:41:01.370828 2025] [php7:error] [pid 8956:tid 656] [client 20.171.207.241:33300] script 'C:/wamp64/www/tst.php' not found or unable to stat
[Wed Jul 09 04:41:04.108741 2025] [php7:error] [pid 8956:tid 656] [client 20.171.207.241:33300] script 'C:/wamp64/www/adminlogin.php' not found or unable to stat
[Wed Jul 09 10:33:52.616359 2025] [php7:error] [pid 8956:tid 656] [client 134.122.32.79:41742] script 'C:/wamp64/www/get.php' not found or unable to stat
[Wed Jul 09 16:47:12.266150 2025] [authz_core:error] [pid 8956:tid 644] [client 114.119.151.209:26539] AH01630: client denied by server configuration: C:/wamp64/apps/adminer4.7.5/, referer: http://210.212.226.241:8080/index.php
[Wed Jul 09 17:42:27.369942 2025] [php7:error] [pid 8956:tid 644] [client 134.122.45.250:36246] script 'C:/wamp64/www/get.php' not found or unable to stat
[Thu Jul 10 09:57:36.225420 2025] [authz_core:error] [pid 8956:tid 676] [client 114.119.158.251:45481] AH01630: client denied by server configuration: C:/wamp64/apps/phpmyadmin4.9.2/, referer: http://210.212.226.241:8080/index.php
[Thu Jul 10 13:50:23.098884 2025] [php7:error] [pid 8956:tid 656] [client 134.199.208.221:42434] script 'C:/wamp64/www/get.php' not found or unable to stat
[Thu Jul 10 22:06:01.132639 2025] [php7:error] [pid 8956:tid 668] [client 1.39.39.82:55161] script 'C:/wamp64/www/WaterCat/gallery/ddd.php' not found or unable to stat, referer: http://210.212.226.241:8080/watercat/indexnew.php 'uname' is not recognized as an internal or external command, operable program or batch file.
[Thu Jul 10 22:06:10.861112 2025] [php7:error] [pid 8956:tid 644] [client 1.39.39.82:55166] script 'C:/wamp64/www/WaterCat/gallery/ddd.php' not found or unable to stat, referer: http://210.212.226.241:8080/watercat/indexNew.php 'uname' is not recognized as an internal or external command, operable program or batch file.
[Thu Jul 10 22:06:24.058344 2025] [php7:error] [pid 8956:tid 668] [client 1.39.39.82:54815] script 'C:/wamp64/www/WaterCat/gallery/ddd.php' not found or unable to stat, referer: http://210.212.226.241:8080/watercat/indexnew.php 'uname' is not recognized as an internal or external command, operable program or batch file.
[Thu Jul 10 22:06:32.272376 2025] [php7:error] [pid 8956:tid 668] [client 1.39.39.82:2678] script 'C:/wamp64/www/WaterCat/gallery/ddd.php' not found or unable to stat, referer: http://210.212.226.241:8080/watercat/newsnew.php 'uname' is not recognized as an internal or external command, operable program or batch file.
[Thu Jul 10 22:07:00.270359 2025] [php7:error] [pid 8956:tid 644] [client 1.39.39.82:2673] script 'C:/wamp64/www/WaterCat/gallery/ddd.php' not found or unable to stat, referer: http://210.212.226.241:8080/watercat/indexnew.php 'uname' is not recognized as an internal or external command, operable program or batch file.
[Thu Jul 10 22:07:37.714633 2025] [php7:error] [pid 8956:tid 676] [client 1.39.39.82:43440] script 'C:/wamp64/www/WaterCat/gallery/ddd.php' not found or unable to stat, referer: http://210.212.226.241:8080/watercat/indexnew.php 'uname' is not recognized as an internal or external command, operable program or batch file.
[Thu Jul 10 22:08:21.794052 2025] [php7:error] [pid 8956:tid 676] [client 1.39.39.82:64903] script 'C:/wamp64/www/WaterCat/gallery/ddd.php' not found or unable to stat, referer: http://210.212.226.241:8080/watercat/indexnew.php 'uname' is not recognized as an internal or external command, operable program or batch file.
[Thu Jul 10 22:10:39.993153 2025] [php7:error] [pid 8956:tid 676] [client 103.147.208.135:9776] script 'C:/wamp64/www/WaterCat/gallery/ddd.php' not found or unable to stat, referer: http://210.212.226.241:8080/watercat/indexnew.php 'uname' is not recognized as an internal or external command, operable program or batch file.
[Fri Jul 11 12:05:47.363163 2025] [php7:error] [pid 8956:tid 644] [client 162.243.106.30:45614] script 'C:/wamp64/www/get.php' not found or unable to stat
[Sat Jul 12 02:07:35.135310 2025] [php7:error] [pid 8956:tid 644] [client 209.38.78.67:55466] script 'C:/wamp64/www/get.php' not found or unable to stat
[Sat Jul 12 08:52:51.726047 2025] [php7:error] [pid 8956:tid 620] [client 209.97.145.188:38526] script 'C:/wamp64/www/get.php' not found or unable to stat
[Sat Jul 12 09:35:44.288949 2025] [cgi:error] [pid 8956:tid 620] [client 149.50.96.5:57568] AH02811: script not found or unable to stat: C:/wamp64/bin/apache/apache2.4.41/cgi-bin/luci
[Sat Jul 12 21:23:30.740743 2025] [cgi:error] [pid 8956:tid 668] [client 149.50.96.5:54970] AH02811: script not found or unable to stat: C:/wamp64/bin/apache/apache2.4.41/cgi-bin/luci
[Sun Jul 13 02:11:01.352165 2025] [authz_core:error] [pid 8956:tid 668] [client 114.119.158.118:49787] AH01630: client denied by server configuration: C:/wamp64/apps/phpsysinfo3.3.1/, referer: http://210.212.226.241:8080/index.php
[Sun Jul 13 05:09:50.189134 2025] [php7:error] [pid 8956:tid 644] [client 167.99.88.105:44706] script 'C:/wamp64/www/get.php' not found or unable to stat
[Sun Jul 13 08:54:12.631832 2025] [cgi:error] [pid 8956:tid 668] [client 149.50.96.5:42344] AH02811: script not found or unable to stat: C:/wamp64/bin/apache/apache2.4.41/cgi-bin/luci
[Sun Jul 13 12:00:56.992980 2025] [cgi:error] [pid 8956:tid 668] [client 149.50.96.5:50988] AH02811: script not found or unable to stat: C:/wamp64/bin/apache/apache2.4.41/cgi-bin/luci
[Sun Jul 13 19:46:57.304407 2025] [cgi:error] [pid 8956:tid 668] [client 45.156.128.121:48143] AH02811: script not found or unable to stat: C:/wamp64/bin/apache/apache2.4.41/cgi-bin/authLogin.cgi
[Sun Jul 13 19:49:04.758855 2025] [cgi:error] [pid 8956:tid 620] [client 45.156.128.124:48117] AH02811: script not found or unable to stat: C:/wamp64/bin/apache/apache2.4.41/cgi-bin/main.pl
[Sun Jul 13 19:49:11.171202 2025] [php7:error] [pid 8956:tid 644] [client 45.156.128.124:49587] script 'C:/wamp64/www/status.php' not found or unable to stat
[Sun Jul 13 19:49:30.773947 2025] [cgi:error] [pid 8956:tid 644] [client 45.156.128.121:46466] AH02811: script not found or unable to stat: C:/wamp64/bin/apache/apache2.4.41/cgi-bin/php-cgi.exe
[Sun Jul 13 23:57:09.362610 2025] [cgi:error] [pid 8956:tid 620] [client 149.50.96.5:36282] AH02811: script not found or unable to stat: C:/wamp64/bin/apache/apache2.4.41/cgi-bin/luci
[Mon Jul 14 03:15:15.611347 2025] [php7:error] [pid 8956:tid 620] [client 162.243.8.168:34148] script 'C:/wamp64/www/get.php' not found or unable to stat
[Mon Jul 14 10:05:27.459959 2025] [mpm_winnt:notice] [pid 8876:tid 428] AH00422: Parent: Received shutdown signal -- Shutting down the server.
[Mon Jul 14 10:05:29.491422 2025] [mpm_winnt:notice] [pid 8956:tid 488] AH00364: Child: All worker threads have exited.
[Mon Jul 14 10:05:29.553921 2025] [mpm_winnt:notice] [pid 8876:tid 428] AH00430: Parent: Child process 8956 exited successfully.
[Tue Jul 15 16:57:36.334540 2025] [mpm_winnt:notice] [pid 2132:tid 560] AH00455: Apache/2.4.41 (Win64) PHP/7.3.12 configured -- resuming normal operations
[Tue Jul 15 16:57:36.334540 2025] [mpm_winnt:notice] [pid 2132:tid 560] AH00456: Apache Lounge VS16 Server built: Aug 9 2019 16:46:32
