[Tue Jul 15 16:57:36.334540 2025] [core:notice] [pid 2132:tid 560] AH00094: Command line: 'c:\\wamp64\\bin\\apache\\apache2.4.41\\bin\\httpd.exe -d C:/wamp64/bin/apache/apache2.4.41'
[Tue Jul 15 16:57:36.334540 2025] [mpm_winnt:notice] [pid 2132:tid 560] AH00418: Parent: Created child process 8252
[Tue Jul 15 16:57:36.835671 2025] [mpm_winnt:notice] [pid 8252:tid 488] AH00354: Child: Starting 64 worker threads.
[Tue Jul 15 16:58:55.323127 2025] [php7:error] [pid 8252:tid 976] [client 192.168.0.1:61845] script 'C:/wamp64/www/WaterCat/gallery/ddd.php' not found or unable to stat, referer: http://210.212.226.241:8080/watercat/indexnew.php 'uname' is not recognized as an internal or external command, operable program or batch file.
[Tue Jul 15 17:30:51.753588 2025] [cgi:error] [pid 8252:tid 976] [client 149.50.96.5:38976] AH02811: script not found or unable to stat: C:/wamp64/bin/apache/apache2.4.41/cgi-bin/luci
[Tue Jul 15 20:19:28.362706 2025] [php7:error] [pid 8252:tid 980] [client 165.227.204.173:48778] script 'C:/wamp64/www/get.php' not found or unable to stat
[Tue Jul 15 22:36:15.312830 2025] [authz_core:error] [pid 8252:tid 976] [client 114.119.151.209:27539] AH01630: client denied by server configuration: C:/wamp64/apps/phpmyadmin4.9.2/, referer: http://210.212.226.241:8080/index.php
[Wed Jul 16 05:15:46.513853 2025] [cgi:error] [pid 8252:tid 980] [client 149.50.96.5:36270] AH02811: script not found or unable to stat: C:/wamp64/bin/apache/apache2.4.41/cgi-bin/luci
[Wed Jul 16 08:39:46.770014 2025] [php7:error] [pid 8252:tid 976] [client 198.235.24.48:62916] script 'C:/wamp64/www/webshell.php' not found or unable to stat
[Wed Jul 16 08:39:50.395886 2025] [php7:error] [pid 8252:tid 976] [client 198.235.24.234:64070] script 'C:/wamp64/www/shell.php' not found or unable to stat
[Wed Jul 16 17:06:53.998660 2025] [php7:error] [pid 8252:tid 980] [client 164.90.230.118:41232] script 'C:/wamp64/www/get.php' not found or unable to stat
[Wed Jul 16 17:28:49.737273 2025] [cgi:error] [pid 8252:tid 980] [client 149.50.96.5:44476] AH02811: script not found or unable to stat: C:/wamp64/bin/apache/apache2.4.41/cgi-bin/luci
[Wed Jul 16 18:05:43.095118 2025] [php7:error] [pid 8252:tid 980] [client 155.138.228.65:38520] script 'C:/wamp64/www/xmlrpc.php' not found or unable to stat
[Wed Jul 16 21:32:28.356174 2025] [core:error] [pid 8252:tid 980] [client 185.91.69.5:54094] AH00126: Invalid URI in request GET stager64 HTTP/1.1
[Wed Jul 16 23:14:27.625830 2025] [authz_core:error] [pid 8252:tid 976] [client 114.119.145.205:26547] AH01630: client denied by server configuration: C:/wamp64/apps/adminer4.7.5/, referer: http://210.212.226.241:8080/index.php
[Thu Jul 17 05:28:03.113253 2025] [cgi:error] [pid 8252:tid 1012] [client 149.50.96.5:64422] AH02811: script not found or unable to stat: C:/wamp64/bin/apache/apache2.4.41/cgi-bin/luci
[Thu Jul 17 12:59:44.680201 2025] [core:error] [pid 8252:tid 1008] [client 45.194.66.13:59244] AH00135: Invalid method in request Get /login.asp HTTP/1.1, referer: http://210.212.226.241:8080/admin/login.asp
[Thu Jul 17 13:01:11.380485 2025] [core:error] [pid 8252:tid 1008] [client 45.194.66.13:39200] AH00135: Invalid method in request Get /login.asp HTTP/1.1, referer: http://210.212.226.241:8080/admin/login.asp
[Thu Jul 17 13:22:52.959941 2025] [core:error] [pid 8252:tid 1008] [client 45.194.66.13:36714] AH00135: Invalid method in request Get /login.asp HTTP/1.1, referer: http://210.212.226.241:8080/admin/login.asp
[Thu Jul 17 13:24:25.751813 2025] [core:error] [pid 8252:tid 976] [client 45.194.66.13:53158] AH00135: Invalid method in request Get /login.asp HTTP/1.1, referer: http://210.212.226.241:8080/admin/login.asp
[Thu Jul 17 13:33:23.255211 2025] [core:error] [pid 8252:tid 1008] [client 45.194.66.13:56868] AH00135: Invalid method in request Get /login.asp HTTP/1.1, referer: http://210.212.226.241:8080/admin/login.asp
[Thu Jul 17 13:41:44.783563 2025] [core:error] [pid 8252:tid 1008] [client 45.194.66.13:49374] AH00135: Invalid method in request Get /login.asp HTTP/1.1, referer: http://210.212.226.241:8080/admin/login.asp
[Thu Jul 17 14:13:58.198797 2025] [core:error] [pid 8252:tid 1008] [client 45.194.66.13:48308] AH00135: Invalid method in request Get /login.asp HTTP/1.1, referer: http://210.212.226.241:8080/admin/login.asp
[Thu Jul 17 14:51:31.046253 2025] [php7:error] [pid 8252:tid 1008] [client 159.65.144.17:47500] script 'C:/wamp64/www/get.php' not found or unable to stat
[Thu Jul 17 15:41:24.956156 2025] [php7:error] [pid 8252:tid 976] [client 167.172.164.240:42272] script 'C:/wamp64/www/get.php' not found or unable to stat
[Thu Jul 17 17:22:17.455255 2025] [cgi:error] [pid 8252:tid 976] [client 149.50.96.5:30010] AH02811: script not found or unable to stat: C:/wamp64/bin/apache/apache2.4.41/cgi-bin/luci
[Fri Jul 18 03:10:30.905525 2025] [php7:error] [pid 8252:tid 976] [client 216.73.216.200:54512] script 'C:/wamp64/www/WaterCat/index.php' not found or unable to stat
[Fri Jul 18 04:05:17.480101 2025] [core:error] [pid 8252:tid 976] [client 45.194.66.13:53528] AH00135: Invalid method in request Get /login.asp HTTP/1.1, referer: http://210.212.226.241:8080/admin/login.asp
[Fri Jul 18 05:10:10.522403 2025] [cgi:error] [pid 8252:tid 1012] [client 149.50.96.5:30204] AH02811: script not found or unable to stat: C:/wamp64/bin/apache/apache2.4.41/cgi-bin/luci
[Fri Jul 18 05:27:48.460537 2025] [core:error] [pid 8252:tid 1012] [client 45.194.66.13:44842] AH00135: Invalid method in request Get /login.asp HTTP/1.1, referer: http://210.212.226.241:8080/admin/login.asp
[Fri Jul 18 05:41:22.727171 2025] [authz_core:error] [pid 8252:tid 1012] [client 114.119.132.52:31121] AH01630: client denied by server configuration: C:/wamp64/apps/phpsysinfo3.3.1/, referer: http://210.212.226.241:8080/index.php
[Fri Jul 18 10:11:57.811593 2025] [core:error] [pid 8252:tid 976] [client 45.194.66.13:45170] AH00135: Invalid method in request Get /login.asp HTTP/1.1, referer: http://210.212.226.241:8080/admin/login.asp
[Fri Jul 18 11:52:03.488496 2025] [php7:error] [pid 8252:tid 976] [client 90.151.171.106:42294] script 'C:/wamp64/www/ip.php' not found or unable to stat, referer: https://google.com/
[Fri Jul 18 12:15:32.434202 2025] [cgi:error] [pid 8252:tid 1000] [client 149.50.96.5:45430] AH02811: script not found or unable to stat: C:/wamp64/bin/apache/apache2.4.41/cgi-bin/luci
[Fri Jul 18 12:20:50.515747 2025] [php7:error] [pid 8252:tid 1000] [client 167.71.201.93:47274] script 'C:/wamp64/www/get.php' not found or unable to stat
[Fri Jul 18 12:28:24.631881 2025] [php7:error] [pid 8252:tid 1000] [client 198.235.24.124:62084] script 'C:/wamp64/www/shell.php' not found or unable to stat
[Fri Jul 18 12:45:26.920589 2025] [php7:error] [pid 8252:tid 1008] [client 147.185.132.111:63710] script 'C:/wamp64/www/webshell.php' not found or unable to stat
[Fri Jul 18 15:23:02.702931 2025] [php7:error] [pid 8252:tid 976] [client 198.235.24.44:63742] script 'C:/wamp64/www/shell.php' not found or unable to stat
[Fri Jul 18 15:33:40.420616 2025] [php7:error] [pid 8252:tid 976] [client 205.210.31.54:57598] script 'C:/wamp64/www/webshell.php' not found or unable to stat
[Fri Jul 18 17:21:32.934662 2025] [cgi:error] [pid 8252:tid 1000] [client 87.121.84.34:55238] AH02811: script not found or unable to stat: C:/wamp64/bin/apache/apache2.4.41/cgi-bin/luci
[Sat Jul 19 08:43:19.284802 2025] [php7:error] [pid 8252:tid 1008] [client 205.210.31.55:61980] script 'C:/wamp64/www/webshell.php' not found or unable to stat
[Sat Jul 19 08:48:00.013362 2025] [php7:error] [pid 8252:tid 1008] [client 205.210.31.53:61376] script 'C:/wamp64/www/shell.php' not found or unable to stat
[Sat Jul 19 10:22:47.650439 2025] [php7:error] [pid 8252:tid 1008] [client 165.227.8.226:41666] script 'C:/wamp64/www/get.php' not found or unable to stat
[Sat Jul 19 11:57:09.605069 2025] [cgi:error] [pid 8252:tid 1008] [client 149.50.96.5:52556] AH02811: script not found or unable to stat: C:/wamp64/bin/apache/apache2.4.41/cgi-bin/luci
[Sat Jul 19 23:27:08.545212 2025] [php7:error] [pid 8252:tid 944] [client 207.46.13.150:4742] script 'C:/wamp64/www/WaterCat/gallery/ssl.php' not found or unable to stat
[Sun Jul 20 05:38:57.796711 2025] [php7:error] [pid 8252:tid 1012] [client 188.166.186.57:44088] script 'C:/wamp64/www/get.php' not found or unable to stat
[Sun Jul 20 07:34:55.332687 2025] [php7:error] [pid 8252:tid 1012] [client 137.184.236.113:38294] script 'C:/wamp64/www/get.php' not found or unable to stat
[Sun Jul 20 10:28:06.327933 2025] [php7:error] [pid 8252:tid 1000] [client 143.198.107.68:37638] script 'C:/wamp64/www/db.php' not found or unable to stat
[Sun Jul 20 10:28:06.327933 2025] [php7:error] [pid 8252:tid 976] [client 143.198.107.68:37632] script 'C:/wamp64/www/database.php' not found or unable to stat
[Sun Jul 20 10:28:06.593563 2025] [php7:error] [pid 8252:tid 976] [client 143.198.107.68:37632] script 'C:/wamp64/www/database.php' not found or unable to stat
[Sun Jul 20 10:28:06.593563 2025] [php7:error] [pid 8252:tid 1000] [client 143.198.107.68:37638] script 'C:/wamp64/www/db.php' not found or unable to stat
[Sun Jul 20 10:28:06.939720 2025] [php7:error] [pid 8252:tid 960] [client 143.198.107.68:37662] script 'C:/wamp64/www/dbconfig.php' not found or unable to stat
[Sun Jul 20 10:28:07.175365 2025] [php7:error] [pid 8252:tid 960] [client 143.198.107.68:37662] script 'C:/wamp64/www/dbconfig.php' not found or unable to stat
[Sun Jul 20 10:28:07.519117 2025] [php7:error] [pid 8252:tid 968] [client 143.198.107.68:37658] script 'C:/wamp64/www/wp-config.php' not found or unable to stat
[Sun Jul 20 10:28:07.753494 2025] [php7:error] [pid 8252:tid 968] [client 143.198.107.68:37658] script 'C:/wamp64/www/wp-config.php' not found or unable to stat
[Sun Jul 20 10:28:08.650766 2025] [php7:error] [pid 8252:tid 1000] [client 143.198.107.68:37638] script 'C:/wamp64/www/phpinfo.php' not found or unable to stat
[Sun Jul 20 10:28:08.650766 2025] [php7:error] [pid 8252:tid 952] [client 143.198.107.68:37652] script 'C:/wamp64/www/info.php' not found or unable to stat
[Sun Jul 20 10:28:08.666390 2025] [php7:error] [pid 8252:tid 968] [client 143.198.107.68:37658] script 'C:/wamp64/www/server_info.php' not found or unable to stat
[Sun Jul 20 10:28:08.697641 2025] [php7:error] [pid 8252:tid 944] [client 143.198.107.68:37584] script 'C:/wamp64/www/php_info.php' not found or unable to stat
[Sun Jul 20 10:28:08.886462 2025] [php7:error] [pid 8252:tid 1000] [client 143.198.107.68:37638] script 'C:/wamp64/www/phpinfo.php' not found or unable to stat
[Sun Jul 20 10:28:08.886462 2025] [php7:error] [pid 8252:tid 952] [client 143.198.107.68:37652] script 'C:/wamp64/www/info.php' not found or unable to stat
[Sun Jul 20 10:28:08.902084 2025] [php7:error] [pid 8252:tid 968] [client 143.198.107.68:37658] script 'C:/wamp64/www/server_info.php' not found or unable to stat
[Sun Jul 20 10:28:08.917716 2025] [php7:error] [pid 8252:tid 944] [client 143.198.107.68:37584] script 'C:/wamp64/www/php_info.php' not found or unable to stat
[Sun Jul 20 10:28:09.215811 2025] [php7:error] [pid 8252:tid 952] [client 143.198.107.68:37652] script 'C:/wamp64/www/phpinfodev.php' not found or unable to stat
[Sun Jul 20 10:28:09.231436 2025] [authz_core:error] [pid 8252:tid 1000] [client 143.198.107.68:37638] AH01630: client denied by server configuration: C:/wamp64/apps/phpsysinfo3.3.1/phpinfo.php
[Sun Jul 20 10:28:09.231436 2025] [php7:error] [pid 8252:tid 968] [client 143.198.107.68:37658] script 'C:/wamp64/www/phpsysinfo.php' not found or unable to stat
[Sun Jul 20 10:28:09.231436 2025] [authz_core:error] [pid 8252:tid 1012] [client 143.198.107.68:37602] AH01630: client denied by server configuration: C:/wamp64/apps/phpsysinfo3.3.1/phpsysinfo.php
[Sun Jul 20 10:28:09.231436 2025] [authz_core:error] [pid 8252:tid 1008] [client 143.198.107.68:37616] AH01630: client denied by server configuration: C:/wamp64/apps/phpsysinfo3.3.1/info.php
[Sun Jul 20 10:28:09.247067 2025] [php7:error] [pid 8252:tid 976] [client 143.198.107.68:37632] script 'C:/wamp64/www/test.php' not found or unable to stat
[Sun Jul 20 10:28:09.262674 2025] [php7:error] [pid 8252:tid 988] [client 143.198.107.68:37600] script 'C:/wamp64/www/debug.php' not found or unable to stat
[Sun Jul 20 10:28:09.453429 2025] [php7:error] [pid 8252:tid 952] [client 143.198.107.68:37652] script 'C:/wamp64/www/phpinfodev.php' not found or unable to stat
[Sun Jul 20 10:28:09.453429 2025] [authz_core:error] [pid 8252:tid 1000] [client 143.198.107.68:37638] AH01630: client denied by server configuration: C:/wamp64/apps/phpsysinfo3.3.1/phpinfo.php
[Sun Jul 20 10:28:09.453429 2025] [php7:error] [pid 8252:tid 968] [client 143.198.107.68:37658] script 'C:/wamp64/www/phpsysinfo.php' not found or unable to stat
[Sun Jul 20 10:28:09.469053 2025] [authz_core:error] [pid 8252:tid 1012] [client 143.198.107.68:37602] AH01630: client denied by server configuration: C:/wamp64/apps/phpsysinfo3.3.1/phpsysinfo.php
[Sun Jul 20 10:28:09.469053 2025] [authz_core:error] [pid 8252:tid 1008] [client 143.198.107.68:37616] AH01630: client denied by server configuration: C:/wamp64/apps/phpsysinfo3.3.1/info.php
[Sun Jul 20 10:28:09.484688 2025] [php7:error] [pid 8252:tid 976] [client 143.198.107.68:37632] script 'C:/wamp64/www/test.php' not found or unable to stat
[Sun Jul 20 10:28:09.500304 2025] [php7:error] [pid 8252:tid 988] [client 143.198.107.68:37600] script 'C:/wamp64/www/debug.php' not found or unable to stat
[Sun Jul 20 10:28:09.797183 2025] [php7:error] [pid 8252:tid 1000] [client 143.198.107.68:37638] script 'C:/wamp64/www/phpversion.php' not found or unable to stat
[Sun Jul 20 10:28:09.797183 2025] [php7:error] [pid 8252:tid 1012] [client 143.198.107.68:37602] script 'C:/wamp64/www/DASHBOARD/phpinfo.php' not found or unable to stat
[Sun Jul 20 10:28:09.797183 2025] [php7:error] [pid 8252:tid 952] [client 143.198.107.68:37652] script 'C:/wamp64/www/test_info.php' not found or unable to stat
[Sun Jul 20 10:28:09.797183 2025] [php7:error] [pid 8252:tid 968] [client 143.198.107.68:37658] script 'C:/wamp64/www/pinfo.php' not found or unable to stat
[Sun Jul 20 10:28:09.812809 2025] [php7:error] [pid 8252:tid 944] [client 143.198.107.68:37584] script 'C:/wamp64/www/system_info.php' not found or unable to stat
[Sun Jul 20 10:28:10.018371 2025] [php7:error] [pid 8252:tid 1000] [client 143.198.107.68:37638] script 'C:/wamp64/www/phpversion.php' not found or unable to stat
[Sun Jul 20 10:28:10.018371 2025] [php7:error] [pid 8252:tid 1012] [client 143.198.107.68:37602] script 'C:/wamp64/www/DASHBOARD/phpinfo.php' not found or unable to stat
[Sun Jul 20 10:28:10.033995 2025] [php7:error] [pid 8252:tid 952] [client 143.198.107.68:37652] script 'C:/wamp64/www/test_info.php' not found or unable to stat
[Sun Jul 20 10:28:10.033995 2025] [php7:error] [pid 8252:tid 968] [client 143.198.107.68:37658] script 'C:/wamp64/www/pinfo.php' not found or unable to stat
[Sun Jul 20 10:28:10.049621 2025] [php7:error] [pid 8252:tid 944] [client 143.198.107.68:37584] script 'C:/wamp64/www/system_info.php' not found or unable to stat
[Sun Jul 20 10:28:10.925861 2025] [php7:error] [pid 8252:tid 1000] [client 143.198.107.68:37638] script 'C:/wamp64/www/main.php' not found or unable to stat
[Sun Jul 20 10:28:10.941473 2025] [php7:error] [pid 8252:tid 952] [client 143.198.107.68:37652] script 'C:/wamp64/www/web.php' not found or unable to stat
[Sun Jul 20 10:28:11.161489 2025] [php7:error] [pid 8252:tid 1000] [client 143.198.107.68:37638] script 'C:/wamp64/www/main.php' not found or unable to stat
[Sun Jul 20 10:28:11.177113 2025] [php7:error] [pid 8252:tid 952] [client 143.198.107.68:37652] script 'C:/wamp64/www/web.php' not found or unable to stat
[Sun Jul 20 10:28:13.231132 2025] [php7:error] [pid 8252:tid 968] [client 143.198.107.68:37658] script 'C:/wamp64/www/config.php' not found or unable to stat
[Sun Jul 20 10:28:13.262381 2025] [php7:error] [pid 8252:tid 952] [client 143.198.107.68:37652] script 'C:/wamp64/www/functions.php' not found or unable to stat
[Sun Jul 20 10:28:13.262381 2025] [php7:error] [pid 8252:tid 960] [client 143.198.107.68:37662] script 'C:/wamp64/www/settings.php' not found or unable to stat
[Sun Jul 20 10:28:13.465510 2025] [php7:error] [pid 8252:tid 968] [client 143.198.107.68:37658] script 'C:/wamp64/www/config.php' not found or unable to stat
[Sun Jul 20 10:28:13.496760 2025] [php7:error] [pid 8252:tid 952] [client 143.198.107.68:37652] script 'C:/wamp64/www/functions.php' not found or unable to stat
[Sun Jul 20 10:28:13.496760 2025] [php7:error] [pid 8252:tid 960] [client 143.198.107.68:37662] script 'C:/wamp64/www/settings.php' not found or unable to stat
[Sun Jul 20 10:28:13.528009 2025] [php7:error] [pid 8252:tid 1012] [client 143.198.107.68:37602] script 'C:/wamp64/www/configuration.php' not found or unable to stat
[Sun Jul 20 10:28:13.762388 2025] [php7:error] [pid 8252:tid 1012] [client 143.198.107.68:37602] script 'C:/wamp64/www/configuration.php' not found or unable to stat
[Sun Jul 20 10:28:13.778000 2025] [php7:error] [pid 8252:tid 952] [client 143.198.107.68:37652] script 'C:/wamp64/www/LocalConfiguration.php' not found or unable to stat
[Sun Jul 20 10:28:13.999219 2025] [php7:error] [pid 8252:tid 952] [client 143.198.107.68:37652] script 'C:/wamp64/www/LocalConfiguration.php' not found or unable to stat
[Sun Jul 20 11:36:47.562931 2025] [php7:error] [pid 8252:tid 960] [client 205.210.31.222:63194] script 'C:/wamp64/www/shell.php' not found or unable to stat
[Sun Jul 20 11:40:00.241631 2025] [php7:error] [pid 8252:tid 960] [client 147.185.132.171:61186] script 'C:/wamp64/www/webshell.php' not found or unable to stat
[Sun Jul 20 14:53:35.964383 2025] [cgi:error] [pid 8252:tid 952] [client 149.50.96.5:28026] AH02811: script not found or unable to stat: C:/wamp64/bin/apache/apache2.4.41/cgi-bin/luci
[Sun Jul 20 15:41:40.347052 2025] [php7:error] [pid 8252:tid 952] [client 20.171.207.158:43362] script 'C:/wamp64/www/WaterCat/gallery/ddd.php' not found or unable to stat
[Sun Jul 20 15:41:50.133086 2025] [core:error] [pid 8252:tid 952] (20024)The given path is misformatted or contained invalid characters: [client 20.171.207.158:43362] AH00127: Cannot map GET /watercat/gallery/%22.$path.%22/solevisible.php HTTP/1.1 to file
[Sun Jul 20 15:41:54.664117 2025] [core:error] [pid 8252:tid 952] (20024)The given path is misformatted or contained invalid characters: [client 20.171.207.158:43362] AH00127: Cannot map GET /watercat/gallery/%22.$path.%22/%22.$fname.%22 HTTP/1.1 to file
[Sun Jul 20 15:42:03.942823 2025] [core:error] [pid 8252:tid 952] (20024)The given path is misformatted or contained invalid characters: [client 20.171.207.158:43362] AH00127: Cannot map GET /watercat/gallery/%22.$path.%22/pwreset.php HTTP/1.1 to file
[Sun Jul 20 15:42:06.232657 2025] [core:error] [pid 8252:tid 952] (20024)The given path is misformatted or contained invalid characters: [client 20.171.207.158:43362] AH00127: Cannot map GET /watercat/gallery/%22.$string.%22 HTTP/1.1 to file
[Sun Jul 20 15:42:14.338974 2025] [core:error] [pid 8252:tid 952] (20024)The given path is misformatted or contained invalid characters: [client 20.171.207.158:43362] AH00127: Cannot map GET /watercat/gallery/%22.$fff.%22 HTTP/1.1 to file
[Sun Jul 20 15:42:23.636290 2025] [core:error] [pid 8252:tid 952] (20024)The given path is misformatted or contained invalid characters: [client 20.171.207.158:43362] AH00127: Cannot map GET /%22%7B/$pw_reset_url%7D/%22 HTTP/1.1 to file
[Sun Jul 20 15:42:30.594800 2025] [php7:error] [pid 8252:tid 952] [client 20.171.207.158:43362] script 'C:/wamp64/www/WaterCat/index.php' not found or unable to stat
[Sun Jul 20 15:42:35.360596 2025] [core:error] [pid 8252:tid 952] (20024)The given path is misformatted or contained invalid characters: [client 20.171.207.158:43362] AH00127: Cannot map GET /watercat/gallery/'.$json-%3Eurl.' HTTP/1.1 to file
[Sun Jul 20 15:42:37.662351 2025] [core:error] [pid 8252:tid 952] (20024)The given path is misformatted or contained invalid characters: [client 20.171.207.158:43362] AH00127: Cannot map GET /watercat/gallery/%22.$ff.%22 HTTP/1.1 to file
[Sun Jul 20 15:42:41.127379 2025] [core:error] [pid 8252:tid 952] (20024)The given path is misformatted or contained invalid characters: [client 20.171.207.158:43362] AH00127: Cannot map GET /%22http:/solevisible.com/images/farvahar-iran.png/%22 HTTP/1.1 to file
[Sun Jul 20 15:42:43.494803 2025] [core:error] [pid 8252:tid 952] (20024)The given path is misformatted or contained invalid characters: [client 20.171.207.158:43362] AH00127: Cannot map GET /watercat/gallery/%22.__showicon( HTTP/1.1 to file
[Sun Jul 20 21:07:17.145538 2025] [cgi:error] [pid 8252:tid 960] [client 68.69.186.238:51170] AH02811: script not found or unable to stat: C:/wamp64/bin/apache/apache2.4.41/cgi-bin/luci
[Sun Jul 20 23:16:38.498260 2025] [cgi:error] [pid 8252:tid 960] [client 87.121.84.34:35390] AH02811: script not found or unable to stat: C:/wamp64/bin/apache/apache2.4.41/cgi-bin/luci
[Mon Jul 21 02:39:19.617712 2025] [php7:error] [pid 8252:tid 960] [client 198.235.24.122:61740] script 'C:/wamp64/www/webshell.php' not found or unable to stat
[Mon Jul 21 02:42:34.976633 2025] [php7:error] [pid 8252:tid 960] [client 205.210.31.203:60420] script 'C:/wamp64/www/shell.php' not found or unable to stat
[Mon Jul 21 05:32:35.664296 2025] [php7:error] [pid 8252:tid 952] [client 134.209.154.248:45618] script 'C:/wamp64/www/get.php' not found or unable to stat
[Mon Jul 21 10:23:35.431491 2025] [php7:error] [pid 8252:tid 952] [client 27.62.69.116:17116] script 'C:/wamp64/www/WaterCat/gallery/ddd.php' not found or unable to stat, referer: http://210.212.226.241:8080/watercat/indexnew.php 'uname' is not recognized as an internal or external command, operable program or batch file.
[Mon Jul 21 14:13:50.340613 2025] [php7:error] [pid 8252:tid 976] [client 194.50.16.252:48218] script 'C:/wamp64/www/app_dev.php' not found or unable to stat
[Mon Jul 21 18:09:12.189872 2025] [cgi:error] [pid 8252:tid 952] [client 149.50.96.5:23392] AH02811: script not found or unable to stat: C:/wamp64/bin/apache/apache2.4.41/cgi-bin/luci
[Mon Jul 21 18:41:29.880053 2025] [authz_core:error] [pid 8252:tid 988] [client 114.119.151.209:28479] AH01630: client denied by server configuration: C:/wamp64/apps/phpmyadmin4.9.2/, referer: http://210.212.226.241:8080/index.php
[Mon Jul 21 20:22:58.524227 2025] [php7:error] [pid 8252:tid 960] [client 207.46.13.92:6214] script 'C:/wamp64/www/WaterCat/gallery/ssl.php' not found or unable to stat
[Tue Jul 22 03:57:07.997230 2025] [php7:error] [pid 8252:tid 960] [client 104.248.169.246:45618] script 'C:/wamp64/www/get.php' not found or unable to stat
[Tue Jul 22 07:13:00.417069 2025] [cgi:error] [pid 8252:tid 1000] [client 45.135.194.11:35936] AH02811: script not found or unable to stat: C:/wamp64/bin/apache/apache2.4.41/cgi-bin/cgi_main.cgi, referer: http://210.212.226.241:8080/cfg_system_time.htm
[Tue Jul 22 08:29:03.365993 2025] [php7:error] [pid 8252:tid 976] [client 117.243.140.83:50498] script 'C:/wamp64/www/WaterCat/gallery/ddd.php' not found or unable to stat, referer: http://210.212.226.241:8080/watercat/indexnew.php 'uname' is not recognized as an internal or external command, operable program or batch file. 'uname' is not recognized as an internal or external command, operable program or batch file.
[Tue Jul 22 12:13:50.055789 2025] [cgi:error] [pid 8252:tid 976] [client 45.135.194.11:39092] AH02811: script not found or unable to stat: C:/wamp64/bin/apache/apache2.4.41/cgi-bin/shortcut_telnet.cgi
[Tue Jul 22 12:14:42.918085 2025] [cgi:error] [pid 8252:tid 976] [client 45.135.194.11:53970] AH02811: script not found or unable to stat: C:/wamp64/bin/apache/apache2.4.41/cgi-bin/shortcut_telnet.cgi
[Tue Jul 22 12:39:37.548098 2025] [php7:error] [pid 8252:tid 976] [client 117.243.140.83:50749] script 'C:/wamp64/www/WaterCat/gallery/ddd.php' not found or unable to stat, referer: http://210.212.226.241:8080/watercat/indexnew.php 'uname' is not recognized as an internal or external command, operable program or batch file.
[Tue Jul 22 12:54:59.907232 2025] [php7:error] [pid 8252:tid 952] [client 117.243.140.83:50787] script 'C:/wamp64/www/WaterCat/gallery/ddd.php' not found or unable to stat, referer: http://210.212.226.241:8080/watercat/indexnew.php 'uname' is not recognized as an internal or external command, operable program or batch file.
[Wed Jul 23 01:15:00.937840 2025] [core:error] [pid 8252:tid 1000] (20024)The given path is misformatted or contained invalid characters: [client 165.227.116.115:37262] AH00127: Cannot map GET /favicon.ico%22%20type=%22image/ico HTTP/1.1 to file
[Wed Jul 23 01:29:54.624773 2025] [php7:error] [pid 8252:tid 1000] [client 167.71.237.77:38788] script 'C:/wamp64/www/get.php' not found or unable to stat
[Wed Jul 23 02:11:35.675036 2025] [cgi:error] [pid 8252:tid 1000] [client 149.50.96.5:42904] AH02811: script not found or unable to stat: C:/wamp64/bin/apache/apache2.4.41/cgi-bin/luci
[Wed Jul 23 09:00:18.863642 2025] [php7:error] [pid 8252:tid 1000] [client 45.55.239.144:59344] script 'C:/wamp64/www/get.php' not found or unable to stat
[Wed Jul 23 11:44:42.715470 2025] [php7:error] [pid 8252:tid 988] [client 198.235.24.38:57438] script 'C:/wamp64/www/webshell.php' not found or unable to stat
[Wed Jul 23 11:51:09.318165 2025] [php7:error] [pid 8252:tid 988] [client 205.210.31.66:58918] script 'C:/wamp64/www/shell.php' not found or unable to stat
[Wed Jul 23 17:08:39.798105 2025] [php7:error] [pid 8252:tid 1012] [client 192.168.0.1:21747] script 'C:/wamp64/www/WaterCat/gallery/ddd.php' not found or unable to stat, referer: http://210.212.226.241:8080/watercat/indexnew.php 'uname' is not recognized as an internal or external command, operable program or batch file.
[Wed Jul 23 20:25:14.005782 2025] [authz_core:error] [pid 8252:tid 1012] [client 114.119.132.52:31153] AH01630: client denied by server configuration: C:/wamp64/apps/adminer4.7.5/, referer: http://210.212.226.241:8080/index.php
[Wed Jul 23 23:07:41.451274 2025] [php7:error] [pid 8252:tid 980] [client 138.197.133.113:36030] script 'C:/wamp64/www/get.php' not found or unable to stat
[Thu Jul 24 06:19:19.588203 2025] [cgi:error] [pid 8252:tid 980] [client 87.121.84.34:33988] AH02811: script not found or unable to stat: C:/wamp64/bin/apache/apache2.4.41/cgi-bin/luci
[Thu Jul 24 11:38:12.209538 2025] [php7:error] [pid 8252:tid 988] [client 103.18.188.129:42182] script 'C:/wamp64/www/config.php' not found or unable to stat
[Thu Jul 24 11:38:12.303290 2025] [php7:error] [pid 8252:tid 988] [client 103.18.188.129:42182] script 'C:/wamp64/www/credentials.php' not found or unable to stat
[Thu Jul 24 11:38:12.381412 2025] [php7:error] [pid 8252:tid 988] [client 103.18.188.129:42182] script 'C:/wamp64/www/secrets.php' not found or unable to stat
[Thu Jul 24 11:38:12.475168 2025] [php7:error] [pid 8252:tid 988] [client 103.18.188.129:42182] script 'C:/wamp64/www/aws.php' not found or unable to stat
[Thu Jul 24 11:38:12.568912 2025] [php7:error] [pid 8252:tid 988] [client 103.18.188.129:42182] script 'C:/wamp64/www/database.php' not found or unable to stat
[Thu Jul 24 11:38:12.647044 2025] [php7:error] [pid 8252:tid 988] [client 103.18.188.129:42182] script 'C:/wamp64/www/settings.php' not found or unable to stat
[Thu Jul 24 11:38:36.982115 2025] [php7:error] [pid 8252:tid 988] [client 103.18.188.129:38360] script 'C:/wamp64/www/phpinfo.php' not found or unable to stat
[Thu Jul 24 11:38:37.064654 2025] [php7:error] [pid 8252:tid 988] [client 103.18.188.129:38360] script 'C:/wamp64/www/info.php' not found or unable to stat
[Thu Jul 24 11:38:37.158409 2025] [php7:error] [pid 8252:tid 988] [client 103.18.188.129:38360] script 'C:/wamp64/www/php_info.php' not found or unable to stat
[Thu Jul 24 11:38:39.882296 2025] [php7:error] [pid 8252:tid 988] [client 103.18.188.129:42736] script 'C:/wamp64/www/123.php' not found or unable to stat
[Thu Jul 24 11:38:39.977219 2025] [php7:error] [pid 8252:tid 988] [client 103.18.188.129:42736] script 'C:/wamp64/www/1.php' not found or unable to stat
[Thu Jul 24 11:38:42.067135 2025] [php7:error] [pid 8252:tid 988] [client 103.18.188.129:42736] script 'C:/wamp64/www/acl.config.php' not found or unable to stat
[Thu Jul 24 11:38:49.546189 2025] [authz_core:error] [pid 8252:tid 988] [client 103.18.188.129:42736] AH01630: client denied by server configuration: C:/wamp64/apps/adminer4.7.5/.env
[Thu Jul 24 11:38:49.639943 2025] [php7:error] [pid 8252:tid 988] [client 103.18.188.129:42736] script 'C:/wamp64/www/adminer.php' not found or unable to stat
[Thu Jul 24 11:38:58.991165 2025] [php7:error] [pid 8252:tid 988] [client 103.18.188.129:57354] script 'C:/wamp64/www/admin.php' not found or unable to stat
[Thu Jul 24 11:38:59.586161 2025] [php7:error] [pid 8252:tid 988] [client 103.18.188.129:57354] script 'C:/wamp64/www/adminphp.php' not found or unable to stat
[Thu Jul 24 11:39:11.291022 2025] [php7:error] [pid 8252:tid 988] [client 103.18.188.129:53124] script 'C:/wamp64/www/apache2.php' not found or unable to stat
[Thu Jul 24 11:39:11.556645 2025] [php7:error] [pid 8252:tid 988] [client 103.18.188.129:53124] script 'C:/wamp64/www/apache.php' not found or unable to stat
[Thu Jul 24 11:39:11.744106 2025] [php7:error] [pid 8252:tid 988] [client 103.18.188.129:53124] script 'C:/wamp64/www/a.php' not found or unable to stat
[Thu Jul 24 11:39:17.084874 2025] [php7:error] [pid 8252:tid 988] [client 103.18.188.129:53124] script 'C:/wamp64/www/api_keys.php' not found or unable to stat
[Thu Jul 24 11:39:17.178622 2025] [php7:error] [pid 8252:tid 988] [client 103.18.188.129:53124] script 'C:/wamp64/www/apikeys.php' not found or unable to stat
[Thu Jul 24 11:39:30.576540 2025] [php7:error] [pid 8252:tid 988] [client 103.18.188.129:58136] script 'C:/wamp64/www/app_dev.php' not found or unable to stat
[Thu Jul 24 11:39:37.462328 2025] [php7:error] [pid 8252:tid 988] [client 103.18.188.129:58136] script 'C:/wamp64/www/asdf.php' not found or unable to stat
[Thu Jul 24 11:40:08.873030 2025] [php7:error] [pid 8252:tid 988] [client 103.18.188.129:57972] script 'C:/wamp64/www/backup.wp-config.php' not found or unable to stat
[Thu Jul 24 11:40:25.634826 2025] [php7:error] [pid 8252:tid 988] [client 103.18.188.129:36648] script 'C:/wamp64/www/broadcasting.php' not found or unable to stat
[Thu Jul 24 11:40:26.262262 2025] [php7:error] [pid 8252:tid 988] [client 103.18.188.129:36648] script 'C:/wamp64/www/build.php' not found or unable to stat
[Thu Jul 24 11:40:26.888463 2025] [core:error] [pid 8252:tid 988] (22)Invalid argument: [client 103.18.188.129:36648] AH00127: Cannot map GET /%c0 HTTP/1.1 to file
[Thu Jul 24 11:40:27.968412 2025] [php7:error] [pid 8252:tid 988] [client 103.18.188.129:36648] script 'C:/wamp64/www/cache.php' not found or unable to stat
[Thu Jul 24 11:40:28.969138 2025] [cgi:error] [pid 8252:tid 988] [client 103.18.188.129:36648] AH02811: script not found or unable to stat: C:/wamp64/bin/apache/apache2.4.41/cgi-bin/.env
[Thu Jul 24 11:40:30.558829 2025] [php7:error] [pid 8252:tid 988] [client 103.18.188.129:42186] script 'C:/wamp64/www/check.php' not found or unable to stat
[Thu Jul 24 11:41:08.667976 2025] [php7:error] [pid 8252:tid 988] [client 103.18.188.129:38302] script 'C:/wamp64/www/config.inc.php' not found or unable to stat
[Thu Jul 24 11:41:09.954912 2025] [php7:error] [pid 8252:tid 988] [client 103.18.188.129:43046] script 'C:/wamp64/www/config.ini.php' not found or unable to stat
[Thu Jul 24 11:41:17.694565 2025] [php7:error] [pid 8252:tid 988] [client 103.18.188.129:43046] script 'C:/wamp64/www/config.php' not found or unable to stat
[Thu Jul 24 11:41:17.788321 2025] [php7:error] [pid 8252:tid 988] [client 103.18.188.129:43046] script 'C:/wamp64/www/config.php.bak' not found or unable to stat
[Thu Jul 24 11:41:17.883336 2025] [php7:error] [pid 8252:tid 988] [client 103.18.188.129:43046] script 'C:/wamp64/www/config.php.bkp' not found or unable to stat
[Thu Jul 24 11:41:18.165872 2025] [php7:error] [pid 8252:tid 988] [client 103.18.188.129:43046] script 'C:/wamp64/www/config.php.inc' not found or unable to stat
[Thu Jul 24 11:41:18.650249 2025] [php7:error] [pid 8252:tid 988] [client 103.18.188.129:43046] script 'C:/wamp64/www/config.php.new' not found or unable to stat
[Thu Jul 24 11:41:18.744001 2025] [php7:error] [pid 8252:tid 988] [client 103.18.188.129:43046] script 'C:/wamp64/www/config.php.old' not found or unable to stat
[Thu Jul 24 11:41:18.838908 2025] [php7:error] [pid 8252:tid 988] [client 103.18.188.129:43046] script 'C:/wamp64/www/config.php.original' not found or unable to stat
[Thu Jul 24 11:41:19.027686 2025] [php7:error] [pid 8252:tid 988] [client 103.18.188.129:43046] script 'C:/wamp64/www/config.php.save' not found or unable to stat
[Thu Jul 24 11:41:19.121434 2025] [php7:error] [pid 8252:tid 988] [client 103.18.188.129:43046] script 'C:/wamp64/www/config.php.swp' not found or unable to stat
[Thu Jul 24 11:41:31.672887 2025] [php7:error] [pid 8252:tid 988] [client 103.18.188.129:56196] script 'C:/wamp64/www/configuration.php' not found or unable to stat
[Thu Jul 24 11:41:32.390366 2025] [php7:error] [pid 8252:tid 988] [client 103.18.188.129:56196] script 'C:/wamp64/www/configure.php.orig' not found or unable to stat
[Thu Jul 24 11:41:34.913486 2025] [php7:error] [pid 8252:tid 988] [client 103.18.188.129:56196] script 'C:/wamp64/www/conf.php.bak' not found or unable to stat
[Thu Jul 24 11:41:35.372933 2025] [php7:error] [pid 8252:tid 988] [client 103.18.188.129:56196] script 'C:/wamp64/www/conf.php.old' not found or unable to stat
[Thu Jul 24 11:41:35.544806 2025] [php7:error] [pid 8252:tid 988] [client 103.18.188.129:56196] script 'C:/wamp64/www/conf.php.swp' not found or unable to stat
[Thu Jul 24 11:42:01.720360 2025] [php7:error] [pid 8252:tid 988] [client 103.18.188.129:37694] script 'C:/wamp64/www/DASHBOARD/config.php' not found or unable to stat
[Thu Jul 24 11:42:01.998708 2025] [php7:error] [pid 8252:tid 988] [client 103.18.188.129:37694] script 'C:/wamp64/www/DASHBOARD/database.php' not found or unable to stat
[Thu Jul 24 11:42:02.483138 2025] [php7:error] [pid 8252:tid 988] [client 103.18.188.129:37694] script 'C:/wamp64/www/DASHBOARD/info.php' not found or unable to stat
[Thu Jul 24 11:42:02.576890 2025] [php7:error] [pid 8252:tid 988] [client 103.18.188.129:37694] script 'C:/wamp64/www/DASHBOARD/i.php' not found or unable to stat
[Thu Jul 24 11:42:02.953104 2025] [php7:error] [pid 8252:tid 988] [client 103.18.188.129:37694] script 'C:/wamp64/www/DASHBOARD/mail.php' not found or unable to stat
[Thu Jul 24 11:42:03.135926 2025] [php7:error] [pid 8252:tid 988] [client 103.18.188.129:37694] script 'C:/wamp64/www/DASHBOARD/phpinfo.php' not found or unable to stat
[Thu Jul 24 11:42:03.527715 2025] [php7:error] [pid 8252:tid 988] [client 103.18.188.129:37694] script 'C:/wamp64/www/DASHBOARD/settings.php' not found or unable to stat
[Thu Jul 24 11:42:03.715508 2025] [php7:error] [pid 8252:tid 988] [client 103.18.188.129:37694] script 'C:/wamp64/www/DASHBOARD/smtp.php' not found or unable to stat
[Thu Jul 24 11:42:03.904277 2025] [php7:error] [pid 8252:tid 988] [client 103.18.188.129:37694] script 'C:/wamp64/www/DASHBOARD/test.php' not found or unable to stat
[Thu Jul 24 11:42:09.532776 2025] [php7:error] [pid 8252:tid 988] [client 103.18.188.129:42904] script 'C:/wamp64/www/debug.php' not found or unable to stat
[Thu Jul 24 11:42:31.554396 2025] [php7:error] [pid 8252:tid 988] [client 103.18.188.129:46338] script 'C:/wamp64/www/deploy.php' not found or unable to stat
[Thu Jul 24 11:42:33.516992 2025] [php7:error] [pid 8252:tid 988] [client 103.18.188.129:46338] script 'C:/wamp64/www/dep.php' not found or unable to stat
[Thu Jul 24 11:42:39.688027 2025] [php7:error] [pid 8252:tid 988] [client 103.18.188.129:46280] script 'C:/wamp64/www/developer.php' not found or unable to stat
[Thu Jul 24 11:42:51.047285 2025] [php7:error] [pid 8252:tid 988] [client 103.18.188.129:41688] script 'C:/wamp64/www/dev.php' not found or unable to stat
[Thu Jul 24 11:42:52.713031 2025] [php7:error] [pid 8252:tid 988] [client 103.18.188.129:41688] script 'C:/wamp64/www/devs.php' not found or unable to stat
[Thu Jul 24 11:43:08.863753 2025] [php7:error] [pid 8252:tid 988] [client 103.18.188.129:48138] script 'C:/wamp64/www/.env.php' not found or unable to stat
[Thu Jul 24 11:43:09.036852 2025] [php7:error] [pid 8252:tid 988] [client 103.18.188.129:50774] script 'C:/wamp64/www/env.php' not found or unable to stat
[Thu Jul 24 11:43:10.581199 2025] [php7:error] [pid 8252:tid 988] [client 103.18.188.129:50774] script 'C:/wamp64/www/.env.sample.php' not found or unable to stat
[Thu Jul 24 11:43:18.907938 2025] [php7:error] [pid 8252:tid 988] [client 103.18.188.129:50774] script 'C:/wamp64/www/error.php' not found or unable to stat
[Thu Jul 24 11:43:19.174773 2025] [php7:error] [pid 8252:tid 988] [client 103.18.188.129:50774] script 'C:/wamp64/www/errors.php' not found or unable to stat
[Thu Jul 24 11:43:28.616592 2025] [php7:error] [pid 8252:tid 988] [client 103.18.188.129:42736] script 'C:/wamp64/www/fedora.php' not found or unable to stat
[Thu Jul 24 11:43:29.729613 2025] [php7:error] [pid 8252:tid 988] [client 103.18.188.129:48904] script 'C:/wamp64/www/filesystems.php' not found or unable to stat
[Thu Jul 24 11:43:33.132038 2025] [php7:error] [pid 8252:tid 988] [client 103.18.188.129:48904] script 'C:/wamp64/www/foo.php' not found or unable to stat
[Thu Jul 24 11:43:34.212614 2025] [php7:error] [pid 8252:tid 988] [client 103.18.188.129:48904] script 'C:/wamp64/www/frontend_dev.php' not found or unable to stat
[Thu Jul 24 11:43:45.155997 2025] [php7:error] [pid 8252:tid 988] [client 103.18.188.129:50574] script 'C:/wamp64/www/global.inc.php' not found or unable to stat
[Thu Jul 24 11:43:45.375953 2025] [php7:error] [pid 8252:tid 988] [client 103.18.188.129:50574] script 'C:/wamp64/www/global.php' not found or unable to stat
[Thu Jul 24 11:43:54.071429 2025] [authz_core:error] [pid 8252:tid 988] [client 103.18.188.129:38878] AH01630: client denied by server configuration: C:/wamp64/www/.htaccess
[Thu Jul 24 11:43:55.769090 2025] [php7:error] [pid 8252:tid 988] [client 103.18.188.129:38878] script 'C:/wamp64/www/index1.php' not found or unable to stat
[Thu Jul 24 11:43:56.835200 2025] [php7:error] [pid 8252:tid 988] [client 103.18.188.129:38878] script 'C:/wamp64/www/info1.php' not found or unable to stat
[Thu Jul 24 11:43:56.913372 2025] [php7:error] [pid 8252:tid 988] [client 103.18.188.129:38878] script 'C:/wamp64/www/info2.php' not found or unable to stat
[Thu Jul 24 11:43:57.008351 2025] [php7:error] [pid 8252:tid 988] [client 103.18.188.129:38878] script 'C:/wamp64/www/info3.php' not found or unable to stat
[Thu Jul 24 11:43:57.102113 2025] [php7:error] [pid 8252:tid 988] [client 103.18.188.129:38878] script 'C:/wamp64/www/info4.php' not found or unable to stat
[Thu Jul 24 11:43:57.633362 2025] [php7:error] [pid 8252:tid 988] [client 103.18.188.129:38878] script 'C:/wamp64/www/_info-backoffice.php' not found or unable to stat
[Thu Jul 24 11:44:01.256041 2025] [php7:error] [pid 8252:tid 988] [client 103.18.188.129:38878] script 'C:/wamp64/www/__info.php' not found or unable to stat
[Thu Jul 24 11:44:01.349778 2025] [php7:error] [pid 8252:tid 988] [client 103.18.188.129:38878] script 'C:/wamp64/www/_info.php' not found or unable to stat
[Thu Jul 24 11:44:01.427918 2025] [php7:error] [pid 8252:tid 988] [client 103.18.188.129:38878] script 'C:/wamp64/www/info.php' not found or unable to stat
[Thu Jul 24 11:44:01.521673 2025] [php7:error] [pid 8252:tid 988] [client 103.18.188.129:38878] script 'C:/wamp64/www/info.php' not found or unable to stat
[Thu Jul 24 11:44:02.445785 2025] [php7:error] [pid 8252:tid 988] [client 103.18.188.129:38878] script 'C:/wamp64/www/infophp.php' not found or unable to stat
[Thu Jul 24 11:44:03.291997 2025] [php7:error] [pid 8252:tid 988] [client 103.18.188.129:38878] script 'C:/wamp64/www/information.php' not found or unable to stat
[Thu Jul 24 11:44:04.017070 2025] [php7:error] [pid 8252:tid 988] [client 103.18.188.129:33434] script 'C:/wamp64/www/infos.php' not found or unable to stat
[Thu Jul 24 11:44:05.005134 2025] [php7:error] [pid 8252:tid 988] [client 103.18.188.129:33434] script 'C:/wamp64/www/inf.php' not found or unable to stat
[Thu Jul 24 11:44:05.192679 2025] [php7:error] [pid 8252:tid 988] [client 103.18.188.129:33434] script 'C:/wamp64/www/ini.php' not found or unable to stat
[Thu Jul 24 11:44:05.286430 2025] [php7:error] [pid 8252:tid 988] [client 103.18.188.129:33434] script 'C:/wamp64/www/in.php' not found or unable to stat
[Thu Jul 24 11:44:05.569874 2025] [php7:error] [pid 8252:tid 988] [client 103.18.188.129:33434] script 'C:/wamp64/www/install.php' not found or unable to stat
[Thu Jul 24 11:44:07.635204 2025] [php7:error] [pid 8252:tid 988] [client 103.18.188.129:33434] script 'C:/wamp64/www/i.php' not found or unable to stat
[Thu Jul 24 11:44:07.730187 2025] [php7:error] [pid 8252:tid 988] [client 103.18.188.129:33434] script 'C:/wamp64/www/isadmin.php' not found or unable to stat
[Thu Jul 24 11:44:08.326404 2025] [php7:error] [pid 8252:tid 988] [client 103.18.188.129:33434] script 'C:/wamp64/www/jo.php' not found or unable to stat
[Thu Jul 24 11:44:10.514992 2025] [php7:error] [pid 8252:tid 988] [client 103.18.188.129:33434] script 'C:/wamp64/www/keys.php' not found or unable to stat
[Thu Jul 24 11:44:27.115332 2025] [php7:error] [pid 8252:tid 988] [client 103.18.188.129:34528] script 'C:/wamp64/www/license.php' not found or unable to stat
[Thu Jul 24 11:44:27.209086 2025] [php7:error] [pid 8252:tid 988] [client 103.18.188.129:34528] script 'C:/wamp64/www/lindex.php' not found or unable to stat
[Thu Jul 24 11:44:27.302836 2025] [php7:error] [pid 8252:tid 988] [client 103.18.188.129:34528] script 'C:/wamp64/www/linusadmin-phpinfo.php' not found or unable to stat
[Thu Jul 24 11:44:39.701198 2025] [php7:error] [pid 8252:tid 988] [client 103.18.188.129:48642] script 'C:/wamp64/www/local-info.php' not found or unable to stat
[Thu Jul 24 11:44:39.905551 2025] [php7:error] [pid 8252:tid 988] [client 103.18.188.129:48642] script 'C:/wamp64/www/local.php' not found or unable to stat
[Thu Jul 24 11:44:39.999840 2025] [php7:error] [pid 8252:tid 988] [client 103.18.188.129:48642] script 'C:/wamp64/www/local-phpinfo.php' not found or unable to stat
[Thu Jul 24 11:44:44.573937 2025] [php7:error] [pid 8252:tid 988] [client 103.18.188.129:48642] script 'C:/wamp64/www/l.php' not found or unable to stat
[Thu Jul 24 11:44:59.552201 2025] [php7:error] [pid 8252:tid 988] [client 103.18.188.129:48836] script 'C:/wamp64/www/main.php' not found or unable to stat
[Thu Jul 24 11:45:24.185193 2025] [php7:error] [pid 8252:tid 988] [client 103.18.188.129:34662] script 'C:/wamp64/www/new.php' not found or unable to stat
[Thu Jul 24 11:45:36.567816 2025] [php7:error] [pid 8252:tid 988] [client 103.18.188.129:45484] script 'C:/wamp64/www/ocp.php' not found or unable to stat
[Thu Jul 24 11:45:36.661572 2025] [php7:error] [pid 8252:tid 988] [client 103.18.188.129:45484] script 'C:/wamp64/www/of.php' not found or unable to stat
[Thu Jul 24 11:45:40.979751 2025] [php7:error] [pid 8252:tid 988] [client 103.18.188.129:45484] script 'C:/wamp64/www/old_phpinfo.php' not found or unable to stat
[Thu Jul 24 11:45:42.720904 2025] [php7:error] [pid 8252:tid 988] [client 103.18.188.129:45484] script 'C:/wamp64/www/o.php' not found or unable to stat
[Thu Jul 24 11:45:46.756197 2025] [php7:error] [pid 8252:tid 988] [client 103.18.188.129:42294] script 'C:/wamp64/www/php1.php' not found or unable to stat
[Thu Jul 24 11:45:47.340536 2025] [php7:error] [pid 8252:tid 988] [client 103.18.188.129:42294] script 'C:/wamp64/www/phpconf.php' not found or unable to stat
[Thu Jul 24 11:45:47.434284 2025] [php7:error] [pid 8252:tid 988] [client 103.18.188.129:42294] script 'C:/wamp64/www/PHPConf.php' not found or unable to stat
[Thu Jul 24 11:45:48.514911 2025] [php7:error] [pid 8252:tid 988] [client 103.18.188.129:42294] script 'C:/wamp64/www/phpinfo1.php' not found or unable to stat
[Thu Jul 24 11:45:48.608659 2025] [php7:error] [pid 8252:tid 988] [client 103.18.188.129:42294] script 'C:/wamp64/www/phpinfo2.php' not found or unable to stat
[Thu Jul 24 11:45:48.702408 2025] [php7:error] [pid 8252:tid 988] [client 103.18.188.129:42294] script 'C:/wamp64/www/phpinfo3.php' not found or unable to stat
[Thu Jul 24 11:45:48.796164 2025] [php7:error] [pid 8252:tid 988] [client 103.18.188.129:42294] script 'C:/wamp64/www/phpinfo4.php' not found or unable to stat
[Thu Jul 24 11:45:48.875499 2025] [php7:error] [pid 8252:tid 988] [client 103.18.188.129:42294] script 'C:/wamp64/www/phpinfodev.php' not found or unable to stat
[Thu Jul 24 11:45:49.407996 2025] [php7:error] [pid 8252:tid 988] [client 103.18.188.129:42294] script 'C:/wamp64/www/_phpinfo.php' not found or unable to stat
[Thu Jul 24 11:45:49.502939 2025] [php7:error] [pid 8252:tid 988] [client 103.18.188.129:42294] script 'C:/wamp64/www/php-info.php' not found or unable to stat
[Thu Jul 24 11:45:49.690482 2025] [php7:error] [pid 8252:tid 988] [client 103.18.188.129:42294] script 'C:/wamp64/www/php_info.php' not found or unable to stat
[Thu Jul 24 11:45:49.768611 2025] [php7:error] [pid 8252:tid 988] [client 103.18.188.129:42294] script 'C:/wamp64/www/phpinfo.php' not found or unable to stat
[Thu Jul 24 11:45:49.863591 2025] [php7:error] [pid 8252:tid 988] [client 103.18.188.129:42294] script 'C:/wamp64/www/phpinfo.php' not found or unable to stat
[Thu Jul 24 11:45:49.957342 2025] [php7:error] [pid 8252:tid 988] [client 103.18.188.129:42294] script 'C:/wamp64/www/phpinfo.php3' not found or unable to stat
[Thu Jul 24 11:45:50.850426 2025] [php7:error] [pid 8252:tid 988] [client 103.18.188.129:42294] script 'C:/wamp64/www/phpinfos.php' not found or unable to stat
[Thu Jul 24 11:45:51.132869 2025] [php7:error] [pid 8252:tid 988] [client 103.18.188.129:42294] script 'C:/wamp64/www/phpinfo-test.php' not found or unable to stat
[Thu Jul 24 11:45:51.304765 2025] [php7:error] [pid 8252:tid 988] [client 103.18.188.129:42294] script 'C:/wamp64/www/phpinfo_test.php' not found or unable to stat
[Thu Jul 24 11:45:51.570389 2025] [php7:error] [pid 8252:tid 988] [client 103.18.188.129:42294] script 'C:/wamp64/www/_phpinf.php' not found or unable to stat
[Thu Jul 24 11:45:52.369706 2025] [authz_core:error] [pid 8252:tid 988] [client 103.18.188.129:42294] AH01630: client denied by server configuration: C:/wamp64/apps/phpmyadmin4.9.2/index.php
[Thu Jul 24 11:45:52.463462 2025] [php7:error] [pid 8252:tid 988] [client 103.18.188.129:42294] script 'C:/wamp64/www/php.php' not found or unable to stat
[Thu Jul 24 11:45:52.736359 2025] [authz_core:error] [pid 8252:tid 988] [client 103.18.188.129:42294] AH01630: client denied by server configuration: C:/wamp64/apps/phpsysinfo3.3.1/
[Thu Jul 24 11:45:52.814487 2025] [authz_core:error] [pid 8252:tid 988] [client 103.18.188.129:42294] AH01630: client denied by server configuration: C:/wamp64/apps/phpsysinfo3.3.1/info.php
[Thu Jul 24 11:45:52.909457 2025] [php7:error] [pid 8252:tid 988] [client 103.18.188.129:42294] script 'C:/wamp64/www/phpsysinfo.php' not found or unable to stat
[Thu Jul 24 11:45:53.004400 2025] [authz_core:error] [pid 8252:tid 988] [client 103.18.188.129:42294] AH01630: client denied by server configuration: C:/wamp64/apps/phpsysinfo3.3.1/phpinfo.php
[Thu Jul 24 11:45:53.098135 2025] [authz_core:error] [pid 8252:tid 988] [client 103.18.188.129:42294] AH01630: client denied by server configuration: C:/wamp64/apps/phpsysinfo3.3.1/phpsysinfo.php
[Thu Jul 24 11:45:53.270027 2025] [php7:error] [pid 8252:tid 988] [client 103.18.188.129:42294] script 'C:/wamp64/www/phptest.php' not found or unable to stat
[Thu Jul 24 11:45:53.363777 2025] [php7:error] [pid 8252:tid 988] [client 103.18.188.129:42294] script 'C:/wamp64/www/phpversion.php' not found or unable to stat
[Thu Jul 24 11:45:53.535655 2025] [php7:error] [pid 8252:tid 988] [client 103.18.188.129:42294] script 'C:/wamp64/www/pinfo.php' not found or unable to stat
[Thu Jul 24 11:45:53.629407 2025] [php7:error] [pid 8252:tid 988] [client 103.18.188.129:42294] script 'C:/wamp64/www/pi.php' not found or unable to stat
[Thu Jul 24 11:45:54.339954 2025] [php7:error] [pid 8252:tid 988] [client 103.18.188.129:42294] script 'C:/wamp64/www/_poopinfo.php' not found or unable to stat
[Thu Jul 24 11:46:01.556889 2025] [php7:error] [pid 8252:tid 988] [client 103.18.188.129:56568] script 'C:/wamp64/www/p.php' not found or unable to stat
[Thu Jul 24 11:46:30.725024 2025] [php7:error] [pid 8252:tid 988] [client 103.18.188.129:54768] script 'C:/wamp64/www/profiler.php' not found or unable to stat
[Thu Jul 24 11:47:02.550340 2025] [php7:error] [pid 8252:tid 988] [client 103.18.188.129:34674] script 'C:/wamp64/www/q.php' not found or unable to stat
[Thu Jul 24 11:47:02.951556 2025] [php7:error] [pid 8252:tid 988] [client 103.18.188.129:34674] script 'C:/wamp64/www/qq.php' not found or unable to stat
[Thu Jul 24 11:47:07.063123 2025] [php7:error] [pid 8252:tid 988] [client 103.18.188.129:59634] script 'C:/wamp64/www/rest.php' not found or unable to stat
[Thu Jul 24 11:47:09.022097 2025] [php7:error] [pid 8252:tid 988] [client 103.18.188.129:59634] script 'C:/wamp64/www/routes.php' not found or unable to stat
[Thu Jul 24 11:47:13.556857 2025] [php7:error] [pid 8252:tid 988] [client 103.18.188.129:59634] script 'C:/wamp64/www/secret_key.php' not found or unable to stat
[Thu Jul 24 11:47:13.650658 2025] [php7:error] [pid 8252:tid 988] [client 103.18.188.129:59634] script 'C:/wamp64/www/secret_keys.php' not found or unable to stat
[Thu Jul 24 11:47:17.734616 2025] [php7:error] [pid 8252:tid 988] [client 103.18.188.129:57308] script 'C:/wamp64/www/secrets.php' not found or unable to stat
