[Tue Dec 02 07:34:35.808996 2025] [php7:error] [pid 6980:tid 636] [client 154.38.165.235:61632] script 'C:/wamp64/www/log.php' not found or unable to stat
[Tue Dec 02 07:37:04.258343 2025] [php7:error] [pid 6980:tid 636] [client 154.38.165.235:62416] script 'C:/wamp64/www/error.php' not found or unable to stat
[Tue Dec 02 07:45:29.276333 2025] [php7:error] [pid 6980:tid 636] [client 154.38.165.235:65182] script 'C:/wamp64/www/phpinfo.php' not found or unable to stat
[Tue Dec 02 07:46:00.634195 2025] [php7:error] [pid 6980:tid 636] [client 154.38.165.235:65357] script 'C:/wamp64/www/info.php' not found or unable to stat
[Tue Dec 02 07:46:51.432099 2025] [php7:error] [pid 6980:tid 636] [client 154.38.165.235:49242] script 'C:/wamp64/www/php.php' not found or unable to stat
[Tue Dec 02 07:47:22.149449 2025] [php7:error] [pid 6980:tid 636] [client 154.38.165.235:49397] script 'C:/wamp64/www/test.php' not found or unable to stat
[Tue Dec 02 07:48:18.258700 2025] [php7:error] [pid 6980:tid 636] [client 154.38.165.235:49713] script 'C:/wamp64/www/DASHBOARD/phpinfo.php' not found or unable to stat
[Wed Dec 03 02:50:11.025413 2025] [php7:error] [pid 6980:tid 996] [client 64.227.155.170:34426] script 'C:/wamp64/www/get.php' not found or unable to stat
[Wed Dec 03 03:05:59.836528 2025] [php7:error] [pid 6980:tid 996] [client 52.167.144.212:55986] script 'C:/wamp64/www/result.php' not found or unable to stat
[Wed Dec 03 12:58:36.400125 2025] [core:error] [pid 6980:tid 636] (20024)The given path is misformatted or contained invalid characters: [client 93.123.109.222:46984] AH00127: Cannot map GET /http://41.35.43.162:8080/admin/ HTTP/1.1 to file
[Wed Dec 03 16:45:31.198320 2025] [authz_core:error] [pid 6980:tid 996] [client 114.119.154.181:48611] AH01630: client denied by server configuration: C:/wamp64/apps/phpsysinfo3.3.1/, referer: http://210.212.226.241:8080/index.php?lang=english
[Thu Dec 04 01:40:21.961855 2025] [php7:error] [pid 6980:tid 660] [client 207.154.216.116:44412] script 'C:/wamp64/www/get.php' not found or unable to stat
[Fri Dec 05 02:33:28.728336 2025] [cgi:error] [pid 6980:tid 660] [client 103.77.241.135:17502] AH02811: script not found or unable to stat: C:/wamp64/bin/apache/apache2.4.41/cgi-bin/luci
[Fri Dec 05 02:36:35.603876 2025] [php7:error] [pid 6980:tid 660] [client 104.236.69.97:51758] script 'C:/wamp64/www/get.php' not found or unable to stat
[Fri Dec 05 05:20:21.617799 2025] [php7:error] [pid 6980:tid 732] [client 38.65.239.45:3550] script 'C:/wamp64/www/infophp.php' not found or unable to stat
[Fri Dec 05 05:28:37.618606 2025] [php7:error] [pid 6980:tid 732] [client 38.65.239.45:61700] script 'C:/wamp64/www/infophp.php' not found or unable to stat
[Sat Dec 06 01:21:09.133886 2025] [core:error] [pid 6980:tid 996] [client 91.239.216.99:49268] AH00135: Invalid method in request Get /admin/login.asp HTTP/1.1, referer: http://210.212.226.241:8080/admin/login.asp
[Sat Dec 06 01:29:59.993652 2025] [php7:error] [pid 6980:tid 996] [client 162.243.123.139:53072] script 'C:/wamp64/www/get.php' not found or unable to stat
[Sat Dec 06 09:43:37.378884 2025] [php7:error] [pid 6980:tid 660] [client 167.99.242.167:41228] script 'C:/wamp64/www/get.php' not found or unable to stat
[Sun Dec 07 00:44:44.854152 2025] [authz_core:error] [pid 6980:tid 732] [client 114.119.136.120:37273] AH01630: client denied by server configuration: C:/wamp64/apps/phpmyadmin4.9.2/, referer: http://210.212.226.241:8080/index.php
[Sun Dec 07 06:11:31.869460 2025] [php7:error] [pid 6980:tid 496] [client 139.59.94.43:44244] script 'C:/wamp64/www/get.php' not found or unable to stat
[Sun Dec 07 12:19:12.664555 2025] [php7:error] [pid 6980:tid 592] [client 82.165.16.58:65451] script 'C:/wamp64/www/adminer.php' not found or unable to stat
[Sun Dec 07 19:52:18.806129 2025] [core:error] [pid 6980:tid 496] (20024)The given path is misformatted or contained invalid characters: [client 93.123.109.222:44748] AH00127: Cannot map GET /weblogin.htm%22;f.sUserName.focus%28%29;if%28sUser_mgt_End==%22%22%29%7Bif%28mode%29%7Bswitch%28mode%29%7Bcase%203:%20if%28iFrmLgErr==4%29%7Berrmsg.innerHTML=TR%28%22User%20Mode%20is%20off%20now.%22%29;%7Delse%20if%28iFrmLgErr==5%29%7Berrmsg.innerHTML=TR%28%22Wrong%20validation%20code%21%22%29;%7Delse%7Berrmsg.innerHTML=TR%28%22The%20username%20or%20password%20you%20entered%20is%20incorrect.%22%29;%7Dbreak;case%204:%20errmsg.innerHTML=TR%28%22Reach%20the%20maximum%20login%20number.%20Try%20another%20user%20account.%22%29;break;case%205:%20errmsg.innerHTML=TR%28%22No%20available%20buffer%20now.%20Please%20contact%20with%20your%20administrator%22%29;break;case%206:%20errmsg.innerHTML=TR%28%22The%20username%20or%20password%20you%20entered%20is%20incorrect.%22%29;break;case%207:errmsg.innerHTML=TR%28%22User%20account%20is%20not%20enabled%20now.%22%29;break;case%208:errmsg.innerHTML=TR%28%22You%20aren%27t%20allowed%20to%20access%20internet%20%28out%20of%20schedule%29.%22%29;break;case%209:errmsg.innerHTML=TR%28%22User%20login%20denied%20from%20http%20protocol.%20Please%20contact%20with%20your%20administrator%22%29;break;case%2010:errmsg.innerHTML=TR%28%22The%20user%20ran%20out%20of%20time%20quota.%22%29;break;case%2011:errmsg.innerHTML=TR%28%22The%20user%20ran%20out%20of%20data%20quota.%22%29;break;case%2012:errmsg.innerHTML=TR%28%22Wrong%20user%20account.%20Please%20contact%20with%20your%20administrator.%22%29;break;default:if%28iFrmLgErr==2%29errmsg.innerHTML=TR%28%22The%20username%20or%20password%20you%20entered%20is%20incorrect.%22%29;break;%7D%7Delse%20if%28iFrmLgErr==2%29%7Berrmsg.innerHTML=TR%28%22The%20username%20or%20password%20you%20entered%20is%20incorrect.%22%29;%7Delse%20if%28iFrmLgErr==4%29%7Berrmsg.innerHTML=TR%28%22User%20Mode%20is%20off%20now.%22%29;%7Delse%20if%28iFrmLgErr==5%29%7Berrmsg.innerHTML=TR%28%22Wrong%20validation%20code%21%22%29;%7D%7Delse%20if%28iFrmLgErr==2%29%7Berrmsg.innerHTML=TR%28%22The%20username%20or%20password%20you%20entered%20is%20incorrect.%22%29;%7Delse%20if%28iFrmLgErr==4%29%7Berrmsg.innerHTML=TR%28%22User%20Mode%20is%20off%20now.%22%29;%7Delse%20if%28iFrmLgErr==5%29%7Berrmsg.innerHTML=TR%28%22Wrong%20validation%20code%21%22%29;%7Dif%28sValidatedCode%21=%22%22%29%7BshowElmtByClass%28document,%22tr%22,%22sValidatedCode%22%29;%7Dif%28%27https:%27%21=document.location.protocol%29%7Bdocument.getElementById%28%22warning%22%29.style.display=%22%22;%7Delse%7Bdocument.getElementById%28%22warning%22%29.style.display=%22none%22;%7D%20for%28var%20d=0;d%3Cdocument.forms.length;d++%29%7B%20for%28var%20e=0;e%3Cdocument.forms%5Bd%5D.elements.length;e++%29%7Baddhandlers%28document.forms%5Bd%5D.elements%5Be%5D%29;%7D%7D%7Dfunction%20HttpsLogin%28%29%7Bvar%20url=window.location.href;var%20new_url=url;var%20dport=443;url=url.replace%28%22http://%22,%22https://%22%29;if%28url.split%28%22:%22%29.length==3%29%7B%20new_url=url.split%28%22:%22%29%5B0%5D+%22:%22+url.split%28%22:%22%29%5B1%5D+%22:%22+dport;%7Delse%20if%28url.split%28%22:%22%29.length==2%29%7B%20var%20tmp=url.split%28%22:%22%29%5B1%5D.split%28%22/%22%29;new_url=url.split%28%22:%22%29%5B0%5D+%22://%22+tmp%5B2%5D+%22:%22+dport;%7Dwindow.location.href=new_url;%7Dfunction%20initParameter%28%29%7Bif%28sUser_mgt_End==%22%22%29%7Bsrc_ip=%27%27;target_url=%27%27;mode=6;fw_set=0;fw_rule=0;%7D%7Dfunction%20encode%28instr%29%7Bvar%20keyStr=%22ABCDEFGHIJKLMNOPQRSTUVWXYZabcdefghijklmnopqrstuvwxyz0123456789+/=%22;var%20outstr=%22%22;var%20chr1,chr2,chr3=%22%22;var%20enc1,enc2,enc3,enc4=%22%22;var%20i=0;do%7Bchr1=instr.charCodeAt%28i++%29;chr2=instr.charCodeAt%28i++%29;chr3=instr.charCodeAt%28i++%29;enc1=chr1%3E%3E2;enc2=%28%28chr1&3%29%3C%3C4%29%7C%28chr2%3E%3E4%29;enc3=%28%28chr2&15%29%3C%3C2%29%7C%28chr3%3E%3E6%29;enc4=chr3&63;if%28isNaN%28chr2%29%29%7Benc3=enc4=64;%7Delse%20if%28isNaN%28chr3%29%29%7Benc4=64;%7Doutstr=outstr+keyStr.charAt%28enc1%29+keyStr.charAt%28enc2%29+keyStr.charAt%28enc3%29+keyStr.charAt%28enc4%29;chr1=chr2=chr3=%22%22;enc1=enc2=enc3=enc4=%22%22;%7Dwhile%28i%3Cinstr.length%29;return%20outstr;%7Dfunction%20submitPara%28%29%7Bvar%20frmSub=document.frmSub;var%20fwElmIdx=2;frmSub.method=%22post%22;frmSub.action=%22cgi-bin/wlogin.cgi%22;frmSub%5B0%5D.name=%22aa%22;frmSub%5B0%5D.value=encode%28f.sUserName.value%29;frmSub%5B1%5D.name=%22ab%22;frmSub%5B1%5D.value=encode%28f.sSysPass.value%29;%20if%28sUser_mgt_End==%22%22&&mode%21=0%29%7BfrmSub%5B2%5D.name=%22src_ip%22;frmSub%5B2%5D.value=src_ip;frmSub%5B3%5D.name=%22target_url%22;frmSub%5B3%5D.value=target_url;frmSub%5B4%5D.name=%22mode%22;frmSub%5B4%5D.value=mode;frmSub%5B5%5D.name=%22fw_set%22;frmSub%5B5%5D.value=fw_set;frmSub%5B6%5D.name=%22fw_rule%22;frmSub%5B6%5D.value=fw_rule;fwElmIdx=7;%7Dif%28enSSlgrp==%22%22%7C%7CenAdminAuth==%22%22%29%7BfrmSub%5BfwElmIdx%5D.name=%22sslgroup%22;frmSub%5BfwElmIdx%5D.value=f.sltsslgrp.value;%7Dif%28sValidatedCode%21=%22%22%29%7BfwElmIdx++;frmSub%5BfwElmIdx%5D.name=%22sVerifCode%22;frmSub%5BfwElmIdx%5D.value=document.getElementById%28%22validated_code%22%29.value;fwElmIdx++;frmSub%5BfwElmIdx%5D.name=%22sValidatedCodeNum%22;frmSub%5BfwElmIdx%5D.value=sValidatedCodeNum;%7DfrmSub%5Bform_num%5D.name=%22sFormAuthStr%22;frmSub%5Bform_num%5D.value=randomString%2815%29;frmSub.submit%28%29;%7Dfunction%20randomString%28len%29%7Bvar%20chars=%27ABCDEFGHJKMNPQRSTWXYZabcdefhijkmnprstwxyz2345678%27;var%20maxPos=chars.length;var%20pwd=%27%27;for%28i=0;i%3Clen;i++%29%7Bpwd+=chars.charAt%28Math.floor%28Math.random%28%29%2AmaxPos%29%29;%7Dreturn%20pwd;%7Dfunction%20handler%28_e%29%7Bvar%20e=_e,elmt,type;if%28isNav%29%7Belmt=e.target;type=e.type;keycode=e.which;%7Dif%28isIE%7C%7CisOpr%29%7Be=window.event;elmt=e.srcElement;type=e.type;keycode=e.keyCode;%7D%20if%28isIE%29%7Bif%28elmt.type==%22text%22%29e.cancelBubble=false;else%20e.cancelBubble=true;%7Dif%28elmt==f.btnOk&&type==%22click%22%29%7BsubmitPara%28%29;%7Dif%28elmt%21=f.btnOk&&type==%22keydown%22%29%7Bif%28keycode==13%29%7B%20e.returnValue=false;submitPara%28%29;%7D%7D%7D%20function%20addhandlers%28_o%29%7Bvar%20o=_o;o.onclick=handler;o.onkeydown=handler;%7Dfunction%20ClearCookies%28%29%7Bvar%20temp=document.cookie.split%28%22;%22%29;var%20ts;for%28var%20i=0;;i++%29%7Bif%28%21temp%5Bi%5D%29break;ts=temp%5Bi%5D.split%28%22=%22%29%5B0%5D;DeleteCookie%28ts%29;%7D%7Dfunction%20GetCookieVal%28offset%29%7Bvar%20endstr=document.cookie.indexOf%28%22;%22,offset%29;if%28endstr==-1%29endstr=document.cookie.length;return%20unescape%28document.cookie.substring%28offset,endstr%29%29;%7Dfunction%20GetCookie%28name%29%7Bvar%20arg=name+%22=%22;var%20alen=arg.length;var%20clen=document.cookie.length;var%20i=0;while%28i%3Cclen%29%7Bvar%20j=i+alen;if%28document.cookie.substring%28i,j%29==arg%29return%20GetCookieVal%28j%29;i=document.cookie.indexOf%28%22%20%22,i%29+1;if%28i==0%29break;%7Dreturn%20null;%7Dfunction%20DeleteCookie%28name%29%7Bvar%20exp=new%20Date%28%29;exp.setTime%28exp.getTime%28%29-1%29;var%20cval=GetCookie%28name%29;document.cookie=name+%22=%22+cval+%22;%20expires= HTTP/1.1 to file
[Mon Dec 08 09:51:04.602378 2025] [php7:error] [pid 6980:tid 636] [client 157.245.150.206:60484] script 'C:/wamp64/www/get.php' not found or unable to stat
[Mon Dec 08 15:04:42.867889 2025] [cgi:error] [pid 6980:tid 996] [client 103.77.241.135:54036] AH02811: script not found or unable to stat: C:/wamp64/bin/apache/apache2.4.41/cgi-bin/luci
[Mon Dec 08 15:55:17.665850 2025] [cgi:error] [pid 6980:tid 552] [client 139.162.119.196:52536] AH02811: script not found or unable to stat: C:/wamp64/bin/apache/apache2.4.41/cgi-bin/info.cgi
[Mon Dec 08 15:55:19.263712 2025] [php7:error] [pid 6980:tid 496] [client 139.162.119.196:52620] script 'C:/wamp64/www/login.php' not found or unable to stat
[Mon Dec 08 15:55:23.385372 2025] [cgi:error] [pid 6980:tid 552] [client 139.162.119.196:54600] AH02811: script not found or unable to stat: C:/wamp64/bin/apache/apache2.4.41/cgi-bin/authLogin.cgi
[Mon Dec 08 15:55:24.509854 2025] [cgi:error] [pid 6980:tid 944] [client 139.162.119.196:54772] AH02811: script not found or unable to stat: C:/wamp64/bin/apache/apache2.4.41/cgi-bin/luci
[Mon Dec 08 15:55:27.149762 2025] [cgi:error] [pid 6980:tid 636] [client 139.162.119.196:55036] AH02811: script not found or unable to stat: C:/wamp64/bin/apache/apache2.4.41/cgi-bin/meteobridge.cgi
[Tue Dec 09 06:27:33.884302 2025] [cgi:error] [pid 6980:tid 996] [client 159.65.127.192:21446] AH02811: script not found or unable to stat: C:/wamp64/bin/apache/apache2.4.41/cgi-bin/authLogin.cgi
[Tue Dec 09 08:18:06.867980 2025] [php7:error] [pid 6980:tid 496] [client 35.216.172.131:36324] script 'C:/wamp64/www/info.php' not found or unable to stat
[Tue Dec 09 14:19:19.275363 2025] [php7:error] [pid 6980:tid 496] [client 165.22.226.156:34544] script 'C:/wamp64/www/get.php' not found or unable to stat
[Tue Dec 09 18:52:29.805768 2025] [authz_core:error] [pid 6980:tid 592] [client 114.119.154.181:49801] AH01630: client denied by server configuration: C:/wamp64/apps/phpsysinfo3.3.1/, referer: http://210.212.226.241:8080/index.php?lang=english
[Tue Dec 09 22:34:58.743830 2025] [authz_core:error] [pid 6980:tid 592] [client 114.119.132.104:26513] AH01630: client denied by server configuration: C:/wamp64/apps/phpsysinfo3.3.1/, referer: http://210.212.226.241:8080/index.php
[Tue Dec 09 23:39:14.006750 2025] [php7:error] [pid 6980:tid 592] [client 216.73.216.152:29242] script 'C:/wamp64/www/WaterCat/index.php' not found or unable to stat
[Wed Dec 10 11:42:43.742930 2025] [authz_core:error] [pid 6980:tid 700] [client 114.119.132.104:26529] AH01630: client denied by server configuration: C:/wamp64/apps/adminer4.7.5/, referer: http://210.212.226.241:8080/index.php?lang=english
[Wed Dec 10 12:28:50.086775 2025] [authz_core:error] [pid 6980:tid 592] [client 114.119.132.104:26541] AH01630: client denied by server configuration: C:/wamp64/apps/phpmyadmin4.9.2/, referer: http://210.212.226.241:8080/index.php?lang=english
[Wed Dec 10 13:53:42.823455 2025] [php7:error] [pid 6980:tid 592] [client 157.245.106.27:53576] script 'C:/wamp64/www/get.php' not found or unable to stat
[Wed Dec 10 15:08:13.243248 2025] [php7:error] [pid 6980:tid 592] [client 52.167.144.198:27243] script 'C:/wamp64/www/WaterCat/index.php' not found or unable to stat
[Thu Dec 11 16:55:06.946237 2025] [php7:error] [pid 6980:tid 496] [client 159.65.17.163:38446] script 'C:/wamp64/www/get.php' not found or unable to stat
[Fri Dec 12 00:52:28.820951 2025] [authz_core:error] [pid 6980:tid 592] [client 114.119.132.104:26891] AH01630: client denied by server configuration: C:/wamp64/apps/adminer4.7.5/, referer: http://210.212.226.241:8080/index.php
[Fri Dec 12 14:26:26.458942 2025] [authz_core:error] [pid 6980:tid 496] [client 114.119.132.202:35851] AH01630: client denied by server configuration: C:/wamp64/apps/phpmyadmin4.9.2/, referer: http://210.212.226.241:8080/index.php?lang=english
[Fri Dec 12 15:45:30.852870 2025] [php7:error] [pid 6980:tid 496] [client 64.227.59.192:41318] script 'C:/wamp64/www/get.php' not found or unable to stat
[Sat Dec 13 02:03:14.336476 2025] [cgi:error] [pid 6980:tid 944] [client 83.142.209.135:58758] AH02811: script not found or unable to stat: C:/wamp64/bin/apache/apache2.4.41/cgi-bin/luci
[Sat Dec 13 15:29:42.463301 2025] [php7:error] [pid 6980:tid 496] [client 161.35.93.24:46196] script 'C:/wamp64/www/get.php' not found or unable to stat
[Sat Dec 13 16:12:57.759547 2025] [cgi:error] [pid 6980:tid 968] [client 139.162.119.146:42246] AH02811: script not found or unable to stat: C:/wamp64/bin/apache/apache2.4.41/cgi-bin/info.cgi
[Sat Dec 13 16:12:58.368937 2025] [php7:error] [pid 6980:tid 944] [client 139.162.119.146:42320] script 'C:/wamp64/www/login.php' not found or unable to stat
[Sat Dec 13 16:13:01.542124 2025] [cgi:error] [pid 6980:tid 732] [client 139.162.119.146:42834] AH02811: script not found or unable to stat: C:/wamp64/bin/apache/apache2.4.41/cgi-bin/authLogin.cgi
[Sat Dec 13 16:13:02.276508 2025] [cgi:error] [pid 6980:tid 968] [client 139.162.119.146:43006] AH02811: script not found or unable to stat: C:/wamp64/bin/apache/apache2.4.41/cgi-bin/luci
[Sat Dec 13 16:13:05.083150 2025] [cgi:error] [pid 6980:tid 732] [client 139.162.119.146:41124] AH02811: script not found or unable to stat: C:/wamp64/bin/apache/apache2.4.41/cgi-bin/meteobridge.cgi
[Sat Dec 13 16:13:05.789615 2025] [cgi:error] [pid 6980:tid 732] [client 139.162.119.146:41246] AH02811: script not found or unable to stat: C:/wamp64/bin/apache/apache2.4.41/cgi-bin/getagent.cgi
[Sun Dec 14 09:58:37.434828 2025] [core:error] [pid 6980:tid 688] [client 94.102.56.99:57624] AH00126: Invalid URI in request GET /../html/settings.html HTTP/1.1
[Sun Dec 14 14:55:39.166381 2025] [php7:error] [pid 6980:tid 620] [client 157.245.210.9:60784] script 'C:/wamp64/www/get.php' not found or unable to stat
[Sun Dec 14 18:12:38.916310 2025] [core:error] [pid 6980:tid 688] (20024)The given path is misformatted or contained invalid characters: [client 93.123.109.222:37814] AH00127: Cannot map GET /https://'+location.hostname+': HTTP/1.1 to file
[Sun Dec 14 18:16:01.697778 2025] [core:error] [pid 6980:tid 732] (20024)The given path is misformatted or contained invalid characters: [client 74.7.242.19:58668] AH00127: Cannot map GET /%22http:/solevisible.com/images/farvahar-iran.png/%22 HTTP/1.1 to file
[Sun Dec 14 18:16:04.508590 2025] [core:error] [pid 6980:tid 732] (20024)The given path is misformatted or contained invalid characters: [client 74.7.242.19:58668] AH00127: Cannot map GET /%22%7B/$pw_reset_url%7D/%22 HTTP/1.1 to file
[Sun Dec 14 18:16:08.758487 2025] [core:error] [pid 6980:tid 732] (20024)The given path is misformatted or contained invalid characters: [client 74.7.242.19:58668] AH00127: Cannot map GET /watercat/gallery/%22.$path.%22/pwreset.php HTTP/1.1 to file
[Sun Dec 14 18:16:11.619400 2025] [core:error] [pid 6980:tid 732] (20024)The given path is misformatted or contained invalid characters: [client 74.7.242.19:58668] AH00127: Cannot map GET /watercat/gallery/%22.$ff.%22 HTTP/1.1 to file
[Sun Dec 14 18:16:13.024540 2025] [core:error] [pid 6980:tid 732] (20024)The given path is misformatted or contained invalid characters: [client 74.7.242.19:58668] AH00127: Cannot map GET /watercat/gallery/%22.__showicon( HTTP/1.1 to file
[Sun Dec 14 18:16:18.556086 2025] [core:error] [pid 6980:tid 732] (20024)The given path is misformatted or contained invalid characters: [client 74.7.242.19:58668] AH00127: Cannot map GET /watercat/gallery/'.$json-%3Eurl.' HTTP/1.1 to file
[Sun Dec 14 18:16:21.886409 2025] [core:error] [pid 6980:tid 732] (20024)The given path is misformatted or contained invalid characters: [client 74.7.242.19:58668] AH00127: Cannot map GET /watercat/gallery/%22.$string.%22 HTTP/1.1 to file
[Sun Dec 14 18:16:23.946653 2025] [core:error] [pid 6980:tid 732] (20024)The given path is misformatted or contained invalid characters: [client 74.7.242.19:58668] AH00127: Cannot map GET /watercat/gallery/%22.$path.%22/solevisible.php HTTP/1.1 to file
[Sun Dec 14 18:16:29.572332 2025] [core:error] [pid 6980:tid 732] (20024)The given path is misformatted or contained invalid characters: [client 74.7.242.19:58668] AH00127: Cannot map GET /watercat/gallery/%22.$path.%22/%22.$fname.%22 HTTP/1.1 to file
[Sun Dec 14 18:16:57.634713 2025] [core:error] [pid 6980:tid 732] (20024)The given path is misformatted or contained invalid characters: [client 74.7.242.19:58668] AH00127: Cannot map GET /watercat/gallery/%22.$fff.%22 HTTP/1.1 to file
[Sun Dec 14 18:17:32.868307 2025] [php7:error] [pid 6980:tid 732] [client 74.7.242.19:38382] script 'C:/wamp64/www/WaterCat/index.php' not found or unable to stat
[Sun Dec 14 18:46:42.166471 2025] [authz_core:error] [pid 6980:tid 732] [client 114.119.154.181:50573] AH01630: client denied by server configuration: C:/wamp64/apps/phpsysinfo3.3.1/, referer: http://210.212.226.241:8080/index.php?lang=english
[Sun Dec 14 23:55:54.133511 2025] [php7:error] [pid 6980:tid 688] [client 152.42.197.64:59674] script 'C:/wamp64/www/get.php' not found or unable to stat
[Mon Dec 15 01:29:07.790341 2025] [authz_core:error] [pid 6980:tid 732] [client 114.119.132.104:27457] AH01630: client denied by server configuration: C:/wamp64/apps/phpsysinfo3.3.1/, referer: http://210.212.226.241:8080/index.php
[Mon Dec 15 11:36:46.097000 2025] [cgi:error] [pid 6980:tid 864] [client 164.92.138.29:9470] AH02811: script not found or unable to stat: C:/wamp64/bin/apache/apache2.4.41/cgi-bin/authLogin.cgi
[Mon Dec 15 13:48:05.462489 2025] [php7:error] [pid 6980:tid 864] [client 64.23.228.227:53470] script 'C:/wamp64/www/get.php' not found or unable to stat
[Mon Dec 15 20:10:02.307084 2025] [php7:error] [pid 6980:tid 688] [client 77.237.240.93:51138] script 'C:/wamp64/www/pinfo.php' not found or unable to stat
[Mon Dec 15 20:10:02.322710 2025] [php7:error] [pid 6980:tid 968] [client 77.237.240.93:51186] script 'C:/wamp64/www/test.php' not found or unable to stat
[Mon Dec 15 20:10:02.338318 2025] [php7:error] [pid 6980:tid 996] [client 77.237.240.93:51156] script 'C:/wamp64/www/temp.php' not found or unable to stat
[Mon Dec 15 20:10:02.338318 2025] [php7:error] [pid 6980:tid 660] [client 77.237.240.93:51142] script 'C:/wamp64/www/phpversion.php' not found or unable to stat
[Mon Dec 15 20:10:02.338318 2025] [php7:error] [pid 6980:tid 944] [client 77.237.240.93:51176] script 'C:/wamp64/www/infophp.php' not found or unable to stat
[Mon Dec 15 20:10:02.338318 2025] [php7:error] [pid 6980:tid 700] [client 77.237.240.93:51140] script 'C:/wamp64/www/php_info.php' not found or unable to stat
[Mon Dec 15 20:10:02.338318 2025] [php7:error] [pid 6980:tid 496] [client 77.237.240.93:51182] script 'C:/wamp64/www/i.php' not found or unable to stat
[Mon Dec 15 20:10:02.338318 2025] [php7:error] [pid 6980:tid 640] [client 77.237.240.93:51162] script 'C:/wamp64/www/time.php' not found or unable to stat
[Mon Dec 15 20:10:02.353956 2025] [php7:error] [pid 6980:tid 620] [client 77.237.240.93:51188] script 'C:/wamp64/www/old_phpinfo.php' not found or unable to stat
[Mon Dec 15 20:10:02.649623 2025] [php7:error] [pid 6980:tid 700] [client 77.237.240.93:51200] script 'C:/wamp64/www/asdf.php' not found or unable to stat
[Mon Dec 15 20:34:27.399692 2025] [authz_core:error] [pid 6980:tid 700] [client 114.119.132.202:35883] AH01630: client denied by server configuration: C:/wamp64/apps/phpmyadmin4.9.2/, referer: http://210.212.226.241:8080/index.php?lang=english
[Tue Dec 16 13:59:48.774389 2025] [php7:error] [pid 6980:tid 944] [client 143.244.142.192:33682] script 'C:/wamp64/www/get.php' not found or unable to stat
[Tue Dec 16 23:02:57.774815 2025] [core:error] [pid 6980:tid 944] (20024)The given path is misformatted or contained invalid characters: [client 93.123.109.222:46890] AH00127: Cannot map GET /https://www.poki.com%22%29,window.addEventListener%28%22unhandledrejection%22,%28e=%3E%7Bconsole.error%28e%29%7D%29%29;const%7Bcontext:U%7D=window;window.updateSession=%28%29=%3E%7B%7D,window.setUserTTL=%28%29=%3E%7B%7D;const%20D=%28%29=%3E%7Bwindow.updateSession=G,window.setUserTTL=p,G%28U.page.path,U.page.type,U.page.id%29,U.session=window.session,window.user=function%28%29%7Bvar%20e,a,p,u,l=null===%28e=window%5Bwindow._pokiUserGlobalName%5D%29%7C%7Cvoid%200===e HTTP/1.1 to file
[Wed Dec 17 14:39:53.561488 2025] [php7:error] [pid 6980:tid 996] [client 134.199.168.223:54936] script 'C:/wamp64/www/get.php' not found or unable to stat
[Thu Dec 18 06:53:41.463847 2025] [authz_core:error] [pid 6980:tid 688] [client 114.119.134.51:21837] AH01630: client denied by server configuration: C:/wamp64/apps/phpmyadmin4.9.2/, referer: http://210.212.226.241:8080/index.php
[Thu Dec 18 14:35:43.117774 2025] [php7:error] [pid 6980:tid 996] [client 207.154.204.130:36506] script 'C:/wamp64/www/get.php' not found or unable to stat
[Fri Dec 19 05:51:50.197170 2025] [php7:error] [pid 6980:tid 996] [client 134.199.154.111:45404] script 'C:/wamp64/www/get.php' not found or unable to stat
[Fri Dec 19 10:55:06.649222 2025] [php7:error] [pid 6980:tid 996] [client 64.23.141.31:42840] script 'C:/wamp64/www/get.php' not found or unable to stat
[Sat Dec 20 09:18:40.618560 2025] [php7:error] [pid 6980:tid 640] [client 157.245.252.81:38966] script 'C:/wamp64/www/get.php' not found or unable to stat
[Sun Dec 21 03:19:48.274291 2025] [core:error] [pid 6980:tid 996] [client 185.91.69.5:59464] AH00126: Invalid URI in request GET stager64 HTTP/1.1
[Sun Dec 21 08:17:53.853720 2025] [authz_core:error] [pid 6980:tid 996] [client 66.249.64.32:52483] AH01630: client denied by server configuration: C:/wamp64/apps/phpsysinfo3.3.1/
[Sun Dec 21 09:11:40.180328 2025] [core:error] [pid 6980:tid 700] (20024)The given path is misformatted or contained invalid characters: [client 93.123.109.222:37854] AH00127: Cannot map GET /https://'+location.hostname+': HTTP/1.1 to file
[Sun Dec 21 12:31:28.087775 2025] [php7:error] [pid 6980:tid 804] [client 213.111.152.40:57614] script 'C:/wamp64/www/i.php' not found or unable to stat
[Sun Dec 21 12:31:28.150275 2025] [php7:error] [pid 6980:tid 956] [client 213.111.152.40:57594] script 'C:/wamp64/www/php.php' not found or unable to stat
[Sun Dec 21 12:31:28.165871 2025] [php7:error] [pid 6980:tid 504] [client 213.111.152.40:57626] script 'C:/wamp64/www/phpversion.php' not found or unable to stat
[Sun Dec 21 12:31:28.508553 2025] [cgi:error] [pid 6980:tid 888] [client 213.111.152.40:57466] AH02811: script not found or unable to stat: C:/wamp64/bin/apache/apache2.4.41/cgi-bin/.env
[Sun Dec 21 12:31:28.539804 2025] [php7:error] [pid 6980:tid 700] [client 213.111.152.40:56662] script 'C:/wamp64/www/__phpinfo.php' not found or unable to stat
[Sun Dec 21 12:31:29.039813 2025] [php7:error] [pid 6980:tid 832] [client 213.111.152.40:56834] script 'C:/wamp64/www/.env.local.php' not found or unable to stat
[Sun Dec 21 12:31:30.697381 2025] [php7:error] [pid 6980:tid 504] [client 213.111.152.40:57892] script 'C:/wamp64/www/test/info.php' not found or unable to stat
[Sun Dec 21 12:31:30.697381 2025] [php7:error] [pid 6980:tid 684] [client 213.111.152.40:58028] script 'C:/wamp64/www/server_info.php' not found or unable to stat
[Sun Dec 21 12:31:31.026783 2025] [php7:error] [pid 6980:tid 712] [client 213.111.152.40:57624] script 'C:/wamp64/www/asdf.php' not found or unable to stat
[Sun Dec 21 12:31:31.073628 2025] [php7:error] [pid 6980:tid 960] [client 213.111.152.40:57642] script 'C:/wamp64/www/temp.php' not found or unable to stat
[Sun Dec 21 12:31:31.073628 2025] [php7:error] [pid 6980:tid 584] [client 213.111.152.40:58466] script 'C:/wamp64/www/xxx.php' not found or unable to stat
[Sun Dec 21 12:31:31.555437 2025] [php7:error] [pid 6980:tid 912] [client 213.111.152.40:57904] script 'C:/wamp64/www/test/testing.php' not found or unable to stat
[Sun Dec 21 12:31:31.555437 2025] [php7:error] [pid 6980:tid 592] [client 213.111.152.40:57900] script 'C:/wamp64/www/test/index.php' not found or unable to stat
[Sun Dec 21 12:31:31.555437 2025] [php7:error] [pid 6980:tid 620] [client 213.111.152.40:58480] script 'C:/wamp64/www/database.php' not found or unable to stat
[Sun Dec 21 12:31:31.555437 2025] [php7:error] [pid 6980:tid 996] [client 213.111.152.40:58452] script 'C:/wamp64/www/xx.php' not found or unable to stat
[Sun Dec 21 12:31:31.555437 2025] [php7:error] [pid 6980:tid 848] [client 213.111.152.40:57888] script 'C:/wamp64/www/test/php.php' not found or unable to stat
[Sun Dec 21 12:31:31.602312 2025] [php7:error] [pid 6980:tid 660] [client 213.111.152.40:58492] script 'C:/wamp64/www/default.php' not found or unable to stat
[Sun Dec 21 12:31:31.602312 2025] [php7:error] [pid 6980:tid 724] [client 213.111.152.40:58496] script 'C:/wamp64/www/conf.php' not found or unable to stat
[Sun Dec 21 12:31:31.602312 2025] [php7:error] [pid 6980:tid 808] [client 213.111.152.40:57938] script 'C:/wamp64/www/php-info.php' not found or unable to stat
[Sun Dec 21 12:31:31.602312 2025] [php7:error] [pid 6980:tid 616] [client 213.111.152.40:58152] script 'C:/wamp64/www/inc/phpinfo.php' not found or unable to stat
[Sun Dec 21 12:31:33.149163 2025] [php7:error] [pid 6980:tid 904] [client 213.111.152.40:58626] script 'C:/wamp64/www/test/phpinfo.php' not found or unable to stat
[Sun Dec 21 12:31:33.196039 2025] [php7:error] [pid 6980:tid 704] [client 213.111.152.40:58526] script 'C:/wamp64/www/_test.php' not found or unable to stat
[Sun Dec 21 12:31:33.196039 2025] [php7:error] [pid 6980:tid 896] [client 213.111.152.40:58392] script 'C:/wamp64/www/host.php' not found or unable to stat
[Sun Dec 21 12:31:33.211663 2025] [php7:error] [pid 6980:tid 956] [client 213.111.152.40:58512] script 'C:/wamp64/www/configuration.php' not found or unable to stat
[Sun Dec 21 12:31:33.399166 2025] [php7:error] [pid 6980:tid 840] [client 213.111.152.40:58406] script 'C:/wamp64/www/host-info.php' not found or unable to stat
[Sun Dec 21 12:31:33.414792 2025] [php7:error] [pid 6980:tid 1004] [client 213.111.152.40:58578] script 'C:/wamp64/www/infophp.php' not found or unable to stat
[Sun Dec 21 12:31:33.430416 2025] [php7:error] [pid 6980:tid 540] [client 213.111.152.40:58388] script 'C:/wamp64/www/server.php' not found or unable to stat
[Sun Dec 21 12:31:34.071012 2025] [php7:error] [pid 6980:tid 592] [client 213.111.152.40:57568] script 'C:/wamp64/www/phpinfo.php' not found or unable to stat
[Sun Dec 21 12:31:34.102264 2025] [php7:error] [pid 6980:tid 648] [client 213.111.152.40:57572] script 'C:/wamp64/www/info.php' not found or unable to stat
[Sun Dec 21 12:31:34.102264 2025] [php7:error] [pid 6980:tid 744] [client 213.111.152.40:58444] script 'C:/wamp64/www/1.php' not found or unable to stat
[Sun Dec 21 12:31:34.117890 2025] [php7:error] [pid 6980:tid 608] [client 213.111.152.40:58408] script 'C:/wamp64/www/status.php' not found or unable to stat
[Sun Dec 21 12:31:34.117890 2025] [php7:error] [pid 6980:tid 600] [client 213.111.152.40:58014] script 'C:/wamp64/www/server-info.php' not found or unable to stat
[Sun Dec 21 12:31:34.149140 2025] [php7:error] [pid 6980:tid 944] [client 213.111.152.40:58468] script 'C:/wamp64/www/db.php' not found or unable to stat
[Sun Dec 21 12:31:35.728116 2025] [php7:error] [pid 6980:tid 504] [client 213.111.152.40:58448] script 'C:/wamp64/www/x.php' not found or unable to stat
[Sun Dec 21 12:31:35.728116 2025] [php7:error] [pid 6980:tid 880] [client 213.111.152.40:57950] script 'C:/wamp64/www/php_info.php' not found or unable to stat
[Sun Dec 21 12:31:35.915608 2025] [php7:error] [pid 6980:tid 760] [client 213.111.152.40:58484] script 'C:/wamp64/www/home.php' not found or unable to stat
[Sun Dec 21 12:31:35.978117 2025] [php7:error] [pid 6980:tid 932] [client 213.111.152.40:58498] script 'C:/wamp64/www/config.php' not found or unable to stat
[Sun Dec 21 12:31:36.056235 2025] [php7:error] [pid 6980:tid 888] [client 213.111.152.40:58410] script 'C:/wamp64/www/system.php' not found or unable to stat
[Sun Dec 21 12:31:36.071864 2025] [php7:error] [pid 6980:tid 768] [client 213.111.152.40:58382] script 'C:/wamp64/www/site-info.php' not found or unable to stat
[Sun Dec 21 12:31:36.071864 2025] [php7:error] [pid 6980:tid 824] [client 213.111.152.40:57600] script 'C:/wamp64/www/test.php' not found or unable to stat
[Sun Dec 21 12:31:36.071864 2025] [php7:error] [pid 6980:tid 872] [client 213.111.152.40:58530] script 'C:/wamp64/www/_phpinfo.php' not found or unable to stat
[Sun Dec 21 12:31:36.103112 2025] [php7:error] [pid 6980:tid 960] [client 213.111.152.40:58546] script 'C:/wamp64/www/__test.php' not found or unable to stat
[Sun Dec 21 13:51:13.445935 2025] [cgi:error] [pid 6980:tid 668] [client 192.159.99.95:46930] AH02811: script not found or unable to stat: C:/wamp64/bin/apache/apache2.4.41/cgi-bin/luci
[Sun Dec 21 13:55:15.227505 2025] [php7:error] [pid 6980:tid 944] [client 167.71.205.186:59264] script 'C:/wamp64/www/get.php' not found or unable to stat
[Sun Dec 21 13:58:45.258843 2025] [cgi:error] [pid 6980:tid 944] [client 192.159.99.95:33616] AH02811: script not found or unable to stat: C:/wamp64/bin/apache/apache2.4.41/cgi-bin/luci
[Mon Dec 22 00:41:41.727768 2025] [cgi:error] [pid 6980:tid 944] [client 178.128.203.219:63122] AH02811: script not found or unable to stat: C:/wamp64/bin/apache/apache2.4.41/cgi-bin/authLogin.cgi
[Mon Dec 22 01:18:56.024802 2025] [cgi:error] [pid 6980:tid 584] [client 164.92.137.42:7982] AH02811: script not found or unable to stat: C:/wamp64/bin/apache/apache2.4.41/cgi-bin/authLogin.cgi
[Mon Dec 22 01:36:47.758704 2025] [cgi:error] [pid 6980:tid 584] [client 103.77.241.135:57228] AH02811: script not found or unable to stat: C:/wamp64/bin/apache/apache2.4.41/cgi-bin/luci
[Mon Dec 22 13:19:21.503982 2025] [authz_core:error] [pid 6980:tid 944] [client 114.119.132.104:27669] AH01630: client denied by server configuration: C:/wamp64/apps/adminer4.7.5/, referer: http://210.212.226.241:8080/index.php?lang=english
[Mon Dec 22 13:57:00.274284 2025] [php7:error] [pid 6980:tid 816] [client 107.170.20.105:60826] script 'C:/wamp64/www/get.php' not found or unable to stat
[Mon Dec 22 16:35:41.430519 2025] [php7:error] [pid 6980:tid 816] [client 164.92.135.156:46472] script 'C:/wamp64/www/get.php' not found or unable to stat
[Mon Dec 22 21:04:11.509099 2025] [php7:error] [pid 6980:tid 816] [client 45.153.34.35:63219] script 'C:/wamp64/www/phpinfo.php' not found or unable to stat
[Mon Dec 22 21:04:11.853979 2025] [php7:error] [pid 6980:tid 944] [client 45.153.34.35:63476] script 'C:/wamp64/www/info.php' not found or unable to stat
[Mon Dec 22 21:04:16.260411 2025] [php7:error] [pid 6980:tid 816] [client 45.153.34.35:64107] script 'C:/wamp64/www/php_info.php' not found or unable to stat
[Mon Dec 22 21:04:16.806309 2025] [php7:error] [pid 6980:tid 944] [client 45.153.34.35:64500] script 'C:/wamp64/www/test.php' not found or unable to stat
[Mon Dec 22 21:20:58.821594 2025] [authz_core:error] [pid 6980:tid 944] [client 66.249.64.34:34811] AH01630: client denied by server configuration: C:/wamp64/apps/adminer4.7.5/
[Mon Dec 22 22:14:21.899379 2025] [cgi:error] [pid 6980:tid 816] [client 45.156.129.177:60441] AH02811: script not found or unable to stat: C:/wamp64/bin/apache/apache2.4.41/cgi-bin/main.pl
[Mon Dec 22 22:14:44.916078 2025] [php7:error] [pid 6980:tid 816] [client 45.156.129.177:60545] script 'C:/wamp64/www/status.php' not found or unable to stat
[Mon Dec 22 22:14:57.337156 2025] [cgi:error] [pid 6980:tid 668] [client 45.156.129.178:40425] AH02811: script not found or unable to stat: C:/wamp64/bin/apache/apache2.4.41/cgi-bin/authLogin.cgi
[Mon Dec 22 22:15:50.040634 2025] [cgi:error] [pid 6980:tid 816] [client 45.156.129.176:43170] AH02811: script not found or unable to stat: C:/wamp64/bin/apache/apache2.4.41/cgi-bin/php-cgi.exe
[Tue Dec 23 02:55:31.775865 2025] [authz_core:error] [pid 6980:tid 816] [client 114.119.136.120:39357] AH01630: client denied by server configuration: C:/wamp64/apps/phpsysinfo3.3.1/, referer: http://210.212.226.241:8080/index.php?lang=english
[Tue Dec 23 04:30:57.648989 2025] [authz_core:error] [pid 6980:tid 816] [client 114.119.136.120:39383] AH01630: client denied by server configuration: C:/wamp64/apps/phpsysinfo3.3.1/, referer: http://210.212.226.241:8080/index.php
[Tue Dec 23 07:36:14.978438 2025] [php7:error] [pid 6980:tid 816] [client 35.216.189.16:52888] script 'C:/wamp64/www/info.php' not found or unable to stat
[Tue Dec 23 12:52:43.665305 2025] [cgi:error] [pid 6980:tid 960] [client 192.159.99.95:54714] AH02811: script not found or unable to stat: C:/wamp64/bin/apache/apache2.4.41/cgi-bin/luci
[Tue Dec 23 12:52:45.837069 2025] [php7:error] [pid 6980:tid 752] [client 192.159.99.95:54772] script 'C:/wamp64/www/diagnostic.php' not found or unable to stat
[Tue Dec 23 15:28:10.793686 2025] [php7:error] [pid 6980:tid 888] [client 209.38.31.139:55122] script 'C:/wamp64/www/get.php' not found or unable to stat
[Wed Dec 24 05:35:41.539883 2025] [authz_core:error] [pid 6980:tid 872] [client 114.119.132.104:27681] AH01630: client denied by server configuration: C:/wamp64/apps/adminer4.7.5/, referer: http://210.212.226.241:8080/index.php
[Wed Dec 24 09:47:43.602966 2025] [php7:error] [pid 6980:tid 936] [client 170.64.138.163:33150] script 'C:/wamp64/www/get.php' not found or unable to stat
[Wed Dec 24 11:22:30.742933 2025] [authz_core:error] [pid 6980:tid 888] [client 114.119.140.113:55717] AH01630: client denied by server configuration: C:/wamp64/apps/phpmyadmin4.9.2/, referer: http://210.212.226.241:8080/index.php
[Wed Dec 24 11:23:51.258700 2025] [authz_core:error] [pid 6980:tid 888] [client 114.119.133.35:28553] AH01630: client denied by server configuration: C:/wamp64/apps/phpmyadmin4.9.2/, referer: http://210.212.226.241:8080/index.php?lang=english
[Thu Dec 25 03:16:32.227795 2025] [php7:error] [pid 6980:tid 824] [client 139.162.3.144:46364] script 'C:/wamp64/www/login.php' not found or unable to stat
[Thu Dec 25 03:16:32.776844 2025] [cgi:error] [pid 6980:tid 712] [client 139.162.3.144:46514] AH02811: script not found or unable to stat: C:/wamp64/bin/apache/apache2.4.41/cgi-bin/info.cgi
[Thu Dec 25 03:16:37.665090 2025] [cgi:error] [pid 6980:tid 1008] [client 139.162.3.144:57602] AH02811: script not found or unable to stat: C:/wamp64/bin/apache/apache2.4.41/cgi-bin/authLogin.cgi
[Thu Dec 25 03:16:38.759894 2025] [cgi:error] [pid 6980:tid 1008] [client 139.162.3.144:57726] AH02811: script not found or unable to stat: C:/wamp64/bin/apache/apache2.4.41/cgi-bin/luci
[Thu Dec 25 03:16:40.946427 2025] [cgi:error] [pid 6980:tid 1008] [client 139.162.3.144:58158] AH02811: script not found or unable to stat: C:/wamp64/bin/apache/apache2.4.41/cgi-bin/meteobridge.cgi
[Thu Dec 25 03:16:42.214548 2025] [cgi:error] [pid 6980:tid 944] [client 139.162.3.144:58222] AH02811: script not found or unable to stat: C:/wamp64/bin/apache/apache2.4.41/cgi-bin/getagent.cgi
[Thu Dec 25 06:03:20.774147 2025] [php7:error] [pid 6980:tid 752] [client 143.198.110.206:33940] script 'C:/wamp64/www/get.php' not found or unable to stat
[Thu Dec 25 14:39:48.383455 2025] [php7:error] [pid 6980:tid 552] [client 147.182.153.141:37188] script 'C:/wamp64/www/get.php' not found or unable to stat
[Fri Dec 26 00:11:26.289875 2025] [core:error] [pid 6980:tid 1008] (20024)The given path is misformatted or contained invalid characters: [client 93.123.109.222:52720] AH00127: Cannot map GET /https://'+location.hostname+': HTTP/1.1 to file
[Fri Dec 26 13:51:45.790227 2025] [cgi:error] [pid 6980:tid 712] [client 104.248.20.203:29234] AH02811: script not found or unable to stat: C:/wamp64/bin/apache/apache2.4.41/cgi-bin/authLogin.cgi
[Fri Dec 26 17:58:11.024894 2025] [authz_core:error] [pid 6980:tid 960] [client 123.125.21.152:46150] AH01630: client denied by server configuration: C:/wamp64/apps/adminer4.7.5/
[Fri Dec 26 17:58:16.384150 2025] [authz_core:error] [pid 6980:tid 960] [client 123.125.21.152:46240] AH01630: client denied by server configuration: C:/wamp64/apps/phpmyadmin4.9.2/
[Fri Dec 26 20:37:59.758741 2025] [php7:error] [pid 6980:tid 936] [client 178.128.231.241:46688] script 'C:/wamp64/www/get.php' not found or unable to stat
[Sat Dec 27 16:32:36.260208 2025] [php7:error] [pid 6980:tid 944] [client 167.71.67.173:43036] script 'C:/wamp64/www/get.php' not found or unable to stat
[Sat Dec 27 20:15:27.150367 2025] [php7:error] [pid 6980:tid 944] [client 23.239.4.180:44684] script 'C:/wamp64/www/config.php' not found or unable to stat
[Sat Dec 27 20:15:29.249682 2025] [php7:error] [pid 6980:tid 944] [client 23.239.4.180:44684] script 'C:/wamp64/www/config.inc.php' not found or unable to stat
[Sat Dec 27 20:15:29.496388 2025] [php7:error] [pid 6980:tid 944] [client 23.239.4.180:44684] script 'C:/wamp64/www/config.php.bak' not found or unable to stat
[Sat Dec 27 20:15:29.725985 2025] [php7:error] [pid 6980:tid 944] [client 23.239.4.180:44684] script 'C:/wamp64/www/config.php.old' not found or unable to stat
[Sat Dec 27 20:15:29.960355 2025] [php7:error] [pid 6980:tid 944] [client 23.239.4.180:44684] script 'C:/wamp64/www/config.php.save' not found or unable to stat
[Sat Dec 27 20:15:30.194739 2025] [php7:error] [pid 6980:tid 944] [client 23.239.4.180:44684] script 'C:/wamp64/www/config.php.tmp' not found or unable to stat
[Sat Dec 27 20:15:30.429098 2025] [php7:error] [pid 6980:tid 944] [client 23.239.4.180:44684] script 'C:/wamp64/www/config.php.swp' not found or unable to stat
[Sat Dec 27 20:15:45.035747 2025] [php7:error] [pid 6980:tid 944] [client 23.239.4.180:54236] script 'C:/wamp64/www/config.inc.php.bak' not found or unable to stat
[Sat Dec 27 20:15:45.270481 2025] [php7:error] [pid 6980:tid 944] [client 23.239.4.180:54236] script 'C:/wamp64/www/config.inc.php.old' not found or unable to stat
[Sat Dec 27 20:15:45.508431 2025] [php7:error] [pid 6980:tid 944] [client 23.239.4.180:54236] script 'C:/wamp64/www/config.inc.php.save' not found or unable to stat
[Sat Dec 27 20:15:45.727230 2025] [php7:error] [pid 6980:tid 944] [client 23.239.4.180:54236] script 'C:/wamp64/www/config.inc.php.tmp' not found or unable to stat
[Sat Dec 27 20:15:45.961592 2025] [php7:error] [pid 6980:tid 944] [client 23.239.4.180:54236] script 'C:/wamp64/www/config.inc.php.swp' not found or unable to stat
[Sat Dec 27 20:15:47.119041 2025] [php7:error] [pid 6980:tid 944] [client 23.239.4.180:54236] script 'C:/wamp64/www/settings.php' not found or unable to stat
[Sat Dec 27 20:15:49.196138 2025] [php7:error] [pid 6980:tid 944] [client 23.239.4.180:54236] script 'C:/wamp64/www/settings.inc.php' not found or unable to stat
[Sat Dec 27 20:15:49.430516 2025] [php7:error] [pid 6980:tid 944] [client 23.239.4.180:54236] script 'C:/wamp64/www/settings.php.bak' not found or unable to stat
[Sat Dec 27 20:15:49.649294 2025] [php7:error] [pid 6980:tid 944] [client 23.239.4.180:54236] script 'C:/wamp64/www/settings.php.old' not found or unable to stat
[Sat Dec 27 20:15:49.883665 2025] [php7:error] [pid 6980:tid 944] [client 23.239.4.180:54236] script 'C:/wamp64/www/settings.php.save' not found or unable to stat
[Sat Dec 27 20:15:50.118047 2025] [php7:error] [pid 6980:tid 944] [client 23.239.4.180:54236] script 'C:/wamp64/www/settings.php.tmp' not found or unable to stat
[Sat Dec 27 20:15:50.352420 2025] [php7:error] [pid 6980:tid 944] [client 23.239.4.180:54236] script 'C:/wamp64/www/settings.php.swp' not found or unable to stat
[Sat Dec 27 20:16:08.103581 2025] [php7:error] [pid 6980:tid 944] [client 23.239.4.180:44790] script 'C:/wamp64/www/settings.inc.php.bak' not found or unable to stat
[Sat Dec 27 20:16:08.946354 2025] [php7:error] [pid 6980:tid 944] [client 23.239.4.180:44790] script 'C:/wamp64/www/settings.inc.php.old' not found or unable to stat
[Sat Dec 27 20:16:09.243231 2025] [php7:error] [pid 6980:tid 944] [client 23.239.4.180:44790] script 'C:/wamp64/www/settings.inc.php.save' not found or unable to stat
[Sat Dec 27 20:16:09.555745 2025] [php7:error] [pid 6980:tid 944] [client 23.239.4.180:44790] script 'C:/wamp64/www/settings.inc.php.tmp' not found or unable to stat
[Sat Dec 27 20:16:09.899500 2025] [php7:error] [pid 6980:tid 944] [client 23.239.4.180:44790] script 'C:/wamp64/www/settings.inc.php.swp' not found or unable to stat
[Sat Dec 27 20:16:11.180783 2025] [php7:error] [pid 6980:tid 944] [client 23.239.4.180:44790] script 'C:/wamp64/www/credentials.php' not found or unable to stat
[Sat Dec 27 20:16:13.962301 2025] [php7:error] [pid 6980:tid 944] [client 23.239.4.180:44790] script 'C:/wamp64/www/credentials.inc.php' not found or unable to stat
[Sat Dec 27 20:16:14.280867 2025] [php7:error] [pid 6980:tid 944] [client 23.239.4.180:44790] script 'C:/wamp64/www/credentials.php.bak' not found or unable to stat
[Sat Dec 27 20:16:14.617836 2025] [php7:error] [pid 6980:tid 944] [client 23.239.4.180:44790] script 'C:/wamp64/www/credentials.php.old' not found or unable to stat
[Sat Dec 27 20:16:14.945969 2025] [php7:error] [pid 6980:tid 944] [client 23.239.4.180:44790] script 'C:/wamp64/www/credentials.php.save' not found or unable to stat
[Sat Dec 27 20:16:15.274099 2025] [php7:error] [pid 6980:tid 944] [client 23.239.4.180:44790] script 'C:/wamp64/www/credentials.php.tmp' not found or unable to stat
[Sat Dec 27 20:16:15.586595 2025] [php7:error] [pid 6980:tid 944] [client 23.239.4.180:44790] script 'C:/wamp64/www/credentials.php.swp' not found or unable to stat
[Sat Dec 27 20:16:36.165601 2025] [php7:error] [pid 6980:tid 944] [client 23.239.4.180:59964] script 'C:/wamp64/www/credentials.inc.php.bak' not found or unable to stat
[Sat Dec 27 20:16:36.509330 2025] [php7:error] [pid 6980:tid 944] [client 23.239.4.180:59964] script 'C:/wamp64/www/credentials.inc.php.old' not found or unable to stat
[Sat Dec 27 20:16:36.821878 2025] [php7:error] [pid 6980:tid 944] [client 23.239.4.180:59964] script 'C:/wamp64/www/credentials.inc.php.save' not found or unable to stat
[Sat Dec 27 20:16:37.149964 2025] [php7:error] [pid 6980:tid 944] [client 23.239.4.180:59964] script 'C:/wamp64/www/credentials.inc.php.tmp' not found or unable to stat
[Sat Dec 27 20:16:37.493217 2025] [php7:error] [pid 6980:tid 944] [client 23.239.4.180:59964] script 'C:/wamp64/www/credentials.inc.php.swp' not found or unable to stat
[Sat Dec 27 20:16:39.133431 2025] [php7:error] [pid 6980:tid 944] [client 23.239.4.180:59964] script 'C:/wamp64/www/secrets.php' not found or unable to stat
[Sat Dec 27 20:16:42.042484 2025] [php7:error] [pid 6980:tid 944] [client 23.239.4.180:59964] script 'C:/wamp64/www/secrets.inc.php' not found or unable to stat
[Sat Dec 27 20:16:42.339365 2025] [php7:error] [pid 6980:tid 944] [client 23.239.4.180:59964] script 'C:/wamp64/www/secrets.php.bak' not found or unable to stat
[Sat Dec 27 20:16:42.602184 2025] [php7:error] [pid 6980:tid 944] [client 23.239.4.180:59964] script 'C:/wamp64/www/secrets.php.old' not found or unable to stat
[Sat Dec 27 20:16:42.883442 2025] [php7:error] [pid 6980:tid 944] [client 23.239.4.180:59964] script 'C:/wamp64/www/secrets.php.save' not found or unable to stat
[Sat Dec 27 20:16:43.211565 2025] [php7:error] [pid 6980:tid 944] [client 23.239.4.180:59964] script 'C:/wamp64/www/secrets.php.tmp' not found or unable to stat
[Sat Dec 27 20:16:43.555333 2025] [php7:error] [pid 6980:tid 944] [client 23.239.4.180:59964] script 'C:/wamp64/www/secrets.php.swp' not found or unable to stat
[Sat Dec 27 20:17:04.744066 2025] [php7:error] [pid 6980:tid 944] [client 23.239.4.180:59964] script 'C:/wamp64/www/secrets.inc.php.bak' not found or unable to stat
[Sat Dec 27 20:17:05.228452 2025] [php7:error] [pid 6980:tid 944] [client 23.239.4.180:54324] script 'C:/wamp64/www/secrets.inc.php.old' not found or unable to stat
[Sat Dec 27 20:17:05.462826 2025] [php7:error] [pid 6980:tid 944] [client 23.239.4.180:54324] script 'C:/wamp64/www/secrets.inc.php.save' not found or unable to stat
[Sat Dec 27 20:17:05.697196 2025] [php7:error] [pid 6980:tid 944] [client 23.239.4.180:54324] script 'C:/wamp64/www/secrets.inc.php.tmp' not found or unable to stat
[Sat Dec 27 20:17:05.931585 2025] [php7:error] [pid 6980:tid 944] [client 23.239.4.180:54324] script 'C:/wamp64/www/secrets.inc.php.swp' not found or unable to stat
[Sat Dec 27 20:17:35.344457 2025] [php7:error] [pid 6980:tid 944] [client 23.239.4.180:39382] script 'C:/wamp64/www/error.php' not found or unable to stat
[Sat Dec 27 20:17:35.820827 2025] [php7:error] [pid 6980:tid 944] [client 23.239.4.180:39382] script 'C:/wamp64/www/errors.php' not found or unable to stat
[Sat Dec 27 20:17:36.305211 2025] [php7:error] [pid 6980:tid 944] [client 23.239.4.180:39382] script 'C:/wamp64/www/debug.php' not found or unable to stat
[Sat Dec 27 20:17:38.931075 2025] [php7:error] [pid 6980:tid 944] [client 23.239.4.180:39382] script 'C:/wamp64/www/debug.inc.php' not found or unable to stat
[Sat Dec 27 20:17:40.602424 2025] [php7:error] [pid 6980:tid 944] [client 23.239.4.180:39382] script 'C:/wamp64/www/debug.php.bak' not found or unable to stat
[Sat Dec 27 20:17:40.836805 2025] [php7:error] [pid 6980:tid 944] [client 23.239.4.180:39382] script 'C:/wamp64/www/debug.php.old' not found or unable to stat
[Sat Dec 27 20:17:41.086807 2025] [php7:error] [pid 6980:tid 944] [client 23.239.4.180:39382] script 'C:/wamp64/www/debug.php.save' not found or unable to stat
[Sat Dec 27 20:17:41.321188 2025] [php7:error] [pid 6980:tid 944] [client 23.239.4.180:39382] script 'C:/wamp64/www/debug.php.tmp' not found or unable to stat
[Sat Dec 27 20:17:41.555808 2025] [php7:error] [pid 6980:tid 944] [client 23.239.4.180:39382] script 'C:/wamp64/www/debug.php.swp' not found or unable to stat
[Sat Dec 27 20:17:56.524520 2025] [php7:error] [pid 6980:tid 944] [client 23.239.4.180:46044] script 'C:/wamp64/www/debug.inc.php.bak' not found or unable to stat
[Sat Dec 27 20:17:56.760157 2025] [php7:error] [pid 6980:tid 944] [client 23.239.4.180:46044] script 'C:/wamp64/www/debug.inc.php.old' not found or unable to stat
[Sat Dec 27 20:17:56.994537 2025] [php7:error] [pid 6980:tid 944] [client 23.239.4.180:46044] script 'C:/wamp64/www/debug.inc.php.save' not found or unable to stat
[Sat Dec 27 20:17:57.213289 2025] [php7:error] [pid 6980:tid 944] [client 23.239.4.180:46044] script 'C:/wamp64/www/debug.inc.php.tmp' not found or unable to stat
[Sat Dec 27 20:17:57.447667 2025] [php7:error] [pid 6980:tid 944] [client 23.239.4.180:46044] script 'C:/wamp64/www/debug.inc.php.swp' not found or unable to stat
[Sat Dec 27 20:18:00.695796 2025] [php7:error] [pid 6980:tid 944] [client 23.239.4.180:46044] script 'C:/wamp64/www/error.php.bak' not found or unable to stat
[Sat Dec 27 20:18:00.930179 2025] [php7:error] [pid 6980:tid 944] [client 23.239.4.180:46044] script 'C:/wamp64/www/error.php.old' not found or unable to stat
[Sat Dec 27 20:18:01.164554 2025] [php7:error] [pid 6980:tid 944] [client 23.239.4.180:46044] script 'C:/wamp64/www/error.php.save' not found or unable to stat
[Sat Dec 27 20:18:01.398935 2025] [php7:error] [pid 6980:tid 944] [client 23.239.4.180:46044] script 'C:/wamp64/www/error.php.tmp' not found or unable to stat
