[Sat Sep 13 04:51:12.431841 2025] [php7:error] [pid 6980:tid 840] [client 45.80.158.199:36066] script 'C:/wamp64/www/test5.php' not found or unable to stat
[Sat Sep 13 04:51:12.700616 2025] [php7:error] [pid 6980:tid 840] [client 45.80.158.199:36066] script 'C:/wamp64/www/test6.php' not found or unable to stat
[Sat Sep 13 04:51:12.981867 2025] [php7:error] [pid 6980:tid 840] [client 45.80.158.199:36066] script 'C:/wamp64/www/test7.php' not found or unable to stat
[Sat Sep 13 04:51:13.263122 2025] [php7:error] [pid 6980:tid 840] [client 45.80.158.199:36066] script 'C:/wamp64/www/test8.php' not found or unable to stat
[Sat Sep 13 04:51:13.533383 2025] [php7:error] [pid 6980:tid 840] [client 45.80.158.199:36066] script 'C:/wamp64/www/test9.php' not found or unable to stat
[Sat Sep 13 04:51:14.642757 2025] [php7:error] [pid 6980:tid 840] [client 45.80.158.199:36066] script 'C:/wamp64/www/test/asdf.php' not found or unable to stat
[Sat Sep 13 04:51:30.150749 2025] [php7:error] [pid 6980:tid 840] [client 45.80.158.199:36066] script 'C:/wamp64/www/tester.php' not found or unable to stat
[Sat Sep 13 04:51:33.304230 2025] [php7:error] [pid 6980:tid 840] [client 45.80.158.199:36066] script 'C:/wamp64/www/test_info1.php' not found or unable to stat
[Sat Sep 13 04:51:33.580963 2025] [php7:error] [pid 6980:tid 840] [client 45.80.158.199:36066] script 'C:/wamp64/www/test_info2.php' not found or unable to stat
[Sat Sep 13 04:51:33.862215 2025] [php7:error] [pid 6980:tid 840] [client 45.80.158.199:36066] script 'C:/wamp64/www/test_info3.php' not found or unable to stat
[Sat Sep 13 04:51:34.143463 2025] [php7:error] [pid 6980:tid 840] [client 45.80.158.199:36066] script 'C:/wamp64/www/test_info4.php' not found or unable to stat
[Sat Sep 13 04:51:34.429291 2025] [php7:error] [pid 6980:tid 840] [client 45.80.158.199:36066] script 'C:/wamp64/www/test_info5.php' not found or unable to stat
[Sat Sep 13 04:51:34.706067 2025] [php7:error] [pid 6980:tid 840] [client 45.80.158.199:36066] script 'C:/wamp64/www/test/info.php' not found or unable to stat
[Sat Sep 13 04:51:34.971742 2025] [php7:error] [pid 6980:tid 840] [client 45.80.158.199:36066] script 'C:/wamp64/www/test_info.php' not found or unable to stat
[Sat Sep 13 04:51:35.528838 2025] [php7:error] [pid 6980:tid 840] [client 45.80.158.199:37894] script 'C:/wamp64/www/test/infophp.php' not found or unable to stat
[Sat Sep 13 04:51:35.796610 2025] [php7:error] [pid 6980:tid 840] [client 45.80.158.199:37894] script 'C:/wamp64/www/test/infos.php' not found or unable to stat
[Sat Sep 13 04:51:56.847500 2025] [php7:error] [pid 6980:tid 840] [client 45.80.158.199:37894] script 'C:/wamp64/www/test/i.php' not found or unable to stat
[Sat Sep 13 04:52:00.143023 2025] [php7:error] [pid 6980:tid 840] [client 45.80.158.199:37894] script 'C:/wamp64/www/test/linusadmin-phpinfo.php' not found or unable to stat
[Sat Sep 13 04:52:01.267995 2025] [php7:error] [pid 6980:tid 840] [client 45.80.158.199:37894] script 'C:/wamp64/www/test/old_phpinfo.php' not found or unable to stat
[Sat Sep 13 04:52:02.034573 2025] [php7:error] [pid 6980:tid 840] [client 45.80.158.199:37894] script 'C:/wamp64/www/test_phpinfo1.php' not found or unable to stat
[Sat Sep 13 04:52:02.300199 2025] [php7:error] [pid 6980:tid 840] [client 45.80.158.199:37894] script 'C:/wamp64/www/test_phpinfo2.php' not found or unable to stat
[Sat Sep 13 04:52:02.940972 2025] [php7:error] [pid 6980:tid 840] [client 45.80.158.199:37894] script 'C:/wamp64/www/test_phpinfo3.php' not found or unable to stat
[Sat Sep 13 04:52:03.199614 2025] [php7:error] [pid 6980:tid 840] [client 45.80.158.199:37894] script 'C:/wamp64/www/test_phpinfo4.php' not found or unable to stat
[Sat Sep 13 04:52:03.471012 2025] [php7:error] [pid 6980:tid 840] [client 45.80.158.199:37894] script 'C:/wamp64/www/test_phpinfo5.php' not found or unable to stat
[Sat Sep 13 04:52:03.736641 2025] [php7:error] [pid 6980:tid 840] [client 45.80.158.199:37894] script 'C:/wamp64/www/test/php-info.php' not found or unable to stat
[Sat Sep 13 04:52:04.002715 2025] [php7:error] [pid 6980:tid 840] [client 45.80.158.199:37894] script 'C:/wamp64/www/test/phpinfo.php' not found or unable to stat
[Sat Sep 13 04:52:04.268338 2025] [php7:error] [pid 6980:tid 840] [client 45.80.158.199:37894] script 'C:/wamp64/www/test_phpinfo.php' not found or unable to stat
[Sat Sep 13 04:52:04.537586 2025] [php7:error] [pid 6980:tid 840] [client 45.80.158.199:37894] script 'C:/wamp64/www/testphpinfo.php' not found or unable to stat
[Sat Sep 13 04:52:05.086425 2025] [php7:error] [pid 6980:tid 840] [client 45.80.158.199:37894] script 'C:/wamp64/www/test/php.php' not found or unable to stat
[Sat Sep 13 04:52:05.352097 2025] [php7:error] [pid 6980:tid 840] [client 45.80.158.199:37894] script 'C:/wamp64/www/testphp.php' not found or unable to stat
[Sat Sep 13 04:52:05.611775 2025] [php7:error] [pid 6980:tid 840] [client 45.80.158.199:37894] script 'C:/wamp64/www/test/phpversion.php' not found or unable to stat
[Sat Sep 13 04:52:05.877397 2025] [php7:error] [pid 6980:tid 840] [client 45.80.158.199:37894] script 'C:/wamp64/www/test/pinfo.php' not found or unable to stat
[Sat Sep 13 04:52:30.206643 2025] [php7:error] [pid 6980:tid 840] [client 45.80.158.199:43710] script 'C:/wamp64/www/test/temp.php' not found or unable to stat
[Sat Sep 13 04:52:30.486903 2025] [php7:error] [pid 6980:tid 840] [client 45.80.158.199:43710] script 'C:/wamp64/www/test/test.php' not found or unable to stat
[Sat Sep 13 04:52:30.757015 2025] [php7:error] [pid 6980:tid 840] [client 45.80.158.199:43710] script 'C:/wamp64/www/test/time.php' not found or unable to stat
[Sat Sep 13 04:52:34.206933 2025] [php7:error] [pid 6980:tid 840] [client 45.80.158.199:43710] script 'C:/wamp64/www/time.php' not found or unable to stat
[Sat Sep 13 04:52:40.377177 2025] [php7:error] [pid 6980:tid 840] [client 45.80.158.199:43710] script 'C:/wamp64/www/token.php' not found or unable to stat
[Sat Sep 13 04:52:55.564974 2025] [php7:error] [pid 6980:tid 840] [client 45.80.158.199:56850] script 'C:/wamp64/www/tz.php' not found or unable to stat
[Sat Sep 13 04:52:57.886834 2025] [php7:error] [pid 6980:tid 840] [client 45.80.158.199:56850] script 'C:/wamp64/www/u.php' not found or unable to stat
[Sat Sep 13 04:52:58.956868 2025] [php7:error] [pid 6980:tid 840] [client 45.80.158.199:56850] script 'C:/wamp64/www/up.php' not found or unable to stat
[Sat Sep 13 04:54:01.784450 2025] [php7:error] [pid 6980:tid 840] [client 45.80.158.199:43424] script 'C:/wamp64/www/version.php' not found or unable to stat
[Sat Sep 13 04:54:02.689720 2025] [php7:error] [pid 6980:tid 840] [client 45.80.158.199:43424] script 'C:/wamp64/www/viewinfo.php' not found or unable to stat
[Sat Sep 13 04:54:33.612112 2025] [php7:error] [pid 6980:tid 840] [client 45.80.158.199:53274] script 'C:/wamp64/www/web.php' not found or unable to stat
[Sat Sep 13 04:55:27.842073 2025] [php7:error] [pid 6980:tid 840] [client 45.80.158.199:56234] script 'C:/wamp64/www/wp-config-backup.php' not found or unable to stat
[Sat Sep 13 04:55:39.013030 2025] [php7:error] [pid 6980:tid 840] [client 45.80.158.199:43238] script 'C:/wamp64/www/wp-config.local.php' not found or unable to stat
[Sat Sep 13 04:55:42.877513 2025] [php7:error] [pid 6980:tid 840] [client 45.80.158.199:43238] script 'C:/wamp64/www/._wp-config.php' not found or unable to stat
[Sat Sep 13 04:55:43.143143 2025] [php7:error] [pid 6980:tid 840] [client 45.80.158.199:43238] script 'C:/wamp64/www/wp-config.php' not found or unable to stat
[Sat Sep 13 04:55:43.675380 2025] [php7:error] [pid 6980:tid 840] [client 45.80.158.199:43238] script 'C:/wamp64/www/wp-config.php' not found or unable to stat
[Sat Sep 13 04:55:45.550325 2025] [php7:error] [pid 6980:tid 840] [client 45.80.158.199:43238] script 'C:/wamp64/www/wp-config.php.0' not found or unable to stat
[Sat Sep 13 04:55:46.097208 2025] [php7:error] [pid 6980:tid 840] [client 45.80.158.199:43238] script 'C:/wamp64/www/wp-config.php.1' not found or unable to stat
[Sat Sep 13 04:55:47.173676 2025] [php7:error] [pid 6980:tid 840] [client 45.80.158.199:43238] script 'C:/wamp64/www/wp-config.php.2' not found or unable to stat
[Sat Sep 13 04:55:47.705284 2025] [php7:error] [pid 6980:tid 840] [client 45.80.158.199:43238] script 'C:/wamp64/www/wp-config.php.3' not found or unable to stat
[Sat Sep 13 04:55:47.963385 2025] [php7:error] [pid 6980:tid 840] [client 45.80.158.199:43238] script 'C:/wamp64/www/wp-config.php3' not found or unable to stat
[Sat Sep 13 04:55:48.235655 2025] [php7:error] [pid 6980:tid 840] [client 45.80.158.199:43238] script 'C:/wamp64/www/wp-config.php.4' not found or unable to stat
[Sat Sep 13 04:55:48.781112 2025] [php7:error] [pid 6980:tid 840] [client 45.80.158.199:43238] script 'C:/wamp64/www/wp-config.php.5' not found or unable to stat
[Sat Sep 13 04:55:49.318578 2025] [php7:error] [pid 6980:tid 840] [client 45.80.158.199:43238] script 'C:/wamp64/www/wp-config.php.6' not found or unable to stat
[Sat Sep 13 04:55:49.844801 2025] [php7:error] [pid 6980:tid 840] [client 45.80.158.199:43238] script 'C:/wamp64/www/wp-config.php.7' not found or unable to stat
[Sat Sep 13 04:55:50.118050 2025] [php7:error] [pid 6980:tid 840] [client 45.80.158.199:43238] script 'C:/wamp64/www/wp-config.php.8' not found or unable to stat
[Sat Sep 13 04:55:50.383802 2025] [php7:error] [pid 6980:tid 840] [client 45.80.158.199:43238] script 'C:/wamp64/www/wp-config.php.9' not found or unable to stat
[Sat Sep 13 04:55:50.657963 2025] [php7:error] [pid 6980:tid 840] [client 45.80.158.199:43238] script 'C:/wamp64/www/wp-config.php.a' not found or unable to stat
[Sat Sep 13 04:55:51.190756 2025] [php7:error] [pid 6980:tid 840] [client 45.80.158.199:43238] script 'C:/wamp64/www/wp-config.php.aws' not found or unable to stat
[Sat Sep 13 04:55:51.455368 2025] [php7:error] [pid 6980:tid 840] [client 45.80.158.199:43238] script 'C:/wamp64/www/wp-config.php.azure' not found or unable to stat
[Sat Sep 13 04:55:51.720996 2025] [php7:error] [pid 6980:tid 840] [client 45.80.158.199:43238] script 'C:/wamp64/www/wp-config.php.b' not found or unable to stat
[Sat Sep 13 04:55:52.246449 2025] [php7:error] [pid 6980:tid 840] [client 45.80.158.199:43238] script 'C:/wamp64/www/wp-config.php.bac' not found or unable to stat
[Sat Sep 13 04:55:52.737518 2025] [php7:error] [pid 6980:tid 840] [client 45.80.158.199:43238] script 'C:/wamp64/www/wp-config.php.backup' not found or unable to stat
[Sat Sep 13 04:55:53.503751 2025] [php7:error] [pid 6980:tid 840] [client 45.80.158.199:43238] script 'C:/wamp64/www/.wp-config.php.bak' not found or unable to stat
[Sat Sep 13 04:55:54.001784 2025] [php7:error] [pid 6980:tid 840] [client 45.80.158.199:43238] script 'C:/wamp64/www/wp-config.php.bak' not found or unable to stat
[Sat Sep 13 04:55:54.768520 2025] [php7:error] [pid 6980:tid 840] [client 45.80.158.199:43238] script 'C:/wamp64/www/wp-config.php.bak1' not found or unable to stat
[Sat Sep 13 04:55:55.976383 2025] [php7:error] [pid 6980:tid 840] [client 45.80.158.199:43238] script 'C:/wamp64/www/wp-config.php.bk' not found or unable to stat
[Sat Sep 13 04:55:56.783819 2025] [php7:error] [pid 6980:tid 840] [client 45.80.158.199:43238] script 'C:/wamp64/www/wp-config.php.bkp' not found or unable to stat
[Sat Sep 13 04:55:57.596281 2025] [php7:error] [pid 6980:tid 840] [client 45.80.158.199:43238] script 'C:/wamp64/www/wp-config.php.cache' not found or unable to stat
[Sat Sep 13 04:55:57.861910 2025] [php7:error] [pid 6980:tid 840] [client 45.80.158.199:43238] script 'C:/wamp64/www/wp-config.php.cfg' not found or unable to stat
[Sat Sep 13 04:55:58.658736 2025] [php7:error] [pid 6980:tid 840] [client 45.80.158.199:43238] script 'C:/wamp64/www/wp-config.php.cs' not found or unable to stat
[Sat Sep 13 04:55:58.939989 2025] [php7:error] [pid 6980:tid 840] [client 45.80.158.199:43238] script 'C:/wamp64/www/wp-config.php.csproj' not found or unable to stat
[Sat Sep 13 04:55:59.206808 2025] [php7:error] [pid 6980:tid 840] [client 45.80.158.199:43238] script 'C:/wamp64/www/wp-config.php.cust' not found or unable to stat
[Sat Sep 13 04:55:59.737022 2025] [php7:error] [pid 6980:tid 840] [client 45.80.158.199:43238] script 'C:/wamp64/www/wp-config.php.data' not found or unable to stat
[Sat Sep 13 04:56:00.002651 2025] [php7:error] [pid 6980:tid 840] [client 45.80.158.199:43238] script 'C:/wamp64/www/wp-config.php.dev' not found or unable to stat
[Sat Sep 13 04:56:00.268282 2025] [php7:error] [pid 6980:tid 840] [client 45.80.158.199:43238] script 'C:/wamp64/www/wp-config.php.dif' not found or unable to stat
[Sat Sep 13 04:56:00.549471 2025] [php7:error] [pid 6980:tid 840] [client 45.80.158.199:43238] script 'C:/wamp64/www/wp-config.php.disabled' not found or unable to stat
[Sat Sep 13 04:56:01.989952 2025] [php7:error] [pid 6980:tid 840] [client 45.80.158.199:40080] script 'C:/wamp64/www/wp-config.php.err' not found or unable to stat
[Sat Sep 13 04:56:03.062411 2025] [php7:error] [pid 6980:tid 840] [client 45.80.158.199:40080] script 'C:/wamp64/www/wp-config.php.inc' not found or unable to stat
[Sat Sep 13 04:56:03.328039 2025] [php7:error] [pid 6980:tid 840] [client 45.80.158.199:40080] script 'C:/wamp64/www/wp-config.php.ini' not found or unable to stat
[Sat Sep 13 04:56:03.879570 2025] [php7:error] [pid 6980:tid 840] [client 45.80.158.199:40080] script 'C:/wamp64/www/wp-config.php.local' not found or unable to stat
[Sat Sep 13 04:56:04.799165 2025] [php7:error] [pid 6980:tid 840] [client 45.80.158.199:40080] script 'C:/wamp64/www/wp-config.php.lst' not found or unable to stat
[Sat Sep 13 04:56:05.064792 2025] [php7:error] [pid 6980:tid 840] [client 45.80.158.199:40080] script 'C:/wamp64/www/wp-config.php.maj' not found or unable to stat
[Sat Sep 13 04:56:05.690043 2025] [php7:error] [pid 6980:tid 840] [client 45.80.158.199:40080] script 'C:/wamp64/www/wp-config.php.map' not found or unable to stat
[Sat Sep 13 04:56:06.488202 2025] [php7:error] [pid 6980:tid 840] [client 45.80.158.199:40080] script 'C:/wamp64/www/wp-config.php.new' not found or unable to stat
[Sat Sep 13 04:56:07.837430 2025] [php7:error] [pid 6980:tid 840] [client 45.80.158.199:40080] script 'C:/wamp64/www/wp-config.php.old' not found or unable to stat
[Sat Sep 13 04:56:16.908683 2025] [php7:error] [pid 6980:tid 840] [client 45.80.158.199:40080] script 'C:/wamp64/www/wp-config.php.orig' not found or unable to stat
[Sat Sep 13 04:56:17.721148 2025] [php7:error] [pid 6980:tid 840] [client 45.80.158.199:40080] script 'C:/wamp64/www/wp-config.php.original' not found or unable to stat
[Sat Sep 13 04:56:18.893012 2025] [php7:error] [pid 6980:tid 840] [client 45.80.158.199:40080] script 'C:/wamp64/www/wp-config.php.part' not found or unable to stat
[Sat Sep 13 04:56:19.159814 2025] [php7:error] [pid 6980:tid 840] [client 45.80.158.199:40080] script 'C:/wamp64/www/wp-config.php.php-bak' not found or unable to stat
[Sat Sep 13 04:56:19.438953 2025] [php7:error] [pid 6980:tid 840] [client 45.80.158.199:40080] script 'C:/wamp64/www/wp-config.php.prod' not found or unable to stat
[Sat Sep 13 04:56:19.706715 2025] [php7:error] [pid 6980:tid 840] [client 45.80.158.199:40080] script 'C:/wamp64/www/wp-config.php.production' not found or unable to stat
[Sat Sep 13 04:56:19.970181 2025] [php7:error] [pid 6980:tid 840] [client 45.80.158.199:40080] script 'C:/wamp64/www/wp-config.php.rej' not found or unable to stat
[Sat Sep 13 04:56:20.514749 2025] [php7:error] [pid 6980:tid 840] [client 45.80.158.199:40080] script 'C:/wamp64/www/wp-config.php.sample' not found or unable to stat
[Sat Sep 13 04:56:20.773268 2025] [php7:error] [pid 6980:tid 840] [client 45.80.158.199:40080] script 'C:/wamp64/www/wp-config.php.sass-cache' not found or unable to stat
[Sat Sep 13 04:56:21.045953 2025] [php7:error] [pid 6980:tid 840] [client 45.80.158.199:40080] script 'C:/wamp64/www/wp-config.php.sav' not found or unable to stat
[Sat Sep 13 04:56:21.955896 2025] [php7:error] [pid 6980:tid 840] [client 45.80.158.199:40080] script 'C:/wamp64/www/wp-config.php.save' not found or unable to stat
[Sat Sep 13 04:56:22.221523 2025] [php7:error] [pid 6980:tid 840] [client 45.80.158.199:40080] script 'C:/wamp64/www/wp-config.php.save.1' not found or unable to stat
[Sat Sep 13 04:56:22.496264 2025] [php7:error] [pid 6980:tid 840] [client 45.80.158.199:40080] script 'C:/wamp64/www/wp-config.php.save.2' not found or unable to stat
[Sat Sep 13 04:56:22.764012 2025] [php7:error] [pid 6980:tid 840] [client 45.80.158.199:40080] script 'C:/wamp64/www/wp-config.php.save.3' not found or unable to stat
[Sat Sep 13 04:56:23.034486 2025] [php7:error] [pid 6980:tid 840] [client 45.80.158.199:40080] script 'C:/wamp64/www/wp-config.php.stage' not found or unable to stat
[Sat Sep 13 04:56:23.294375 2025] [php7:error] [pid 6980:tid 840] [client 45.80.158.199:40080] script 'C:/wamp64/www/wp-config.php.staging' not found or unable to stat
[Sat Sep 13 04:56:23.565629 2025] [php7:error] [pid 6980:tid 840] [client 45.80.158.199:40080] script 'C:/wamp64/www/wp-config.php.sublime-project' not found or unable to stat
[Sat Sep 13 04:56:24.185670 2025] [php7:error] [pid 6980:tid 840] [client 45.80.158.199:40080] script 'C:/wamp64/www/wp-config.php.sublime-workspace' not found or unable to stat
[Sat Sep 13 04:56:24.453903 2025] [php7:error] [pid 6980:tid 840] [client 45.80.158.199:40080] script 'C:/wamp64/www/.wp-config.php.swm' not found or unable to stat
[Sat Sep 13 04:56:25.101092 2025] [php7:error] [pid 6980:tid 840] [client 45.80.158.199:40080] script 'C:/wamp64/www/.wp-config.php.swn' not found or unable to stat
[Sat Sep 13 04:56:25.366719 2025] [php7:error] [pid 6980:tid 840] [client 45.80.158.199:40080] script 'C:/wamp64/www/wp-config.php.swn' not found or unable to stat
[Sat Sep 13 04:56:25.628392 2025] [php7:error] [pid 6980:tid 840] [client 45.80.158.199:40080] script 'C:/wamp64/www/.wp-config.php.swo' not found or unable to stat
[Sat Sep 13 04:56:25.909647 2025] [php7:error] [pid 6980:tid 840] [client 45.80.158.199:40080] script 'C:/wamp64/www/wp-config.php.swo' not found or unable to stat
[Sat Sep 13 04:56:26.175279 2025] [php7:error] [pid 6980:tid 840] [client 45.80.158.199:40080] script 'C:/wamp64/www/.wp-config.php.swp' not found or unable to stat
[Sat Sep 13 04:56:27.262868 2025] [php7:error] [pid 6980:tid 840] [client 45.80.158.199:40080] script 'C:/wamp64/www/wp-config.php.swp' not found or unable to stat
[Sat Sep 13 04:56:28.103154 2025] [php7:error] [pid 6980:tid 840] [client 45.80.158.199:40080] script 'C:/wamp64/www/wp-config.php.temp' not found or unable to stat
[Sat Sep 13 04:56:28.370064 2025] [php7:error] [pid 6980:tid 840] [client 45.80.158.199:40080] script 'C:/wamp64/www/wp-config.php.templ' not found or unable to stat
[Sat Sep 13 04:56:29.260800 2025] [php7:error] [pid 6980:tid 840] [client 45.80.158.199:40080] script 'C:/wamp64/www/wp-config.php.tmp' not found or unable to stat
[Sat Sep 13 04:56:30.096465 2025] [php7:error] [pid 6980:tid 840] [client 45.80.158.199:40080] script 'C:/wamp64/www/wp-config.php.uk' not found or unable to stat
[Sat Sep 13 04:56:30.362093 2025] [php7:error] [pid 6980:tid 840] [client 45.80.158.199:40080] script 'C:/wamp64/www/wp-config.php.un~' not found or unable to stat
[Sat Sep 13 04:56:30.643242 2025] [php7:error] [pid 6980:tid 840] [client 45.80.158.199:40080] script 'C:/wamp64/www/wp-config.php.us' not found or unable to stat
[Sat Sep 13 04:56:30.924495 2025] [php7:error] [pid 6980:tid 840] [client 45.80.158.199:40080] script 'C:/wamp64/www/wp-config.php.vb' not found or unable to stat
[Sat Sep 13 04:56:31.627531 2025] [php7:error] [pid 6980:tid 840] [client 45.80.158.199:40080] script 'C:/wamp64/www/wp-config.php.vbproj' not found or unable to stat
[Sat Sep 13 04:56:31.908787 2025] [php7:error] [pid 6980:tid 840] [client 45.80.158.199:40080] script 'C:/wamp64/www/wp-config.php.vi' not found or unable to stat
[Sat Sep 13 04:56:35.221006 2025] [php7:error] [pid 6980:tid 840] [client 45.80.158.199:39984] script 'C:/wamp64/www/wp-config-sample.php' not found or unable to stat
[Sat Sep 13 04:56:35.783471 2025] [php7:error] [pid 6980:tid 840] [client 45.80.158.199:39984] script 'C:/wamp64/www/wp-config-sample.php.bak' not found or unable to stat
[Sat Sep 13 04:56:47.220710 2025] [php7:error] [pid 6980:tid 840] [client 45.80.158.199:39984] script 'C:/wamp64/www/wp-config.wp-config.php.swo' not found or unable to stat
[Sat Sep 13 04:56:48.471896 2025] [php7:error] [pid 6980:tid 840] [client 45.80.158.199:39984] script 'C:/wamp64/www/wp-config.wp-config.php.swp' not found or unable to stat
[Sat Sep 13 04:57:12.267597 2025] [php7:error] [pid 6980:tid 840] [client 45.80.158.199:59096] script 'C:/wamp64/www/w.php' not found or unable to stat
[Sat Sep 13 04:57:16.596593 2025] [php7:error] [pid 6980:tid 840] [client 45.80.158.199:59096] script 'C:/wamp64/www/wp-login.php' not found or unable to stat
[Sat Sep 13 04:57:16.862222 2025] [php7:error] [pid 6980:tid 840] [client 45.80.158.199:59096] script 'C:/wamp64/www/wp.php' not found or unable to stat
[Sat Sep 13 04:57:21.081715 2025] [php7:error] [pid 6980:tid 840] [client 45.80.158.199:59096] script 'C:/wamp64/www/x.php' not found or unable to stat
[Sat Sep 13 04:57:24.238214 2025] [php7:error] [pid 6980:tid 840] [client 45.80.158.199:59096] script 'C:/wamp64/www/constants.php' not found or unable to stat
[Sat Sep 13 04:57:24.503000 2025] [php7:error] [pid 6980:tid 840] [client 45.80.158.199:59096] script 'C:/wamp64/www/constants.php' not found or unable to stat
[Sat Sep 13 04:57:35.718689 2025] [php7:error] [pid 6980:tid 840] [client 45.80.158.199:59096] script 'C:/wamp64/www/app.php' not found or unable to stat
[Sat Sep 13 04:57:35.984322 2025] [php7:error] [pid 6980:tid 840] [client 45.80.158.199:59096] script 'C:/wamp64/www/queue.php' not found or unable to stat
[Sat Sep 13 04:57:36.255067 2025] [php7:error] [pid 6980:tid 840] [client 45.80.158.199:59096] script 'C:/wamp64/www/session.php' not found or unable to stat
[Sat Sep 13 04:57:36.519251 2025] [php7:error] [pid 6980:tid 840] [client 45.80.158.199:59096] script 'C:/wamp64/www/view.php' not found or unable to stat
[Sat Sep 13 04:57:36.784881 2025] [php7:error] [pid 6980:tid 840] [client 45.80.158.199:59096] script 'C:/wamp64/www/auth.php' not found or unable to stat
[Sat Sep 13 04:57:37.066253 2025] [php7:error] [pid 6980:tid 840] [client 45.80.158.199:59096] script 'C:/wamp64/www/services.php' not found or unable to stat
[Sat Sep 13 04:58:05.594065 2025] [php7:error] [pid 6980:tid 840] [client 45.80.158.199:59098] script 'C:/wamp64/www/phpinfo.view.php' not found or unable to stat
[Sat Sep 13 04:58:10.632239 2025] [php7:error] [pid 6980:tid 840] [client 45.80.158.199:59098] script 'C:/wamp64/www/frontend_dev.php' not found or unable to stat
[Sat Sep 13 04:58:11.742296 2025] [php7:error] [pid 6980:tid 840] [client 45.80.158.199:59098] script 'C:/wamp64/www/info5.php' not found or unable to stat
[Sat Sep 13 04:58:12.007923 2025] [php7:error] [pid 6980:tid 840] [client 45.80.158.199:59098] script 'C:/wamp64/www/info6.php' not found or unable to stat
[Sat Sep 13 04:58:12.290403 2025] [php7:error] [pid 6980:tid 840] [client 45.80.158.199:59098] script 'C:/wamp64/www/info7.php' not found or unable to stat
[Sat Sep 13 04:58:12.564634 2025] [php7:error] [pid 6980:tid 840] [client 45.80.158.199:59098] script 'C:/wamp64/www/info8.php' not found or unable to stat
[Sat Sep 13 04:58:12.830262 2025] [php7:error] [pid 6980:tid 840] [client 45.80.158.199:59098] script 'C:/wamp64/www/info9.php' not found or unable to stat
[Sat Sep 13 04:58:13.111515 2025] [php7:error] [pid 6980:tid 840] [client 45.80.158.199:59098] script 'C:/wamp64/www/info10.php' not found or unable to stat
[Sat Sep 13 04:58:13.392769 2025] [php7:error] [pid 6980:tid 840] [client 45.80.158.199:59098] script 'C:/wamp64/www/info0.php' not found or unable to stat
[Sat Sep 13 04:58:14.206263 2025] [php7:error] [pid 6980:tid 840] [client 45.80.158.199:59098] script 'C:/wamp64/www/php-details.php' not found or unable to stat
[Sat Sep 13 04:58:36.338478 2025] [authz_core:error] [pid 6980:tid 840] [client 45.80.158.199:42170] AH01630: client denied by server configuration: C:/wamp64/apps/adminer4.7.5/
[Sat Sep 13 04:59:28.214389 2025] [php7:error] [pid 6980:tid 840] [client 45.80.158.199:51222] script 'C:/wamp64/www/graphql.php' not found or unable to stat
[Sat Sep 13 04:59:32.393289 2025] [authz_core:error] [pid 6980:tid 840] [client 45.80.158.199:51222] AH01630: client denied by server configuration: C:/wamp64/apps/phpmyadmin4.9.2/
[Sat Sep 13 04:59:36.767788 2025] [php7:error] [pid 6980:tid 840] [client 45.80.158.199:51222] script 'C:/wamp64/www/xmlrpc.php' not found or unable to stat
[Sat Sep 13 04:59:49.236492 2025] [php7:error] [pid 6980:tid 840] [client 45.80.158.199:39928] script 'C:/wamp64/www/c99.php' not found or unable to stat
[Sat Sep 13 04:59:50.064747 2025] [php7:error] [pid 6980:tid 840] [client 45.80.158.199:39928] script 'C:/wamp64/www/cmd.php' not found or unable to stat
[Sat Sep 13 04:59:50.627182 2025] [php7:error] [pid 6980:tid 840] [client 45.80.158.199:39928] script 'C:/wamp64/www/f.php' not found or unable to stat
[Sat Sep 13 04:59:51.834077 2025] [php7:error] [pid 6980:tid 840] [client 45.80.158.199:39928] script 'C:/wamp64/www/r57.php' not found or unable to stat
[Sat Sep 13 05:05:43.221277 2025] [php7:error] [pid 6980:tid 840] [client 45.80.158.199:39464] script 'C:/wamp64/www/api.php' not found or unable to stat
[Sat Sep 13 05:08:36.252742 2025] [php7:error] [pid 6980:tid 840] [client 45.80.158.199:43938] script 'C:/wamp64/www/index.php.save' not found or unable to stat
[Sat Sep 13 05:09:07.004038 2025] [php7:error] [pid 6980:tid 840] [client 45.80.158.199:36408] script 'C:/wamp64/www/config.php' not found or unable to stat
[Sat Sep 13 05:09:10.430604 2025] [php7:error] [pid 6980:tid 840] [client 45.80.158.199:36408] script 'C:/wamp64/www/database.php' not found or unable to stat
[Sat Sep 13 05:09:15.580983 2025] [php7:error] [pid 6980:tid 840] [client 45.80.158.199:41206] script 'C:/wamp64/www/db.php' not found or unable to stat
[Sat Sep 13 05:09:19.414578 2025] [php7:error] [pid 6980:tid 840] [client 45.80.158.199:41206] script 'C:/wamp64/www/debug.php' not found or unable to stat
[Sat Sep 13 05:09:26.519161 2025] [php7:error] [pid 6980:tid 840] [client 45.80.158.199:41206] script 'C:/wamp64/www/default.php' not found or unable to stat
[Sat Sep 13 05:09:31.205256 2025] [php7:error] [pid 6980:tid 840] [client 45.80.158.199:41206] script 'C:/wamp64/www/env.php' not found or unable to stat
[Sat Sep 13 05:09:40.405180 2025] [php7:error] [pid 6980:tid 840] [client 45.80.158.199:41206] script 'C:/wamp64/www/info.php' not found or unable to stat
[Sat Sep 13 05:09:44.112934 2025] [php7:error] [pid 6980:tid 840] [client 45.80.158.199:41206] script 'C:/wamp64/www/log.php' not found or unable to stat
[Sat Sep 13 05:09:49.674373 2025] [php7:error] [pid 6980:tid 840] [client 45.80.158.199:41206] script 'C:/wamp64/www/login.php' not found or unable to stat
[Sat Sep 13 05:09:59.260811 2025] [php7:error] [pid 6980:tid 840] [client 45.80.158.199:43512] script 'C:/wamp64/www/readme.php' not found or unable to stat
[Sat Sep 13 05:10:03.065371 2025] [php7:error] [pid 6980:tid 840] [client 45.80.158.199:43512] script 'C:/wamp64/www/sample.php' not found or unable to stat
[Sat Sep 13 05:10:06.998210 2025] [php7:error] [pid 6980:tid 840] [client 45.80.158.199:43512] script 'C:/wamp64/www/secret.php' not found or unable to stat
[Sat Sep 13 05:10:12.253915 2025] [php7:error] [pid 6980:tid 840] [client 45.80.158.199:43512] script 'C:/wamp64/www/settings.php' not found or unable to stat
[Sat Sep 13 05:10:16.596065 2025] [php7:error] [pid 6980:tid 840] [client 45.80.158.199:43512] script 'C:/wamp64/www/site.php' not found or unable to stat
[Sat Sep 13 05:10:22.021510 2025] [php7:error] [pid 6980:tid 840] [client 45.80.158.199:43512] script 'C:/wamp64/www/test.php' not found or unable to stat
[Sat Sep 13 05:10:27.089211 2025] [php7:error] [pid 6980:tid 840] [client 45.80.158.199:33524] script 'C:/wamp64/www/users.php' not found or unable to stat
[Sat Sep 13 05:10:31.184668 2025] [php7:error] [pid 6980:tid 840] [client 45.80.158.199:33524] script 'C:/wamp64/www/wp-config.php' not found or unable to stat
[Sat Sep 13 08:13:46.956234 2025] [cgi:error] [pid 6980:tid 996] [client 45.156.128.174:56777] AH02811: script not found or unable to stat: C:/wamp64/bin/apache/apache2.4.41/cgi-bin/authLogin.cgi
[Sat Sep 13 08:15:49.300336 2025] [cgi:error] [pid 6980:tid 840] [client 45.156.128.175:57277] AH02811: script not found or unable to stat: C:/wamp64/bin/apache/apache2.4.41/cgi-bin/main.pl
[Sat Sep 13 08:15:50.411842 2025] [cgi:error] [pid 6980:tid 968] [client 45.156.128.172:33582] AH02811: script not found or unable to stat: C:/wamp64/bin/apache/apache2.4.41/cgi-bin/php-cgi.exe
[Sat Sep 13 08:16:19.517710 2025] [php7:error] [pid 6980:tid 968] [client 45.156.128.173:55009] script 'C:/wamp64/www/status.php' not found or unable to stat
[Sat Sep 13 12:10:16.894336 2025] [php7:error] [pid 6980:tid 912] [client 164.92.88.11:44628] script 'C:/wamp64/www/get.php' not found or unable to stat
[Sun Sep 14 11:29:15.982090 2025] [php7:error] [pid 6980:tid 872] [client 178.62.73.118:47592] script 'C:/wamp64/www/get.php' not found or unable to stat
[Sun Sep 14 13:23:21.675121 2025] [php7:error] [pid 6980:tid 872] [client 162.243.123.146:48776] script 'C:/wamp64/www/get.php' not found or unable to stat 'uname' is not recognized as an internal or external command, operable program or batch file.
[Sun Sep 14 20:56:15.612429 2025] [authz_core:error] [pid 6980:tid 912] [client 52.167.144.213:64962] AH01630: client denied by server configuration: C:/wamp64/apps/adminer4.7.5/
[Mon Sep 15 00:36:40.066317 2025] [core:error] [pid 6980:tid 1004] (20024)The given path is misformatted or contained invalid characters: [client 93.123.109.222:46338] AH00127: Cannot map GET /http://my.negintaali.ir/ HTTP/1.1 to file
[Mon Sep 15 10:35:45.220758 2025] [php7:error] [pid 6980:tid 840] [client 162.243.192.5:40896] script 'C:/wamp64/www/get.php' not found or unable to stat
[Tue Sep 16 09:46:49.534073 2025] [php7:error] [pid 6980:tid 968] [client 178.128.69.40:35292] script 'C:/wamp64/www/get.php' not found or unable to stat
[Wed Sep 17 01:37:00.378391 2025] [core:error] [pid 6980:tid 968] [client 195.170.172.128:33938] AH00126: Invalid URI in request GET stager64 HTTP/1.1
[Wed Sep 17 08:13:12.939956 2025] [php7:error] [pid 6980:tid 1004] [client 46.101.83.148:32876] script 'C:/wamp64/www/get.php' not found or unable to stat
[Wed Sep 17 11:49:30.683258 2025] [authz_core:error] [pid 6980:tid 912] [client 114.119.133.35:46451] AH01630: client denied by server configuration: C:/wamp64/apps/phpmyadmin4.9.2/, referer: http://210.212.226.241:8080/index.php?lang=english
[Wed Sep 17 12:39:41.076103 2025] [php7:error] [pid 6980:tid 872] [client 138.197.150.93:35650] script 'C:/wamp64/www/get.php' not found or unable to stat
[Wed Sep 17 21:34:35.724975 2025] [authz_core:error] [pid 6980:tid 912] [client 114.119.136.120:26305] AH01630: client denied by server configuration: C:/wamp64/apps/adminer4.7.5/, referer: http://210.212.226.241:8080/index.php?lang=english
[Thu Sep 18 00:57:55.940649 2025] [authz_core:error] [pid 6980:tid 912] [client 114.119.134.51:49215] AH01630: client denied by server configuration: C:/wamp64/apps/adminer4.7.5/, referer: http://210.212.226.241:8080/index.php?lang=english
[Thu Sep 18 07:50:35.529210 2025] [php7:error] [pid 6980:tid 968] [client 206.189.128.180:44980] script 'C:/wamp64/www/get.php' not found or unable to stat
[Thu Sep 18 20:22:14.878070 2025] [authz_core:error] [pid 6980:tid 912] [client 114.119.140.113:54999] AH01630: client denied by server configuration: C:/wamp64/apps/phpsysinfo3.3.1/, referer: http://210.212.226.241:8080/index.php?lang=english
[Thu Sep 18 22:22:46.426352 2025] [php7:error] [pid 6980:tid 912] [client 68.183.196.125:52452] script 'C:/wamp64/www/get.php' not found or unable to stat
[Fri Sep 19 05:22:43.251646 2025] [php7:error] [pid 6980:tid 996] [client 90.151.171.106:62492] script 'C:/wamp64/www/ip.php' not found or unable to stat, referer: https://google.com/
[Fri Sep 19 05:52:59.416300 2025] [php7:error] [pid 6980:tid 996] [client 128.199.186.235:39036] script 'C:/wamp64/www/get.php' not found or unable to stat
[Sat Sep 20 04:22:16.378786 2025] [php7:error] [pid 6980:tid 1008] [client 159.65.77.128:43976] script 'C:/wamp64/www/get.php' not found or unable to stat
[Sat Sep 20 11:24:32.096744 2025] [core:error] [pid 6980:tid 880] (22)Invalid argument: [client 13.49.230.222:60504] AH00127: Cannot map POST /%C0 HTTP/1.1 to file
[Sat Sep 20 13:32:58.732426 2025] [php7:error] [pid 6980:tid 1008] [client 209.38.99.46:40516] script 'C:/wamp64/www/get.php' not found or unable to stat
[Sat Sep 20 16:57:08.658912 2025] [authz_core:error] [pid 6980:tid 888] [client 52.167.144.220:43302] AH01630: client denied by server configuration: C:/wamp64/apps/phpsysinfo3.3.1/
[Sun Sep 21 01:55:00.455753 2025] [php7:error] [pid 6980:tid 888] [client 159.65.133.87:53356] script 'C:/wamp64/www/get.php' not found or unable to stat
[Sun Sep 21 15:48:08.963329 2025] [core:error] [pid 6980:tid 888] (20024)The given path is misformatted or contained invalid characters: [client 93.123.109.222:47222] AH00127: Cannot map GET /weblogin.htm%22%29,f.sUserName.focus%28%29,%22%22==sUser_mgt_End%29if%28mode%29switch%28mode%29%7Bcase%203:4==iFrmLgErr HTTP/1.1 to file
[Mon Sep 22 00:15:06.440637 2025] [php7:error] [pid 6980:tid 904] [client 159.65.134.220:42560] script 'C:/wamp64/www/get.php' not found or unable to stat
[Mon Sep 22 18:07:46.957097 2025] [core:error] [pid 6980:tid 1008] (22)Invalid argument: [client 13.49.230.222:58935] AH00127: Cannot map POST /%C0 HTTP/1.1 to file
[Mon Sep 22 22:05:12.939719 2025] [php7:error] [pid 6980:tid 888] [client 142.93.154.198:57150] script 'C:/wamp64/www/get.php' not found or unable to stat
[Mon Sep 22 22:18:26.347405 2025] [authz_core:error] [pid 6980:tid 888] [client 114.119.134.51:49895] AH01630: client denied by server configuration: C:/wamp64/apps/phpmyadmin4.9.2/, referer: http://210.212.226.241:8080/index.php 'uname' is not recognized as an internal or external command, operable program or batch file.
[Tue Sep 23 21:13:10.926206 2025] [cgi:error] [pid 6980:tid 816] [client 45.88.186.32:54652] AH02811: script not found or unable to stat: C:/wamp64/bin/apache/apache2.4.41/cgi-bin/luci
[Tue Sep 23 21:13:13.246487 2025] [php7:error] [pid 6980:tid 888] [client 45.88.186.32:54740] script 'C:/wamp64/www/diagnostic.php' not found or unable to stat
[Tue Sep 23 21:15:43.096549 2025] [php7:error] [pid 6980:tid 936] [client 157.245.62.44:37244] script 'C:/wamp64/www/get.php' not found or unable to stat
[Wed Sep 24 00:03:55.693874 2025] [php7:error] [pid 6980:tid 888] [client 68.183.146.38:39806] script 'C:/wamp64/www/get.php' not found or unable to stat
[Wed Sep 24 02:05:08.877572 2025] [core:error] [pid 6980:tid 936] (20024)The given path is misformatted or contained invalid characters: [client 93.123.109.222:42766] AH00127: Cannot map GET /https://'+location.hostname+': HTTP/1.1 to file
[Thu Sep 25 00:53:49.341297 2025] [php7:error] [pid 6980:tid 888] [client 138.68.63.115:50776] script 'C:/wamp64/www/get.php' not found or unable to stat
[Thu Sep 25 12:32:28.534756 2025] [php7:error] [pid 6980:tid 936] [client 223.181.13.115:12905] script 'C:/wamp64/www/WaterCat/index.php' not found or unable to stat, referer: http://210.212.226.241:8080/watercat/website.php
[Fri Sep 26 01:14:10.999303 2025] [authz_core:error] [pid 6980:tid 896] [client 111.223.186.53:4788] AH01630: client denied by server configuration: C:/wamp64/apps/phpmyadmin4.9.2/, referer: http://210.212.226.241:8080/
[Fri Sep 26 02:44:26.343659 2025] [php7:error] [pid 6980:tid 1008] [client 162.243.52.241:40290] script 'C:/wamp64/www/get.php' not found or unable to stat
[Fri Sep 26 14:39:38.609876 2025] [php7:error] [pid 6980:tid 816] [client 20.171.207.80:48186] script 'C:/wamp64/www/WaterCat/index.php' not found or unable to stat
[Fri Sep 26 17:29:01.686741 2025] [authz_core:error] [pid 6980:tid 816] [client 52.167.144.145:7169] AH01630: client denied by server configuration: C:/wamp64/apps/phpsysinfo3.3.1/
[Sat Sep 27 00:13:46.827348 2025] [php7:error] [pid 6980:tid 888] [client 209.97.183.114:59580] script 'C:/wamp64/www/get.php' not found or unable to stat
[Sat Sep 27 21:22:56.420836 2025] [php7:error] [pid 6980:tid 896] [client 170.64.230.30:46824] script 'C:/wamp64/www/get.php' not found or unable to stat
[Sun Sep 28 19:57:35.186418 2025] [php7:error] [pid 6980:tid 888] [client 167.71.112.80:43862] script 'C:/wamp64/www/get.php' not found or unable to stat
[Sun Sep 28 21:23:34.156845 2025] [core:error] [pid 6980:tid 888] (20024)The given path is misformatted or contained invalid characters: [client 93.123.109.222:34062] AH00127: Cannot map GET /weblogin.htm%22;f.sUserName.focus%28%29;if%28sUser_mgt_End==%22%22%29%7Bif%28mode%29%7Bswitch%28mode%29%7Bcase%203:%20if%28iFrmLgErr==4%29%7Berrmsg.innerHTML=TR%28%22User%20Mode%20is%20off%20now.%22%29;%7Delse%20if%28iFrmLgErr==5%29%7Berrmsg.innerHTML=TR%28%22Wrong%20validation%20code%21%22%29;%7Delse%7Berrmsg.innerHTML=TR%28%22The%20username%20or%20password%20you%20entered%20is%20incorrect.%22%29;%7Dbreak;case%204:%20errmsg.innerHTML=TR%28%22Reach%20the%20maximum%20login%20number.%20Try%20another%20user%20account.%22%29;break;case%205:%20errmsg.innerHTML=TR%28%22No%20available%20buffer%20now.%20Please%20contact%20with%20your%20administrator%22%29;break;case%206:%20errmsg.innerHTML=TR%28%22The%20username%20or%20password%20you%20entered%20is%20incorrect.%22%29;break;case%207:errmsg.innerHTML=TR%28%22User%20account%20is%20not%20enabled%20now.%22%29;break;case%208:errmsg.innerHTML=TR%28%22You%20aren%27t%20allowed%20to%20access%20internet%20%28out%20of%20schedule%29.%22%29;break;case%209:errmsg.innerHTML=TR%28%22User%20login%20denied%20from%20http%20protocol.%20Please%20contact%20with%20your%20administrator%22%29;break;case%2010:errmsg.innerHTML=TR%28%22The%20user%20ran%20out%20of%20time%20quota.%22%29;break;case%2011:errmsg.innerHTML=TR%28%22The%20user%20ran%20out%20of%20data%20quota.%22%29;break;case%2012:errmsg.innerHTML=TR%28%22Wrong%20user%20account.%20Please%20contact%20with%20your%20administrator.%22%29;break;default:if%28iFrmLgErr==2%29errmsg.innerHTML=TR%28%22The%20username%20or%20password%20you%20entered%20is%20incorrect.%22%29;break;%7D%7Delse%20if%28iFrmLgErr==2%29%7Berrmsg.innerHTML=TR%28%22The%20username%20or%20password%20you%20entered%20is%20incorrect.%22%29;%7Delse%20if%28iFrmLgErr==4%29%7Berrmsg.innerHTML=TR%28%22User%20Mode%20is%20off%20now.%22%29;%7Delse%20if%28iFrmLgErr==5%29%7Berrmsg.innerHTML=TR%28%22Wrong%20validation%20code%21%22%29;%7D%7Delse%20if%28iFrmLgErr==2%29%7Berrmsg.innerHTML=TR%28%22The%20username%20or%20password%20you%20entered%20is%20incorrect.%22%29;%7Delse%20if%28iFrmLgErr==4%29%7Berrmsg.innerHTML=TR%28%22User%20Mode%20is%20off%20now.%22%29;%7Delse%20if%28iFrmLgErr==5%29%7Berrmsg.innerHTML=TR%28%22Wrong%20validation%20code%21%22%29;%7Dif%28sValidatedCode%21=%22%22%29%7BshowElmtByClass%28document,%22tr%22,%22sValidatedCode%22%29;%7Dif%28%27https:%27%21=document.location.protocol%29%7Bdocument.getElementById%28%22warning%22%29.style.display=%22%22;%7Delse%7Bdocument.getElementById%28%22warning%22%29.style.display=%22none%22;%7D%20for%28var%20d=0;d%3Cdocument.forms.length;d++%29%7B%20for%28var%20e=0;e%3Cdocument.forms%5Bd%5D.elements.length;e++%29%7Baddhandlers%28document.forms%5Bd%5D.elements%5Be%5D%29;%7D%7D%7Dfunction%20HttpsLogin%28%29%7Bvar%20url=window.location.href;var%20new_url=url;var%20dport=443;url=url.replace%28%22http://%22,%22https://%22%29;if%28url.split%28%22:%22%29.length==3%29%7B%20new_url=url.split%28%22:%22%29%5B0%5D+%22:%22+url.split%28%22:%22%29%5B1%5D+%22:%22+dport;%7Delse%20if%28url.split%28%22:%22%29.length==2%29%7B%20var%20tmp=url.split%28%22:%22%29%5B1%5D.split%28%22/%22%29;new_url=url.split%28%22:%22%29%5B0%5D+%22://%22+tmp%5B2%5D+%22:%22+dport;%7Dwindow.location.href=new_url;%7Dfunction%20initParameter%28%29%7Bif%28sUser_mgt_End==%22%22%29%7Bsrc_ip=%27%27;target_url=%27%27;mode=6;fw_set=0;fw_rule=0;%7D%7Dfunction%20encode%28instr%29%7Bvar%20keyStr=%22ABCDEFGHIJKLMNOPQRSTUVWXYZabcdefghijklmnopqrstuvwxyz0123456789+/=%22;var%20outstr=%22%22;var%20chr1,chr2,chr3=%22%22;var%20enc1,enc2,enc3,enc4=%22%22;var%20i=0;do%7Bchr1=instr.charCodeAt%28i++%29;chr2=instr.charCodeAt%28i++%29;chr3=instr.charCodeAt%28i++%29;enc1=chr1%3E%3E2;enc2=%28%28chr1&3%29%3C%3C4%29%7C%28chr2%3E%3E4%29;enc3=%28%28chr2&15%29%3C%3C2%29%7C%28chr3%3E%3E6%29;enc4=chr3&63;if%28isNaN%28chr2%29%29%7Benc3=enc4=64;%7Delse%20if%28isNaN%28chr3%29%29%7Benc4=64;%7Doutstr=outstr+keyStr.charAt%28enc1%29+keyStr.charAt%28enc2%29+keyStr.charAt%28enc3%29+keyStr.charAt%28enc4%29;chr1=chr2=chr3=%22%22;enc1=enc2=enc3=enc4=%22%22;%7Dwhile%28i%3Cinstr.length%29;return%20outstr;%7Dfunction%20submitPara%28%29%7Bvar%20frmSub=document.frmSub;var%20fwElmIdx=2;frmSub.method=%22post%22;frmSub.action=%22cgi-bin/wlogin.cgi%22;frmSub%5B0%5D.name=%22aa%22;frmSub%5B0%5D.value=encode%28f.sUserName.value%29;frmSub%5B1%5D.name=%22ab%22;frmSub%5B1%5D.value=encode%28f.sSysPass.value%29;%20if%28sUser_mgt_End==%22%22&&mode%21=0%29%7BfrmSub%5B2%5D.name=%22src_ip%22;frmSub%5B2%5D.value=src_ip;frmSub%5B3%5D.name=%22target_url%22;frmSub%5B3%5D.value=target_url;frmSub%5B4%5D.name=%22mode%22;frmSub%5B4%5D.value=mode;frmSub%5B5%5D.name=%22fw_set%22;frmSub%5B5%5D.value=fw_set;frmSub%5B6%5D.name=%22fw_rule%22;frmSub%5B6%5D.value=fw_rule;fwElmIdx=7;%7Dif%28enSSlgrp==%22%22%7C%7CenAdminAuth==%22%22%29%7BfrmSub%5BfwElmIdx%5D.name=%22sslgroup%22;frmSub%5BfwElmIdx%5D.value=f.sltsslgrp.value;%7Dif%28sValidatedCode%21=%22%22%29%7BfwElmIdx++;frmSub%5BfwElmIdx%5D.name=%22sVerifCode%22;frmSub%5BfwElmIdx%5D.value=document.getElementById%28%22validated_code%22%29.value;fwElmIdx++;frmSub%5BfwElmIdx%5D.name=%22sValidatedCodeNum%22;frmSub%5BfwElmIdx%5D.value=sValidatedCodeNum;%7DfrmSub%5Bform_num%5D.name=%22sFormAuthStr%22;frmSub%5Bform_num%5D.value=randomString%2815%29;frmSub.submit%28%29;%7Dfunction%20randomString%28len%29%7Bvar%20chars=%27ABCDEFGHJKMNPQRSTWXYZabcdefhijkmnprstwxyz2345678%27;var%20maxPos=chars.length;var%20pwd=%27%27;for%28i=0;i%3Clen;i++%29%7Bpwd+=chars.charAt%28Math.floor%28Math.random%28%29%2AmaxPos%29%29;%7Dreturn%20pwd;%7Dfunction%20handler%28_e%29%7Bvar%20e=_e,elmt,type;if%28isNav%29%7Belmt=e.target;type=e.type;keycode=e.which;%7Dif%28isIE%7C%7CisOpr%29%7Be=window.event;elmt=e.srcElement;type=e.type;keycode=e.keyCode;%7D%20if%28isIE%29%7Bif%28elmt.type==%22text%22%29e.cancelBubble=false;else%20e.cancelBubble=true;%7Dif%28elmt==f.btnOk&&type==%22click%22%29%7BsubmitPara%28%29;%7Dif%28elmt%21=f.btnOk&&type==%22keydown%22%29%7Bif%28keycode==13%29%7B%20e.returnValue=false;submitPara%28%29;%7D%7D%7D%20function%20addhandlers%28_o%29%7Bvar%20o=_o;o.onclick=handler;o.onkeydown=handler;%7Dfunction%20ClearCookies%28%29%7Bvar%20temp=document.cookie.split%28%22;%22%29;var%20ts;for%28var%20i=0;;i++%29%7Bif%28%21temp%5Bi%5D%29break;ts=temp%5Bi%5D.split%28%22=%22%29%5B0%5D;DeleteCookie%28ts%29;%7D%7Dfunction%20GetCookieVal%28offset%29%7Bvar%20endstr=document.cookie.indexOf%28%22;%22,offset%29;if%28endstr==-1%29endstr=document.cookie.length;return%20unescape%28document.cookie.substring%28offset,endstr%29%29;%7Dfunction%20GetCookie%28name%29%7Bvar%20arg=name+%22=%22;var%20alen=arg.length;var%20clen=document.cookie.length;var%20i=0;while%28i%3Cclen%29%7Bvar%20j=i+alen;if%28document.cookie.substring%28i,j%29==arg%29return%20GetCookieVal%28j%29;i=document.cookie.indexOf%28%22%20%22,i%29+1;if%28i==0%29break;%7Dreturn%20null;%7Dfunction%20DeleteCookie%28name%29%7Bvar%20exp=new%20Date%28%29;exp.setTime%28exp.getTime%28%29-1%29;var%20cval=GetCookie%28name%29;document.cookie=name+%22=%22+cval+%22;%20expires= HTTP/1.1 to file
[Mon Sep 29 17:31:55.757773 2025] [php7:error] [pid 6980:tid 880] [client 161.35.156.187:36350] script 'C:/wamp64/www/get.php' not found or unable to stat
[Tue Sep 30 11:33:46.076900 2025] [authz_core:error] [pid 6980:tid 896] [client 114.119.136.120:27823] AH01630: client denied by server configuration: C:/wamp64/apps/phpsysinfo3.3.1/, referer: http://210.212.226.241:8080/index.php
[Tue Sep 30 11:35:29.639292 2025] [authz_core:error] [pid 6980:tid 896] [client 114.119.134.51:51257] AH01630: client denied by server configuration: C:/wamp64/apps/adminer4.7.5/, referer: http://210.212.226.241:8080/index.php
[Tue Sep 30 15:23:49.312999 2025] [php7:error] [pid 6980:tid 1008] [client 162.243.5.219:55534] script 'C:/wamp64/www/get.php' not found or unable to stat
[Tue Sep 30 16:36:32.640091 2025] [php7:error] [pid 6980:tid 880] [client 46.101.254.234:35310] script 'C:/wamp64/www/get.php' not found or unable to stat
[Wed Oct 01 13:02:08.671239 2025] [php7:error] [pid 6980:tid 936] [client 167.99.140.144:45070] script 'C:/wamp64/www/get.php' not found or unable to stat
[Wed Oct 01 13:33:23.515844 2025] [authz_core:error] [pid 6980:tid 1008] [client 114.119.136.120:27943] AH01630: client denied by server configuration: C:/wamp64/apps/phpmyadmin4.9.2/, referer: http://210.212.226.241:8080/index.php
[Thu Oct 02 11:31:17.436435 2025] [php7:error] [pid 6980:tid 896] [client 134.209.172.134:49624] script 'C:/wamp64/www/get.php' not found or unable to stat
[Thu Oct 02 17:27:04.295663 2025] [authz_core:error] [pid 6980:tid 1008] [client 52.167.144.147:60550] AH01630: client denied by server configuration: C:/wamp64/apps/phpsysinfo3.3.1/
[Thu Oct 02 23:41:14.654514 2025] [php7:error] [pid 6980:tid 944] [client 154.36.180.65:51886] script 'C:/wamp64/www/xul.php' not found or unable to stat, referer: http://210.212.226.241:8080/xul.php
[Fri Oct 03 02:10:44.892881 2025] [core:error] [pid 6980:tid 816] (20024)The given path is misformatted or contained invalid characters: [client 93.123.109.222:36478] AH00127: Cannot map GET /https://'+location.hostname+': HTTP/1.1 to file
[Fri Oct 03 09:00:36.233134 2025] [php7:error] [pid 6980:tid 888] [client 209.38.141.123:42646] script 'C:/wamp64/www/get.php' not found or unable to stat 'uname' is not recognized as an internal or external command, operable program or batch file.
[Fri Oct 03 17:31:13.890521 2025] [cgi:error] [pid 6980:tid 816] [client 45.88.186.85:46980] AH02811: script not found or unable to stat: C:/wamp64/bin/apache/apache2.4.41/cgi-bin/luci
[Fri Oct 03 17:31:16.045787 2025] [php7:error] [pid 6980:tid 944] [client 45.88.186.85:47038] script 'C:/wamp64/www/diagnostic.php' not found or unable to stat
[Fri Oct 03 21:24:34.445793 2025] [php7:error] [pid 6980:tid 944] [client 198.235.24.182:58270] script 'C:/wamp64/www/phpinfo.php' not found or unable to stat
[Sat Oct 04 05:39:35.112540 2025] [php7:error] [pid 6980:tid 904] [client 147.182.206.150:58016] script 'C:/wamp64/www/get.php' not found or unable to stat
[Sat Oct 04 07:47:54.170918 2025] [php7:error] [pid 6980:tid 944] [client 24.199.86.234:34774] script 'C:/wamp64/www/get.php' not found or unable to stat
[Sat Oct 04 14:12:08.765691 2025] [cgi:error] [pid 6980:tid 944] [client 45.88.186.85:40512] AH02811: script not found or unable to stat: C:/wamp64/bin/apache/apache2.4.41/cgi-bin/luci
[Sat Oct 04 14:12:11.030603 2025] [php7:error] [pid 6980:tid 936] [client 45.88.186.85:40574] script 'C:/wamp64/www/diagnostic.php' not found or unable to stat
[Sat Oct 04 15:29:06.047091 2025] [php7:error] [pid 6980:tid 896] [client 164.90.184.218:56266] script 'C:/wamp64/www/get.php' not found or unable to stat
[Sun Oct 05 01:23:05.201994 2025] [php7:error] [pid 6980:tid 880] [client 64.23.181.42:49810] script 'C:/wamp64/www/get.php' not found or unable to stat
[Sun Oct 05 11:49:13.451774 2025] [cgi:error] [pid 6980:tid 924] [client 45.88.186.85:43658] AH02811: script not found or unable to stat: C:/wamp64/bin/apache/apache2.4.41/cgi-bin/luci
[Sun Oct 05 11:49:15.719057 2025] [php7:error] [pid 6980:tid 888] [client 45.88.186.85:34746] script 'C:/wamp64/www/diagnostic.php' not found or unable to stat
[Sun Oct 05 13:21:39.484732 2025] [cgi:error] [pid 6980:tid 816] [client 45.88.186.85:60956] AH02811: script not found or unable to stat: C:/wamp64/bin/apache/apache2.4.41/cgi-bin/luci
[Sun Oct 05 13:21:41.795776 2025] [php7:error] [pid 6980:tid 936] [client 45.88.186.85:32786] script 'C:/wamp64/www/diagnostic.php' not found or unable to stat
[Sun Oct 05 17:35:03.498503 2025] [authz_core:error] [pid 6980:tid 864] [client 114.119.154.181:40005] AH01630: client denied by server configuration: C:/wamp64/apps/adminer4.7.5/, referer: http://210.212.226.241:8080/index.php
[Sun Oct 05 21:12:39.875991 2025] [php7:error] [pid 6980:tid 896] [client 159.65.22.206:50310] script 'C:/wamp64/www/get.php' not found or unable to stat
[Mon Oct 06 07:29:20.844068 2025] [authz_core:error] [pid 6980:tid 936] [client 114.119.134.51:52349] AH01630: client denied by server configuration: C:/wamp64/apps/phpsysinfo3.3.1/, referer: http://210.212.226.241:8080/index.php
[Mon Oct 06 17:40:47.311973 2025] [authz_core:error] [pid 6980:tid 936] [client 52.167.144.225:14473] AH01630: client denied by server configuration: C:/wamp64/apps/phpmyadmin4.9.2/
[Mon Oct 06 19:00:12.827789 2025] [php7:error] [pid 6980:tid 896] [client 162.243.211.159:34794] script 'C:/wamp64/www/get.php' not found or unable to stat
[Tue Oct 07 05:02:00.275384 2025] [php7:error] [pid 6980:tid 1008] [client 52.167.144.211:58113] script 'C:/wamp64/www/result.php' not found or unable to stat
[Tue Oct 07 11:29:00.687027 2025] [authz_core:error] [pid 6980:tid 924] [client 40.77.167.28:7561] AH01630: client denied by server configuration: C:/wamp64/apps/phpsysinfo3.3.1/
[Tue Oct 07 17:07:19.142523 2025] [php7:error] [pid 6980:tid 924] [client 167.99.74.115:39662] script 'C:/wamp64/www/get.php' not found or unable to stat
